CRAN Package Check Results for Package ldbod

Last updated on 2022-01-25 11:51:13 CET.

Flavor Version Tinstall Tcheck Ttotal Status Flags
r-devel-linux-x86_64-debian-clang 0.1.2 3.05 38.45 41.50 NOTE
r-devel-linux-x86_64-debian-gcc 0.1.2 2.57 30.35 32.92 NOTE
r-devel-linux-x86_64-fedora-clang 0.1.2 50.92 NOTE
r-devel-linux-x86_64-fedora-gcc 0.1.2 39.98 NOTE
r-devel-windows-x86_64-new-UL 0.1.2 11.00 53.00 64.00 NOTE
r-devel-windows-x86_64-new-TK 0.1.2 NOTE
r-patched-linux-x86_64 0.1.2 3.00 37.49 40.49 NOTE
r-release-linux-x86_64 0.1.2 2.02 37.30 39.32 NOTE
r-release-macos-arm64 0.1.2 NOTE
r-release-macos-x86_64 0.1.2 NOTE
r-release-windows-ix86+x86_64 0.1.2 5.00 50.00 55.00 NOTE
r-oldrel-macos-x86_64 0.1.2 OK
r-oldrel-windows-ix86+x86_64 0.1.2 6.00 45.00 51.00 OK

Check Details

Version: 0.1.2
Check: LazyData
Result: NOTE
     'LazyData' is specified without a 'data' directory
Flavors: r-devel-linux-x86_64-debian-clang, r-devel-linux-x86_64-debian-gcc, r-devel-linux-x86_64-fedora-clang, r-devel-linux-x86_64-fedora-gcc, r-devel-windows-x86_64-new-UL, r-devel-windows-x86_64-new-TK, r-patched-linux-x86_64, r-release-linux-x86_64, r-release-macos-arm64, r-release-macos-x86_64, r-release-windows-ix86+x86_64