CRAN Package Check Results for Package ldbounds

Last updated on 2015-05-23 08:47:04.

Flavor Version Tinstall Tcheck Ttotal Status Flags
r-devel-linux-x86_64-debian-clang 1.1-1 0.63 13.00 13.63 NOTE
r-devel-linux-x86_64-debian-gcc 1.1-1 0.62 12.80 13.41 NOTE
r-devel-linux-x86_64-fedora-clang 1.1-1 25.93 NOTE
r-devel-linux-x86_64-fedora-gcc 1.1-1 25.58 NOTE
r-devel-osx-x86_64-clang 1.1-1 26.68 NOTE
r-devel-windows-ix86+x86_64 1.1-1 3.00 19.00 22.00 OK
r-patched-linux-x86_64 1.1-1 0.68 12.34 13.02 NOTE
r-patched-solaris-sparc 1.1-1 154.60 NOTE
r-patched-solaris-x86 1.1-1 33.00 NOTE
r-release-linux-x86_64 1.1-1 0.64 12.43 13.07 NOTE
r-release-osx-x86_64-mavericks 1.1-1 OK
r-release-osx-x86_64-snowleopard 1.1-1 OK
r-release-windows-ix86+x86_64 1.1-1 2.00 19.00 21.00 OK
r-oldrel-windows-ix86+x86_64 1.1-1 3.00 33.00 36.00 OK

Check Details

Version: 1.1-1
Check: S3 generic/method consistency
Result: NOTE
    Found the following apparent S3 methods exported but not registered:
     plot.bounds plot.drift print.summary.bounds print.summary.drift
     summary.bounds summary.drift
    See section ‘Registering S3 methods’ in the ‘Writing R Extensions’
    manual.
Flavors: r-devel-linux-x86_64-debian-clang, r-devel-linux-x86_64-debian-gcc, r-devel-linux-x86_64-fedora-clang, r-devel-linux-x86_64-fedora-gcc, r-devel-osx-x86_64-clang, r-patched-linux-x86_64, r-patched-solaris-sparc, r-patched-solaris-x86, r-release-linux-x86_64