CRAN Package Check Results for Package ldbounds

Last updated on 2015-01-26 11:48:53.

Flavor Version Tinstall Tcheck Ttotal Status Flags
r-devel-linux-x86_64-debian-clang 1.1-1 0.65 12.68 13.33 OK
r-devel-linux-x86_64-debian-gcc 1.1-1 0.63 12.66 13.29 OK
r-devel-linux-x86_64-fedora-clang 1.1-1 29.78 NOTE
r-devel-linux-x86_64-fedora-gcc 1.1-1 28.13 NOTE
r-devel-osx-x86_64-clang 1.1-1 28.75 NOTE
r-devel-windows-ix86+x86_64 1.1-1 4.00 25.00 29.00 OK
r-patched-linux-x86_64 1.1-1 0.70 13.27 13.96 OK
r-patched-solaris-sparc 1.1-1 158.10 OK
r-patched-solaris-x86 1.1-1 38.70 OK
r-release-linux-ix86 1.1-1 0.98 19.47 20.44 OK
r-release-linux-x86_64 1.1-1 0.71 13.46 14.17 OK
r-release-osx-x86_64-mavericks 1.1-1 OK
r-release-osx-x86_64-snowleopard 1.1-1 OK
r-release-windows-ix86+x86_64 1.1-1 3.00 24.00 27.00 OK
r-oldrel-windows-ix86+x86_64 1.1-1 4.00 31.00 35.00 OK

Check Details

Version: 1.1-1
Check: S3 generic/method consistency
Result: NOTE
    Found the following apparent S3 methods exported but not registered:
     print.summary.bounds print.summary.drift summary.bounds summary.drift
     plot.bounds plot.drift
    See section ‘Registering S3 methods’ in the ‘Writing R Extensions’
    manual.
Flavors: r-devel-linux-x86_64-fedora-clang, r-devel-linux-x86_64-fedora-gcc, r-devel-osx-x86_64-clang