CRAN Package Check Results for Package ldbounds

Last updated on 2016-12-04 16:47:14.

Flavor Version Tinstall Tcheck Ttotal Status Flags
r-devel-linux-x86_64-debian-clang 1.1-1 0.92 17.76 18.68 NOTE
r-devel-linux-x86_64-debian-gcc 1.1-1 0.88 17.39 18.27 NOTE
r-devel-linux-x86_64-fedora-clang 1.1-1 29.56 NOTE --no-stop-on-test-error
r-devel-linux-x86_64-fedora-gcc 1.1-1 27.60 NOTE
r-devel-macos-x86_64-clang 1.1-1 22.82 NOTE
r-devel-windows-ix86+x86_64 1.1-1 3.00 48.00 51.00 NOTE
r-patched-linux-x86_64 1.1-1 0.63 13.20 13.83 NOTE
r-patched-solaris-sparc 1.1-1 143.00 NOTE
r-patched-solaris-x86 1.1-1 30.30 NOTE
r-release-linux-x86_64 1.1-1 0.72 12.74 13.45 NOTE
r-release-osx-x86_64-mavericks 1.1-1 NOTE
r-release-windows-ix86+x86_64 1.1-1 5.00 31.00 36.00 NOTE
r-oldrel-windows-ix86+x86_64 1.1-1 3.00 29.00 32.00 OK

Check Details

Version: 1.1-1
Check: S3 generic/method consistency
Result: NOTE
    Found the following apparent S3 methods exported but not registered:
     plot.bounds plot.drift print.summary.bounds print.summary.drift
     summary.bounds summary.drift
    See section ‘Registering S3 methods’ in the ‘Writing R Extensions’
    manual.
Flavors: r-devel-linux-x86_64-debian-clang, r-devel-linux-x86_64-debian-gcc, r-devel-linux-x86_64-fedora-gcc, r-devel-macos-x86_64-clang, r-patched-linux-x86_64, r-patched-solaris-sparc, r-patched-solaris-x86, r-release-linux-x86_64

Version: 1.1-1
Check: R code for possible problems
Result: NOTE
    adrift: no visible global function definition for ‘qnorm’
    alphas: no visible global function definition for ‘pnorm’
    alphas: no visible global function definition for ‘qnorm’
    ci: no visible global function definition for ‘qnorm’
    cprob: no visible global function definition for ‘pnorm’
    fcab: no visible global function definition for ‘dnorm’
    glan: no visible global function definition for ‘pnorm’
    glan: no visible global function definition for ‘dnorm’
    landem: no visible global function definition for ‘pnorm’
    landem: no visible global function definition for ‘qnorm’
    landem: no visible global function definition for ‘dnorm’
    qp: no visible global function definition for ‘pnorm’
    Undefined global functions or variables:
     dnorm pnorm qnorm
    Consider adding
     importFrom("stats", "dnorm", "pnorm", "qnorm")
    to your NAMESPACE file.
Flavors: r-devel-linux-x86_64-debian-clang, r-devel-linux-x86_64-debian-gcc, r-devel-linux-x86_64-fedora-gcc, r-devel-macos-x86_64-clang, r-devel-windows-ix86+x86_64, r-patched-linux-x86_64, r-patched-solaris-sparc, r-patched-solaris-x86, r-release-linux-x86_64, r-release-osx-x86_64-mavericks, r-release-windows-ix86+x86_64

Version: 1.1-1
Flags: --no-stop-on-test-error
Check: S3 generic/method consistency
Result: NOTE
    Found the following apparent S3 methods exported but not registered:
     plot.bounds plot.drift print.summary.bounds print.summary.drift
     summary.bounds summary.drift
    See section ‘Registering S3 methods’ in the ‘Writing R Extensions’
    manual.
Flavor: r-devel-linux-x86_64-fedora-clang

Version: 1.1-1
Flags: --no-stop-on-test-error
Check: R code for possible problems
Result: NOTE
    adrift: no visible global function definition for ‘qnorm’
    alphas: no visible global function definition for ‘pnorm’
    alphas: no visible global function definition for ‘qnorm’
    ci: no visible global function definition for ‘qnorm’
    cprob: no visible global function definition for ‘pnorm’
    fcab: no visible global function definition for ‘dnorm’
    glan: no visible global function definition for ‘pnorm’
    glan: no visible global function definition for ‘dnorm’
    landem: no visible global function definition for ‘pnorm’
    landem: no visible global function definition for ‘qnorm’
    landem: no visible global function definition for ‘dnorm’
    qp: no visible global function definition for ‘pnorm’
    Undefined global functions or variables:
     dnorm pnorm qnorm
    Consider adding
     importFrom("stats", "dnorm", "pnorm", "qnorm")
    to your NAMESPACE file.
Flavor: r-devel-linux-x86_64-fedora-clang