CRAN Package Check Results for Package ldbounds

Last updated on 2015-03-03 22:48:21.

Flavor Version Tinstall Tcheck Ttotal Status Flags
r-devel-linux-x86_64-debian-clang 1.1-1 0.64 12.78 13.42 NOTE
r-devel-linux-x86_64-debian-gcc 1.1-1 0.61 12.56 13.16 NOTE
r-devel-linux-x86_64-fedora-clang 1.1-1 26.13 NOTE
r-devel-linux-x86_64-fedora-gcc 1.1-1 24.30 NOTE
r-devel-osx-x86_64-clang 1.1-1 26.70 NOTE
r-devel-windows-ix86+x86_64 1.1-1 3.00 22.00 25.00 OK
r-patched-linux-x86_64 1.1-1 0.66 13.80 14.46 OK
r-patched-solaris-sparc 1.1-1 174.30 OK
r-patched-solaris-x86 1.1-1 39.90 OK
r-release-linux-ix86 1.1-1 1.25 21.17 22.42 OK
r-release-linux-x86_64 1.1-1 0.73 13.51 14.24 OK
r-release-osx-x86_64-mavericks 1.1-1 OK
r-release-osx-x86_64-snowleopard 1.1-1 OK
r-release-windows-ix86+x86_64 1.1-1 5.00 22.00 27.00 OK
r-oldrel-windows-ix86+x86_64 1.1-1 3.00 23.00 26.00 OK

Check Details

Version: 1.1-1
Check: S3 generic/method consistency
Result: NOTE
    Found the following apparent S3 methods exported but not registered:
     plot.bounds plot.drift print.summary.bounds print.summary.drift
     summary.bounds summary.drift
    See section ‘Registering S3 methods’ in the ‘Writing R Extensions’
    manual.
Flavors: r-devel-linux-x86_64-debian-clang, r-devel-linux-x86_64-debian-gcc, r-devel-linux-x86_64-fedora-clang, r-devel-linux-x86_64-fedora-gcc, r-devel-osx-x86_64-clang