CRAN Package Check Results for Package ldbounds

Last updated on 2015-07-29 21:46:52.

Flavor Version Tinstall Tcheck Ttotal Status Flags
r-devel-linux-x86_64-debian-clang 1.1-1 0.64 12.30 12.94 NOTE
r-devel-linux-x86_64-debian-gcc 1.1-1 0.58 12.50 13.08 NOTE
r-devel-linux-x86_64-fedora-clang 1.1-1 25.46 NOTE
r-devel-linux-x86_64-fedora-gcc 1.1-1 24.27 NOTE
r-devel-osx-x86_64-clang 1.1-1 21.68 NOTE
r-devel-windows-ix86+x86_64 1.1-1 4.00 29.00 33.00 NOTE
r-patched-linux-x86_64 1.1-1 0.68 12.32 13.00 NOTE
r-patched-solaris-sparc 1.1-1 158.10 NOTE
r-patched-solaris-x86 1.1-1 33.00 NOTE
r-release-linux-x86_64 1.1-1 0.60 12.99 13.59 NOTE
r-release-osx-x86_64-mavericks 1.1-1 OK
r-release-windows-ix86+x86_64 1.1-1 5.00 29.00 34.00 OK
r-oldrel-windows-ix86+x86_64 1.1-1 5.00 24.00 29.00 OK

Check Details

Version: 1.1-1
Check: S3 generic/method consistency
Result: NOTE
    Found the following apparent S3 methods exported but not registered:
     plot.bounds plot.drift print.summary.bounds print.summary.drift
     summary.bounds summary.drift
    See section ‘Registering S3 methods’ in the ‘Writing R Extensions’
    manual.
Flavors: r-devel-linux-x86_64-debian-clang, r-devel-linux-x86_64-debian-gcc, r-devel-linux-x86_64-fedora-clang, r-devel-linux-x86_64-fedora-gcc, r-devel-osx-x86_64-clang, r-patched-linux-x86_64, r-patched-solaris-sparc, r-patched-solaris-x86, r-release-linux-x86_64

Version: 1.1-1
Check: R code for possible problems
Result: NOTE
    adrift: no visible global function definition for ‘qnorm’
    alphas: no visible global function definition for ‘pnorm’
    alphas: no visible global function definition for ‘qnorm’
    ci: no visible global function definition for ‘qnorm’
    cprob: no visible global function definition for ‘pnorm’
    fcab: no visible global function definition for ‘dnorm’
    glan: no visible global function definition for ‘pnorm’
    glan: no visible global function definition for ‘dnorm’
    landem: no visible global function definition for ‘pnorm’
    landem: no visible global function definition for ‘qnorm’
    landem: no visible global function definition for ‘dnorm’
    qp: no visible global function definition for ‘pnorm’
    Undefined global functions or variables:
     dnorm pnorm qnorm
    Consider adding
     importFrom("stats", "dnorm", "pnorm", "qnorm")
    to your NAMESPACE.
Flavors: r-devel-linux-x86_64-debian-clang, r-devel-linux-x86_64-debian-gcc, r-devel-linux-x86_64-fedora-clang, r-devel-linux-x86_64-fedora-gcc, r-devel-windows-ix86+x86_64