CRAN Package Check Results for Package ldbounds

Last updated on 2015-08-31 12:47:46.

Flavor Version Tinstall Tcheck Ttotal Status Flags
r-devel-linux-x86_64-debian-clang 1.1-1 0.56 12.60 13.17 NOTE
r-devel-linux-x86_64-debian-gcc 1.1-1 0.56 11.97 12.52 NOTE
r-devel-linux-x86_64-fedora-clang 1.1-1 25.72 NOTE
r-devel-linux-x86_64-fedora-gcc 1.1-1 23.76 NOTE
r-devel-osx-x86_64-clang 1.1-1 22.55 NOTE
r-devel-windows-ix86+x86_64 1.1-1 4.00 30.00 34.00 NOTE
r-patched-linux-x86_64 1.1-1 0.77 12.48 13.24 NOTE
r-patched-solaris-sparc 1.1-1 158.10 NOTE
r-patched-solaris-x86 1.1-1 33.90 NOTE
r-release-linux-x86_64 1.1-1 0.68 12.55 13.23 NOTE
r-release-osx-x86_64-mavericks 1.1-1 OK
r-release-windows-ix86+x86_64 1.1-1 4.00 22.00 26.00 OK
r-oldrel-windows-ix86+x86_64 1.1-1 4.00 35.00 39.00 OK

Check Details

Version: 1.1-1
Check: S3 generic/method consistency
Result: NOTE
    Found the following apparent S3 methods exported but not registered:
     plot.bounds plot.drift print.summary.bounds print.summary.drift
     summary.bounds summary.drift
    See section ‘Registering S3 methods’ in the ‘Writing R Extensions’
    manual.
Flavors: r-devel-linux-x86_64-debian-clang, r-devel-linux-x86_64-debian-gcc, r-devel-linux-x86_64-fedora-clang, r-devel-linux-x86_64-fedora-gcc, r-devel-osx-x86_64-clang, r-patched-linux-x86_64, r-patched-solaris-sparc, r-patched-solaris-x86, r-release-linux-x86_64

Version: 1.1-1
Check: R code for possible problems
Result: NOTE
    adrift: no visible global function definition for ‘qnorm’
    alphas: no visible global function definition for ‘pnorm’
    alphas: no visible global function definition for ‘qnorm’
    ci: no visible global function definition for ‘qnorm’
    cprob: no visible global function definition for ‘pnorm’
    fcab: no visible global function definition for ‘dnorm’
    glan: no visible global function definition for ‘pnorm’
    glan: no visible global function definition for ‘dnorm’
    landem: no visible global function definition for ‘pnorm’
    landem: no visible global function definition for ‘qnorm’
    landem: no visible global function definition for ‘dnorm’
    qp: no visible global function definition for ‘pnorm’
    Undefined global functions or variables:
     dnorm pnorm qnorm
    Consider adding
     importFrom("stats", "dnorm", "pnorm", "qnorm")
    to your NAMESPACE.
Flavors: r-devel-linux-x86_64-debian-clang, r-devel-linux-x86_64-debian-gcc, r-devel-linux-x86_64-fedora-clang, r-devel-linux-x86_64-fedora-gcc, r-devel-windows-ix86+x86_64