CRAN Package Check Results for Package ldbounds

Last updated on 2015-04-18 03:50:18.

Flavor Version Tinstall Tcheck Ttotal Status Flags
r-devel-linux-x86_64-debian-clang 1.1-1 0.63 12.72 13.35 NOTE
r-devel-linux-x86_64-debian-gcc 1.1-1 0.62 12.94 13.56 NOTE
r-devel-linux-x86_64-fedora-clang 1.1-1 26.08 NOTE
r-devel-linux-x86_64-fedora-gcc 1.1-1 23.95 NOTE
r-devel-osx-x86_64-clang 1.1-1 26.39 NOTE
r-prerel-windows-ix86+x86_64 1.1-1 3.00 21.00 24.00 OK
r-prerel-linux-x86_64 1.1-1 0.61 13.57 14.18 NOTE
r-prerel-solaris-sparc 1.1-1 168.50 OK
r-prerel-solaris-x86 1.1-1 34.10 OK
r-release-linux-x86_64 1.1-1 0.66 13.95 14.62 OK
r-release-osx-x86_64-mavericks 1.1-1 OK
r-release-osx-x86_64-snowleopard 1.1-1 OK
r-release-windows-ix86+x86_64 1.1-1 3.00 21.00 24.00 OK
r-oldrel-windows-ix86+x86_64 1.1-1 3.00 27.00 30.00 OK

Check Details

Version: 1.1-1
Check: S3 generic/method consistency
Result: NOTE
    Found the following apparent S3 methods exported but not registered:
     plot.bounds plot.drift print.summary.bounds print.summary.drift
     summary.bounds summary.drift
    See section ‘Registering S3 methods’ in the ‘Writing R Extensions’
    manual.
Flavors: r-devel-linux-x86_64-debian-clang, r-devel-linux-x86_64-debian-gcc, r-devel-linux-x86_64-fedora-clang, r-devel-linux-x86_64-fedora-gcc, r-devel-osx-x86_64-clang, r-prerel-linux-x86_64