CRAN Package Check Results for Package ldlasso

Last updated on 2018-07-16 06:46:59 CEST.

Flavor Version Tinstall Tcheck Ttotal Status Flags
r-release-osx-x86_64 3.2 NOTE
r-oldrel-osx-x86_64 3.2 NOTE

Check Details

Version: 3.2
Check: DESCRIPTION meta-information
Result: NOTE
    Malformed Description field: should contain one or more complete sentences.
Flavors: r-release-osx-x86_64, r-oldrel-osx-x86_64

Version: 3.2
Check: R code for possible problems
Result: NOTE
    get.cp: no visible global function definition for ‘cov’
    heatmap: no visible global function definition for ‘image’
    heatmap: no visible global function definition for ‘grey’
    heatmap: no visible global function definition for ‘abline’
    heatmap: no visible global function definition for ‘axis’
    heatmap: no visible global function definition for ‘box’
    ld_lasso: no visible global function definition for ‘cor’
    ld_lasso_method: no visible global function definition for ‘pchisq’
    plot_beta: no visible global function definition for ‘plot’
    plot_beta: no visible global function definition for ‘lines’
    plot_ldlasso: no visible global function definition for ‘par’
    plot_ldlasso: no visible global function definition for ‘plot’
    plot_ldlasso: no visible global function definition for ‘lines’
    plot_ldlasso: no visible global function definition for ‘points’
    trace.plot: no visible global function definition for ‘plot’
    trace.plot: no visible global function definition for ‘lines’
    trace.plot: no visible global function definition for ‘points’
    Undefined global functions or variables:
     abline axis box cor cov grey image lines par pchisq plot points
    Consider adding
     importFrom("grDevices", "grey")
     importFrom("graphics", "abline", "axis", "box", "image", "lines",
     "par", "plot", "points")
     importFrom("stats", "cor", "cov", "pchisq")
    to your NAMESPACE file.
Flavors: r-release-osx-x86_64, r-oldrel-osx-x86_64