CRAN Package Check Results for Package ldlasso

Last updated on 2014-04-23 20:47:14.

Flavor Version Tinstall Tcheck Ttotal Status Flags
r-devel-linux-x86_64-debian-clang 3.2 1.80 22.76 24.56 OK
r-devel-linux-x86_64-debian-gcc 3.2 1.81 22.95 24.76 OK
r-devel-linux-x86_64-fedora-clang 3.2 50.46 NOTE
r-devel-linux-x86_64-fedora-gcc 3.2 47.61 NOTE
r-devel-osx-x86_64-clang 3.2 42.93 OK
r-devel-osx-x86_64-gcc 3.2 OK
r-devel-windows-ix86+x86_64 3.2 5.00 33.00 38.00 OK
r-patched-linux-x86_64 3.2 1.77 22.74 24.51 OK
r-patched-solaris-sparc 3.2 288.50 OK
r-patched-solaris-x86 3.2 62.40 OK
r-release-linux-ix86 3.2 4.00 41.00 45.00 OK
r-release-linux-x86_64 3.2 1.82 22.58 24.40 OK
r-release-osx-x86_64-mavericks 3.2 WARN
r-release-osx-x86_64-snowleopard 3.2 OK
r-release-windows-ix86+x86_64 3.2 6.00 36.00 42.00 OK
r-oldrel-windows-ix86+x86_64 3.2 6.00 35.00 41.00 OK

Check Details

Version: 3.2
Check: top-level files
Result: NOTE
    Non-standard file/directory found at top level:
     ‘doc’
Flavors: r-devel-linux-x86_64-fedora-clang, r-devel-linux-x86_64-fedora-gcc

Version: 3.2
Check: Rd line widths
Result: NOTE
    Rd file 'get.cp.Rd':
     \usage lines wider than 90 characters:
     get.cp(s2low, s2high, s2.vec.length, block.obj, Xa = NA, Y = NA, s1, r2.cut, block.cood, B = 20)
    
    Rd file 'ld_lasso_method.Rd':
     \usage lines wider than 90 characters:
     maxcol = 5e3, p.frac = 0.10, B = 5, s2low = 5e-3, s2high = 5e1, s2.vec.length = 4, null = FALSE)
    
    Rd file 'p0tos1.Rd':
     \usage lines wider than 90 characters:
     p0tos1(p0, block.obj, Xa = NA, Y = NA, r2.cut = 0.01, s1high, s1low, max.iter = 100, tol = 0.1)
    
    These lines will be truncated in the PDF manual.
Flavors: r-devel-linux-x86_64-fedora-clang, r-devel-linux-x86_64-fedora-gcc

Version: 3.2
Check: PDF version of manual
Result: WARNING
    LaTeX errors when creating PDF version.
    This typically indicates Rd problems.
    LaTeX errors found:
    ! LaTeX Error: File `upquote.sty' not found.
    
    Type X to quit or <RETURN> to proceed,
    or enter new name. (Default extension: sty)
    
    84dbada/Rd2.tex:8: ==> Fatal error occurred, no output PDF file produced!
Flavor: r-release-osx-x86_64-mavericks