CRAN Package Check Results for Package ldr

Last updated on 2014-04-19 05:47:46.

Flavor Version Tinstall Tcheck Ttotal Status Flags
r-devel-linux-x86_64-debian-clang 1.3 3.86 52.63 56.48 NOTE
r-devel-linux-x86_64-debian-gcc 1.3 3.74 53.50 57.25 NOTE
r-devel-linux-x86_64-fedora-clang 1.3 123.40 NOTE
r-devel-linux-x86_64-fedora-gcc 1.3 122.73 NOTE
r-devel-macosx-x86_64-clang 1.3 91.53 NOTE
r-devel-macosx-x86_64-gcc 1.3 NOTE
r-devel-windows-ix86+x86_64 1.3 8.00 75.00 83.00 NOTE
r-patched-linux-x86_64 1.3 3.73 54.66 58.38 NOTE
r-patched-solaris-sparc 1.3 672.10 NOTE
r-patched-solaris-x86 1.3 152.30 NOTE
r-release-linux-ix86 1.3 9.00 81.00 90.00 NOTE
r-release-linux-x86_64 1.3 3.75 53.14 56.89 NOTE
r-release-macosx-x86_64 1.3 OK
r-release-windows-ix86+x86_64 1.3 9.00 73.00 82.00 NOTE
r-oldrel-windows-ix86+x86_64 1.3 10.00 76.00 86.00 NOTE

Check Details

Version: 1.3
Check: dependencies in R code
Result: NOTE
    Packages in Depends field not imported from:
     ‘GrassmannOptim’ ‘Matrix’
     These packages need to be imported from (in the NAMESPACE file)
     for when this namespace is loaded but not attached.
    See the information on DESCRIPTION files in the chapter ‘Creating R
    packages’ of the ‘Writing R Extensions’ manual.
Flavors: r-devel-linux-x86_64-debian-clang, r-devel-linux-x86_64-debian-gcc, r-devel-linux-x86_64-fedora-clang, r-devel-linux-x86_64-fedora-gcc, r-devel-macosx-x86_64-clang, r-devel-macosx-x86_64-gcc, r-devel-windows-ix86+x86_64, r-patched-linux-x86_64, r-patched-solaris-sparc, r-patched-solaris-x86, r-release-linux-ix86, r-release-linux-x86_64, r-release-windows-ix86+x86_64, r-oldrel-windows-ix86+x86_64