CRAN Package Check Results for Package ldr

Last updated on 2017-05-26 14:46:36.

Flavor Version Tinstall Tcheck Ttotal Status Flags
r-devel-linux-x86_64-debian-clang 1.3.3 2.40 47.05 49.45 NOTE
r-devel-linux-x86_64-debian-gcc 1.3.3 2.64 46.43 49.06 NOTE
r-devel-linux-x86_64-fedora-clang 1.3.3 106.23 NOTE
r-devel-linux-x86_64-fedora-gcc 1.3.3 103.40 NOTE
r-devel-windows-ix86+x86_64 1.3.3 7.00 112.00 119.00 NOTE
r-patched-linux-x86_64 1.3.3 2.86 47.12 49.98 NOTE
r-patched-solaris-sparc 1.3.3 626.00 NOTE
r-patched-solaris-x86 1.3.3 131.60 NOTE
r-release-linux-x86_64 1.3.3 2.47 47.19 49.66 NOTE
r-release-windows-ix86+x86_64 1.3.3 7.00 84.00 91.00 NOTE
r-release-osx-x86_64 1.3.3 NOTE
r-oldrel-windows-ix86+x86_64 1.3.3 10.00 78.00 88.00 NOTE
r-oldrel-osx-x86_64 1.3.3 NOTE

Check Details

Version: 1.3.3
Check: R code for possible problems
Result: NOTE
    core: no visible global function definition for ‘cov’
    lad: no visible global function definition for ‘cov’
    lad : InitialMatrix: no visible global function definition for ‘cov’
    pfc : onepfc: no visible global function definition for ‘as.formula’
    pfc : onepfc: no visible global function definition for ‘lm’
    pfc: no visible global function definition for ‘cov’
    pfc : aniso: no visible global function definition for ‘cov’
    plot.lad: no visible global function definition for ‘plot’
    plot.lad: no visible global function definition for ‘lines’
    plot.lad: no visible global function definition for ‘lowess’
    plot.lad: no visible global function definition for ‘title’
    plot.lad: no visible global function definition for ‘par’
    plot.lad: no visible global function definition for ‘legend’
    plot.pfc: no visible global function definition for ‘plot’
    plot.pfc: no visible global function definition for ‘lines’
    plot.pfc: no visible global function definition for ‘lowess’
    plot.pfc: no visible global function definition for ‘title’
    plot.pfc: no visible global function definition for ‘par’
    plot.pfc: no visible global function definition for ‘legend’
    screen.pfc : unipfc: no visible global function definition for
     ‘as.formula’
    screen.pfc : unipfc: no visible global function definition for ‘lm’
    screen.pfc : unipfc: no visible global function definition for ‘pf’
    structure.test: no visible global function definition for ‘pchisq’
    summary.core : lrtest: no visible global function definition for
     ‘pchisq’
    summary.lad : lrtest: no visible global function definition for
     ‘pchisq’
    summary.pfc : lrtest: no visible global function definition for
     ‘pchisq’
    summary.pfc : r2: no visible global function definition for ‘lm’
    Undefined global functions or variables:
     as.formula cov legend lines lm lowess par pchisq pf plot title
    Consider adding
     importFrom("graphics", "legend", "lines", "par", "plot", "title")
     importFrom("stats", "as.formula", "cov", "lm", "lowess", "pchisq",
     "pf")
    to your NAMESPACE file.
Flavors: r-devel-linux-x86_64-debian-clang, r-devel-linux-x86_64-debian-gcc, r-devel-linux-x86_64-fedora-clang, r-devel-linux-x86_64-fedora-gcc, r-devel-windows-ix86+x86_64, r-patched-linux-x86_64, r-patched-solaris-sparc, r-patched-solaris-x86, r-release-linux-x86_64, r-release-windows-ix86+x86_64, r-release-osx-x86_64, r-oldrel-windows-ix86+x86_64, r-oldrel-osx-x86_64