CRAN Package Check Results for Package ldr

Last updated on 2015-08-01 14:50:58.

Flavor Version Tinstall Tcheck Ttotal Status Flags
r-devel-linux-x86_64-debian-clang 1.3.3 3.08 46.64 49.72 NOTE
r-devel-linux-x86_64-debian-gcc 1.3.3 3.09 47.21 50.30 NOTE
r-devel-linux-x86_64-fedora-clang 1.3.3 101.07 NOTE
r-devel-linux-x86_64-fedora-gcc 1.3.3 95.71 NOTE
r-devel-osx-x86_64-clang 1.3.3 82.61 OK
r-devel-windows-ix86+x86_64 1.3.3 11.00 103.00 114.00 NOTE
r-patched-linux-x86_64 1.3.3 2.86 45.46 48.33 OK
r-patched-solaris-sparc 1.3.3 609.20 OK
r-patched-solaris-x86 1.3.3 124.40 OK
r-release-linux-x86_64 1.3.3 2.70 45.60 48.30 OK
r-release-osx-x86_64-mavericks 1.3.3 OK
r-release-windows-ix86+x86_64 1.3.3 11.00 89.00 100.00 OK
r-oldrel-windows-ix86+x86_64 1.3.3 14.00 88.00 102.00 OK

Check Details

Version: 1.3.3
Check: R code for possible problems
Result: NOTE
    core: no visible global function definition for ‘cov’
    lad: no visible global function definition for ‘cov’
    lad : InitialMatrix: no visible global function definition for ‘cov’
    pfc : onepfc: no visible global function definition for ‘as.formula’
    pfc : onepfc: no visible global function definition for ‘lm’
    pfc: no visible global function definition for ‘cov’
    pfc : aniso: no visible global function definition for ‘cov’
    plot.lad: no visible global function definition for ‘plot’
    plot.lad: no visible global function definition for ‘lines’
    plot.lad: no visible global function definition for ‘lowess’
    plot.lad: no visible global function definition for ‘title’
    plot.lad: no visible global function definition for ‘par’
    plot.lad: no visible global function definition for ‘legend’
    plot.pfc: no visible global function definition for ‘plot’
    plot.pfc: no visible global function definition for ‘lines’
    plot.pfc: no visible global function definition for ‘lowess’
    plot.pfc: no visible global function definition for ‘title’
    plot.pfc: no visible global function definition for ‘par’
    plot.pfc: no visible global function definition for ‘legend’
    screen.pfc : unipfc: no visible global function definition for
     ‘as.formula’
    screen.pfc : unipfc: no visible global function definition for ‘lm’
    screen.pfc : unipfc: no visible global function definition for ‘pf’
    structure.test: no visible global function definition for ‘pchisq’
    summary.core : lrtest: no visible global function definition for
     ‘pchisq’
    summary.lad : lrtest: no visible global function definition for
     ‘pchisq’
    summary.pfc : lrtest: no visible global function definition for
     ‘pchisq’
    summary.pfc : r2: no visible global function definition for ‘lm’
    Undefined global functions or variables:
     as.formula cov legend lines lm lowess par pchisq pf plot title
    Consider adding
     importFrom("graphics", "legend", "lines", "par", "plot", "title")
     importFrom("stats", "as.formula", "cov", "lm", "lowess", "pchisq",
     "pf")
    to your NAMESPACE.
Flavors: r-devel-linux-x86_64-debian-clang, r-devel-linux-x86_64-debian-gcc, r-devel-linux-x86_64-fedora-clang, r-devel-linux-x86_64-fedora-gcc, r-devel-windows-ix86+x86_64