CRAN Package Check Results for Package ldr

Last updated on 2015-09-01 21:47:05.

Flavor Version Tinstall Tcheck Ttotal Status Flags
r-devel-linux-x86_64-debian-clang 1.3.3 2.72 46.81 49.53 NOTE
r-devel-linux-x86_64-debian-gcc 1.3.3 2.60 44.72 47.32 NOTE
r-devel-linux-x86_64-fedora-clang 1.3.3 99.50 NOTE
r-devel-linux-x86_64-fedora-gcc 1.3.3 91.68 NOTE
r-devel-osx-x86_64-clang 1.3.3 80.68 OK
r-devel-windows-ix86+x86_64 1.3.3 13.00 85.00 98.00 NOTE
r-patched-linux-x86_64 1.3.3 2.70 46.41 49.12 OK
r-patched-solaris-sparc 1.3.3 609.20 OK
r-patched-solaris-x86 1.3.3 129.90 OK
r-release-linux-x86_64 1.3.3 3.65 46.88 50.52 OK
r-release-osx-x86_64-mavericks 1.3.3 OK
r-release-windows-ix86+x86_64 1.3.3 11.00 88.00 99.00 OK
r-oldrel-windows-ix86+x86_64 1.3.3 13.00 98.00 111.00 OK

Check Details

Version: 1.3.3
Check: R code for possible problems
Result: NOTE
    core: no visible global function definition for ‘cov’
    lad: no visible global function definition for ‘cov’
    lad : InitialMatrix: no visible global function definition for ‘cov’
    pfc : onepfc: no visible global function definition for ‘as.formula’
    pfc : onepfc: no visible global function definition for ‘lm’
    pfc: no visible global function definition for ‘cov’
    pfc : aniso: no visible global function definition for ‘cov’
    plot.lad: no visible global function definition for ‘plot’
    plot.lad: no visible global function definition for ‘lines’
    plot.lad: no visible global function definition for ‘lowess’
    plot.lad: no visible global function definition for ‘title’
    plot.lad: no visible global function definition for ‘par’
    plot.lad: no visible global function definition for ‘legend’
    plot.pfc: no visible global function definition for ‘plot’
    plot.pfc: no visible global function definition for ‘lines’
    plot.pfc: no visible global function definition for ‘lowess’
    plot.pfc: no visible global function definition for ‘title’
    plot.pfc: no visible global function definition for ‘par’
    plot.pfc: no visible global function definition for ‘legend’
    screen.pfc : unipfc: no visible global function definition for
     ‘as.formula’
    screen.pfc : unipfc: no visible global function definition for ‘lm’
    screen.pfc : unipfc: no visible global function definition for ‘pf’
    structure.test: no visible global function definition for ‘pchisq’
    summary.core : lrtest: no visible global function definition for
     ‘pchisq’
    summary.lad : lrtest: no visible global function definition for
     ‘pchisq’
    summary.pfc : lrtest: no visible global function definition for
     ‘pchisq’
    summary.pfc : r2: no visible global function definition for ‘lm’
    Undefined global functions or variables:
     as.formula cov legend lines lm lowess par pchisq pf plot title
    Consider adding
     importFrom("graphics", "legend", "lines", "par", "plot", "title")
     importFrom("stats", "as.formula", "cov", "lm", "lowess", "pchisq",
     "pf")
    to your NAMESPACE.
Flavors: r-devel-linux-x86_64-debian-clang, r-devel-linux-x86_64-debian-gcc, r-devel-linux-x86_64-fedora-clang, r-devel-linux-x86_64-fedora-gcc, r-devel-windows-ix86+x86_64