CRAN Package Check Results for Package ldr

Last updated on 2016-08-27 23:48:13.

Flavor Version Tinstall Tcheck Ttotal Status Flags
r-devel-linux-x86_64-debian-clang 1.3.3 2.71 45.79 48.50 NOTE
r-devel-linux-x86_64-debian-gcc 1.3.3 2.84 45.05 47.89 NOTE
r-devel-linux-x86_64-fedora-clang 1.3.3 95.92 NOTE
r-devel-linux-x86_64-fedora-gcc 1.3.3 89.28 NOTE
r-devel-osx-x86_64-clang 1.3.3 75.15 NOTE
r-devel-windows-ix86+x86_64 1.3.3 10.00 79.00 89.00 NOTE
r-patched-linux-x86_64 1.3.3 2.72 44.87 47.60 NOTE
r-patched-solaris-sparc 1.3.3 559.40 NOTE
r-patched-solaris-x86 1.3.3 115.90 NOTE
r-release-linux-x86_64 1.3.3 2.64 46.12 48.76 NOTE
r-release-osx-x86_64-mavericks 1.3.3 NOTE
r-release-windows-ix86+x86_64 1.3.3 10.00 108.00 118.00 NOTE
r-oldrel-windows-ix86+x86_64 1.3.3 9.00 101.00 110.00 OK

Check Details

Version: 1.3.3
Check: R code for possible problems
Result: NOTE
    core: no visible global function definition for ‘cov’
    lad: no visible global function definition for ‘cov’
    lad : InitialMatrix: no visible global function definition for ‘cov’
    pfc : onepfc: no visible global function definition for ‘as.formula’
    pfc : onepfc: no visible global function definition for ‘lm’
    pfc: no visible global function definition for ‘cov’
    pfc : aniso: no visible global function definition for ‘cov’
    plot.lad: no visible global function definition for ‘plot’
    plot.lad: no visible global function definition for ‘lines’
    plot.lad: no visible global function definition for ‘lowess’
    plot.lad: no visible global function definition for ‘title’
    plot.lad: no visible global function definition for ‘par’
    plot.lad: no visible global function definition for ‘legend’
    plot.pfc: no visible global function definition for ‘plot’
    plot.pfc: no visible global function definition for ‘lines’
    plot.pfc: no visible global function definition for ‘lowess’
    plot.pfc: no visible global function definition for ‘title’
    plot.pfc: no visible global function definition for ‘par’
    plot.pfc: no visible global function definition for ‘legend’
    screen.pfc : unipfc: no visible global function definition for
     ‘as.formula’
    screen.pfc : unipfc: no visible global function definition for ‘lm’
    screen.pfc : unipfc: no visible global function definition for ‘pf’
    structure.test: no visible global function definition for ‘pchisq’
    summary.core : lrtest: no visible global function definition for
     ‘pchisq’
    summary.lad : lrtest: no visible global function definition for
     ‘pchisq’
    summary.pfc : lrtest: no visible global function definition for
     ‘pchisq’
    summary.pfc : r2: no visible global function definition for ‘lm’
    Undefined global functions or variables:
     as.formula cov legend lines lm lowess par pchisq pf plot title
    Consider adding
     importFrom("graphics", "legend", "lines", "par", "plot", "title")
     importFrom("stats", "as.formula", "cov", "lm", "lowess", "pchisq",
     "pf")
    to your NAMESPACE file.
Flavors: r-devel-linux-x86_64-debian-clang, r-devel-linux-x86_64-debian-gcc, r-devel-linux-x86_64-fedora-clang, r-devel-linux-x86_64-fedora-gcc, r-devel-osx-x86_64-clang, r-devel-windows-ix86+x86_64, r-patched-linux-x86_64, r-patched-solaris-sparc, r-patched-solaris-x86, r-release-linux-x86_64, r-release-osx-x86_64-mavericks, r-release-windows-ix86+x86_64