CRAN Package Check Results for Package ldr

Last updated on 2015-07-01 13:47:19.

Flavor Version Tinstall Tcheck Ttotal Status Flags
r-devel-linux-x86_64-debian-clang 1.3.3 2.71 49.64 52.35 NOTE
r-devel-linux-x86_64-debian-gcc 1.3.3 2.73 47.28 50.01 NOTE
r-devel-linux-x86_64-fedora-clang 1.3.3 100.24 NOTE
r-devel-linux-x86_64-fedora-gcc 1.3.3 91.70 NOTE
r-devel-osx-x86_64-clang 1.3.3 90.14 OK
r-devel-windows-ix86+x86_64 1.3.3 14.00 100.00 114.00 NOTE
r-patched-linux-x86_64 1.3.3 2.71 46.03 48.74 OK
r-patched-solaris-sparc 1.3.3 612.80 OK
r-patched-solaris-x86 1.3.3 127.90 OK
r-release-linux-x86_64 1.3.3 2.76 47.66 50.42 OK
r-release-osx-x86_64-mavericks 1.3.3 OK
r-release-windows-ix86+x86_64 1.3.3 8.00 69.00 77.00 OK
r-oldrel-windows-ix86+x86_64 1.3.3 10.00 123.00 133.00 OK

Check Details

Version: 1.3.3
Check: R code for possible problems
Result: NOTE
    core: no visible global function definition for ‘cov’
    lad: no visible global function definition for ‘cov’
    lad : InitialMatrix: no visible global function definition for ‘cov’
    pfc : onepfc: no visible global function definition for ‘as.formula’
    pfc : onepfc: no visible global function definition for ‘lm’
    pfc: no visible global function definition for ‘cov’
    pfc : aniso: no visible global function definition for ‘cov’
    plot.lad: no visible global function definition for ‘plot’
    plot.lad: no visible global function definition for ‘lines’
    plot.lad: no visible global function definition for ‘lowess’
    plot.lad: no visible global function definition for ‘title’
    plot.lad: no visible global function definition for ‘par’
    plot.lad: no visible global function definition for ‘legend’
    plot.pfc: no visible global function definition for ‘plot’
    plot.pfc: no visible global function definition for ‘lines’
    plot.pfc: no visible global function definition for ‘lowess’
    plot.pfc: no visible global function definition for ‘title’
    plot.pfc: no visible global function definition for ‘par’
    plot.pfc: no visible global function definition for ‘legend’
    screen.pfc : unipfc: no visible global function definition for
     ‘as.formula’
    screen.pfc : unipfc: no visible global function definition for ‘lm’
    screen.pfc : unipfc: no visible global function definition for ‘pf’
    structure.test: no visible global function definition for ‘pchisq’
    summary.core : lrtest: no visible global function definition for
     ‘pchisq’
    summary.lad : lrtest: no visible global function definition for
     ‘pchisq’
    summary.pfc : lrtest: no visible global function definition for
     ‘pchisq’
    summary.pfc : r2: no visible global function definition for ‘lm’
Flavors: r-devel-linux-x86_64-debian-clang, r-devel-linux-x86_64-debian-gcc, r-devel-linux-x86_64-fedora-clang, r-devel-linux-x86_64-fedora-gcc, r-devel-windows-ix86+x86_64