CRAN Package Check Results for Package leaflet.providers

Last updated on 2022-05-25 13:53:54 CEST.

Flavor Version Tinstall Tcheck Ttotal Status Flags
r-devel-linux-x86_64-debian-clang 1.9.0 1.86 32.00 33.86 NOTE
r-devel-linux-x86_64-debian-gcc 1.9.0 1.26 24.52 25.78 NOTE
r-devel-linux-x86_64-fedora-clang 1.9.0 42.11 NOTE
r-devel-linux-x86_64-fedora-gcc 1.9.0 39.49 NOTE
r-devel-windows-x86_64 1.9.0 49.00 54.00 103.00 NOTE
r-patched-linux-x86_64 1.9.0 1.59 31.29 32.88 NOTE
r-release-linux-x86_64 1.9.0 NOTE
r-release-macos-arm64 1.9.0 17.00 NOTE
r-release-macos-x86_64 1.9.0 21.00 NOTE
r-release-windows-x86_64 1.9.0 101.00 47.00 148.00 NOTE
r-oldrel-macos-arm64 1.9.0 20.00 NOTE
r-oldrel-macos-x86_64 1.9.0 26.00 NOTE
r-oldrel-windows-ix86+x86_64 1.9.0 6.00 41.00 47.00 NOTE

Check Details

Version: 1.9.0
Check: LazyData
Result: NOTE
     'LazyData' is specified without a 'data' directory
Flavors: r-devel-linux-x86_64-debian-clang, r-devel-linux-x86_64-debian-gcc, r-devel-linux-x86_64-fedora-clang, r-devel-linux-x86_64-fedora-gcc, r-devel-windows-x86_64, r-patched-linux-x86_64, r-release-linux-x86_64, r-release-macos-arm64, r-release-macos-x86_64, r-release-windows-x86_64, r-oldrel-macos-arm64, r-oldrel-macos-x86_64, r-oldrel-windows-ix86+x86_64