CRAN Package Check Results for Package leaftime

Last updated on 2023-02-07 11:52:11 CET.

Flavor Version Tinstall Tcheck Ttotal Status Flags
r-devel-linux-x86_64-debian-clang 0.2.0 3.19 29.77 32.96 NOTE
r-devel-linux-x86_64-debian-gcc 0.2.0 2.52 22.29 24.81 NOTE
r-devel-linux-x86_64-fedora-clang 0.2.0 40.93 NOTE
r-devel-linux-x86_64-fedora-gcc 0.2.0 39.04 NOTE
r-devel-windows-x86_64 0.2.0 11.00 55.00 66.00 NOTE
r-patched-linux-x86_64 0.2.0 3.09 27.95 31.04 NOTE
r-release-linux-x86_64 0.2.0 3.42 29.26 32.68 NOTE
r-release-macos-arm64 0.2.0 17.00 NOTE
r-release-macos-x86_64 0.2.0 31.00 NOTE
r-release-windows-x86_64 0.2.0 9.00 61.00 70.00 NOTE
r-oldrel-macos-arm64 0.2.0 21.00 NOTE
r-oldrel-macos-x86_64 0.2.0 26.00 NOTE
r-oldrel-windows-ix86+x86_64 0.2.0 10.00 58.00 68.00 NOTE

Check Details

Version: 0.2.0
Check: LazyData
Result: NOTE
     'LazyData' is specified without a 'data' directory
Flavors: r-devel-linux-x86_64-debian-clang, r-devel-linux-x86_64-debian-gcc, r-devel-linux-x86_64-fedora-clang, r-devel-linux-x86_64-fedora-gcc, r-devel-windows-x86_64, r-patched-linux-x86_64, r-release-linux-x86_64, r-release-macos-arm64, r-release-macos-x86_64, r-release-windows-x86_64, r-oldrel-macos-arm64, r-oldrel-macos-x86_64, r-oldrel-windows-ix86+x86_64