CRAN Package Check Results for Package leapp

Last updated on 2014-12-21 07:48:26.

Flavor Version Tinstall Tcheck Ttotal Status Flags
r-devel-linux-x86_64-debian-clang 1.2 11.58 100.27 111.85 OK
r-devel-linux-x86_64-debian-gcc 1.2 8.92 98.48 107.40 OK
r-devel-linux-x86_64-fedora-clang 1.2 267.10 OK
r-devel-linux-x86_64-fedora-gcc 1.2 236.40 OK
r-devel-osx-x86_64-clang 1.2 218.48 OK
r-devel-windows-ix86+x86_64 1.2 26.00 145.00 171.00 OK
r-patched-linux-x86_64 1.2 9.89 101.10 110.99 OK
r-patched-solaris-sparc 1.2 501.30 OK
r-patched-solaris-x86 1.2 336.00 OK
r-release-linux-ix86 1.2 11.24 117.62 128.86 OK
r-release-linux-x86_64 1.2 10.57 102.40 112.97 OK
r-release-osx-x86_64-mavericks 1.2 OK
r-release-osx-x86_64-snowleopard 1.2 OK
r-release-windows-ix86+x86_64 1.2 28.00 147.00 175.00 OK
r-oldrel-windows-ix86+x86_64 1.1 11.00 52.00 63.00 NOTE

Check Details

Version: 1.1
Check: dependencies in R code
Result: NOTE
    Packages in Depends field not imported from:
     'MASS' 'sva'
     These packages need to be imported from (in the NAMESPACE file)
     for when this namespace is loaded but not attached.
    See the information on DESCRIPTION files in the chapter 'Creating R
    packages' of the 'Writing R Extensions' manual.
Flavor: r-oldrel-windows-ix86+x86_64