CRAN Package Check Results for Package leapp

Last updated on 2016-05-28 09:11:46.

Flavor Version Tinstall Tcheck Ttotal Status Flags
r-devel-linux-x86_64-debian-gcc 1.2 6.60 71.39 77.99 NOTE
r-devel-linux-x86_64-fedora-clang 1.2 170.37 NOTE
r-devel-linux-x86_64-fedora-gcc 1.2 149.47 NOTE
r-devel-osx-x86_64-clang 1.2 166.52 NOTE
r-devel-windows-ix86+x86_64 1.2 18.00 128.00 146.00 NOTE
r-patched-linux-x86_64 1.2 7.05 70.81 77.86 NOTE
r-patched-solaris-sparc 1.2 928.80 NOTE
r-patched-solaris-x86 1.2 198.50 NOTE
r-release-linux-x86_64 1.2 7.61 70.05 77.66 NOTE
r-release-osx-x86_64-mavericks 1.2 NOTE
r-release-windows-ix86+x86_64 1.2 22.00 167.00 189.00 NOTE
r-oldrel-windows-ix86+x86_64 1.2 19.00 171.00 190.00 OK

Check Details

Version: 1.2
Check: R code for possible problems
Result: NOTE
    AlternateSVD: no visible binding for global variable ‘sd’
    IPOD: no visible global function definition for ‘mad’
    IPOD: no visible global function definition for ‘pnorm’
    Pvalue: no visible global function definition for ‘pf’
    ROCplot: no visible global function definition for ‘png’
    ROCplot: no visible global function definition for ‘matplot’
    ROCplot: no visible global function definition for ‘legend’
    ROCplot: no visible global function definition for ‘dev.off’
    leapp: no visible global function definition for ‘png’
    leapp: no visible global function definition for ‘plot’
    leapp: no visible global function definition for ‘dev.off’
    ridge: no visible global function definition for ‘sd’
    ridge: no visible global function definition for ‘pnorm’
    Undefined global functions or variables:
     dev.off legend mad matplot pf plot png pnorm sd
    Consider adding
     importFrom("grDevices", "dev.off", "png")
     importFrom("graphics", "legend", "matplot", "plot")
     importFrom("stats", "mad", "pf", "pnorm", "sd")
    to your NAMESPACE file.
Flavors: r-devel-linux-x86_64-debian-gcc, r-devel-linux-x86_64-fedora-clang, r-devel-linux-x86_64-fedora-gcc, r-devel-osx-x86_64-clang, r-devel-windows-ix86+x86_64, r-patched-linux-x86_64, r-patched-solaris-sparc, r-patched-solaris-x86, r-release-linux-x86_64, r-release-osx-x86_64-mavericks, r-release-windows-ix86+x86_64