CRAN Package Check Results for Package leapp

Last updated on 2015-01-31 22:47:14.

Flavor Version Tinstall Tcheck Ttotal Status Flags
r-devel-linux-x86_64-debian-clang 1.2 7.33 75.72 83.04 OK
r-devel-linux-x86_64-debian-gcc 1.2 0.25 1.45 1.70 ERROR
r-devel-linux-x86_64-fedora-clang 1.2 249.82 OK
r-devel-linux-x86_64-fedora-gcc 1.2 242.65 OK
r-devel-osx-x86_64-clang 1.2 208.35 OK
r-devel-windows-ix86+x86_64 1.2 25.00 109.00 134.00 OK
r-patched-linux-x86_64 1.2 9.93 103.52 113.45 OK
r-patched-solaris-sparc 1.2 1446.10 OK
r-patched-solaris-x86 1.2 334.70 OK
r-release-linux-ix86 1.2 11.09 118.19 129.28 OK
r-release-linux-x86_64 1.2 10.57 104.96 115.54 OK
r-release-osx-x86_64-mavericks 1.2 OK
r-release-osx-x86_64-snowleopard 1.2 OK
r-release-windows-ix86+x86_64 1.2 29.00 150.00 179.00 OK
r-oldrel-windows-ix86+x86_64 1.1 11.00 52.00 63.00 NOTE

Check Details

Version: 1.2
Check: package dependencies
Result: ERROR
    Package required but not available: ‘sva’
    
    See section ‘The DESCRIPTION file’ in the ‘Writing R Extensions’
    manual.
Flavor: r-devel-linux-x86_64-debian-gcc

Version: 1.1
Check: dependencies in R code
Result: NOTE
    Packages in Depends field not imported from:
     'MASS' 'sva'
     These packages need to be imported from (in the NAMESPACE file)
     for when this namespace is loaded but not attached.
    See the information on DESCRIPTION files in the chapter 'Creating R
    packages' of the 'Writing R Extensions' manual.
Flavor: r-oldrel-windows-ix86+x86_64