CRAN Package Check Results for Package leapp

Last updated on 2016-08-26 12:49:08.

Flavor Version Tinstall Tcheck Ttotal Status Flags
r-devel-linux-x86_64-debian-clang 1.2 6.87 75.03 81.90 NOTE
r-devel-linux-x86_64-debian-gcc 1.2 10.47 90.12 100.59 NOTE
r-devel-linux-x86_64-fedora-clang 1.2 167.97 NOTE
r-devel-linux-x86_64-fedora-gcc 1.2 159.73 NOTE
r-devel-osx-x86_64-clang 1.2 130.48 NOTE
r-devel-windows-ix86+x86_64 1.2 21.00 116.00 137.00 WARN
r-patched-linux-x86_64 1.2 6.81 69.69 76.50 NOTE
r-patched-solaris-sparc 1.2 927.40 NOTE
r-patched-solaris-x86 1.2 196.20 NOTE
r-release-linux-x86_64 1.2 6.52 73.46 79.97 NOTE
r-release-osx-x86_64-mavericks 1.2 NOTE
r-release-windows-ix86+x86_64 1.2 19.00 112.00 131.00 NOTE
r-oldrel-windows-ix86+x86_64 1.2 20.00 164.00 184.00 OK

Check Details

Version: 1.2
Check: R code for possible problems
Result: NOTE
    AlternateSVD: no visible binding for global variable ‘sd’
    IPOD: no visible global function definition for ‘mad’
    IPOD: no visible global function definition for ‘pnorm’
    Pvalue: no visible global function definition for ‘pf’
    ROCplot: no visible global function definition for ‘png’
    ROCplot: no visible global function definition for ‘matplot’
    ROCplot: no visible global function definition for ‘legend’
    ROCplot: no visible global function definition for ‘dev.off’
    leapp: no visible global function definition for ‘png’
    leapp: no visible global function definition for ‘plot’
    leapp: no visible global function definition for ‘dev.off’
    ridge: no visible global function definition for ‘sd’
    ridge: no visible global function definition for ‘pnorm’
    Undefined global functions or variables:
     dev.off legend mad matplot pf plot png pnorm sd
    Consider adding
     importFrom("grDevices", "dev.off", "png")
     importFrom("graphics", "legend", "matplot", "plot")
     importFrom("stats", "mad", "pf", "pnorm", "sd")
    to your NAMESPACE file.
Flavors: r-devel-linux-x86_64-debian-clang, r-devel-linux-x86_64-debian-gcc, r-devel-linux-x86_64-fedora-clang, r-devel-linux-x86_64-fedora-gcc, r-devel-osx-x86_64-clang, r-devel-windows-ix86+x86_64, r-patched-linux-x86_64, r-patched-solaris-sparc, r-patched-solaris-x86, r-release-linux-x86_64, r-release-osx-x86_64-mavericks, r-release-windows-ix86+x86_64

Version: 1.2
Check: whether package can be installed
Result: WARN
    Found the following significant warnings:
     Warning: multiple methods tables found for 'which.max'
     Warning: multiple methods tables found for 'which.min'
     Warning: multiple methods tables found for 'which'
Flavor: r-devel-windows-ix86+x86_64