CRAN Package Check Results for Package leapp

Last updated on 2016-07-24 02:47:40.

Flavor Version Tinstall Tcheck Ttotal Status Flags
r-devel-linux-x86_64-debian-clang 1.2 8.46 82.90 91.36 NOTE
r-devel-linux-x86_64-debian-gcc 1.2 9.17 85.09 94.26 NOTE
r-devel-linux-x86_64-fedora-clang 1.2 165.94 NOTE
r-devel-linux-x86_64-fedora-gcc 1.2 159.08 NOTE
r-devel-osx-x86_64-clang 1.2 132.41 NOTE
r-devel-windows-ix86+x86_64 1.2 18.00 132.00 150.00 NOTE
r-patched-linux-x86_64 1.2 7.39 77.06 84.44 NOTE
r-patched-solaris-sparc 1.2 927.40 NOTE
r-patched-solaris-x86 1.2 197.70 NOTE
r-release-linux-x86_64 1.2 8.17 78.62 86.80 NOTE
r-release-osx-x86_64-mavericks 1.2 NOTE
r-release-windows-ix86+x86_64 1.2 17.00 161.00 178.00 NOTE
r-oldrel-windows-ix86+x86_64 1.2 26.00 129.00 155.00 OK

Check Details

Version: 1.2
Check: R code for possible problems
Result: NOTE
    AlternateSVD: no visible binding for global variable ‘sd’
    IPOD: no visible global function definition for ‘mad’
    IPOD: no visible global function definition for ‘pnorm’
    Pvalue: no visible global function definition for ‘pf’
    ROCplot: no visible global function definition for ‘png’
    ROCplot: no visible global function definition for ‘matplot’
    ROCplot: no visible global function definition for ‘legend’
    ROCplot: no visible global function definition for ‘dev.off’
    leapp: no visible global function definition for ‘png’
    leapp: no visible global function definition for ‘plot’
    leapp: no visible global function definition for ‘dev.off’
    ridge: no visible global function definition for ‘sd’
    ridge: no visible global function definition for ‘pnorm’
    Undefined global functions or variables:
     dev.off legend mad matplot pf plot png pnorm sd
    Consider adding
     importFrom("grDevices", "dev.off", "png")
     importFrom("graphics", "legend", "matplot", "plot")
     importFrom("stats", "mad", "pf", "pnorm", "sd")
    to your NAMESPACE file.
Flavors: r-devel-linux-x86_64-debian-clang, r-devel-linux-x86_64-debian-gcc, r-devel-linux-x86_64-fedora-clang, r-devel-linux-x86_64-fedora-gcc, r-devel-osx-x86_64-clang, r-devel-windows-ix86+x86_64, r-patched-linux-x86_64, r-patched-solaris-sparc, r-patched-solaris-x86, r-release-linux-x86_64, r-release-osx-x86_64-mavericks, r-release-windows-ix86+x86_64