CRAN Package Check Results for Package leapp

Last updated on 2016-09-29 02:49:48.

Flavor Version Tinstall Tcheck Ttotal Status Flags
r-devel-linux-x86_64-debian-clang 1.2 6.66 67.44 74.11 NOTE
r-devel-linux-x86_64-debian-gcc 1.2 6.14 69.87 76.01 NOTE
r-devel-linux-x86_64-fedora-clang 1.2 156.94 NOTE
r-devel-linux-x86_64-fedora-gcc 1.2 148.75 NOTE
r-devel-macos-x86_64-clang 1.2 114.39 NOTE
r-devel-windows-ix86+x86_64 1.2 17.00 149.00 166.00 WARN
r-patched-linux-x86_64 1.2 6.28 68.16 74.44 NOTE
r-patched-solaris-sparc 1.2 927.40 NOTE
r-patched-solaris-x86 1.2 195.30 NOTE
r-release-linux-x86_64 1.2 6.44 69.74 76.18 NOTE
r-release-osx-x86_64-mavericks 1.2 NOTE
r-release-windows-ix86+x86_64 1.2 24.00 106.00 130.00 NOTE
r-oldrel-windows-ix86+x86_64 1.2 28.00 153.00 181.00 OK

Check Details

Version: 1.2
Check: R code for possible problems
Result: NOTE
    AlternateSVD: no visible binding for global variable ‘sd’
    IPOD: no visible global function definition for ‘mad’
    IPOD: no visible global function definition for ‘pnorm’
    Pvalue: no visible global function definition for ‘pf’
    ROCplot: no visible global function definition for ‘png’
    ROCplot: no visible global function definition for ‘matplot’
    ROCplot: no visible global function definition for ‘legend’
    ROCplot: no visible global function definition for ‘dev.off’
    leapp: no visible global function definition for ‘png’
    leapp: no visible global function definition for ‘plot’
    leapp: no visible global function definition for ‘dev.off’
    ridge: no visible global function definition for ‘sd’
    ridge: no visible global function definition for ‘pnorm’
    Undefined global functions or variables:
     dev.off legend mad matplot pf plot png pnorm sd
    Consider adding
     importFrom("grDevices", "dev.off", "png")
     importFrom("graphics", "legend", "matplot", "plot")
     importFrom("stats", "mad", "pf", "pnorm", "sd")
    to your NAMESPACE file.
Flavors: r-devel-linux-x86_64-debian-clang, r-devel-linux-x86_64-debian-gcc, r-devel-linux-x86_64-fedora-clang, r-devel-linux-x86_64-fedora-gcc, r-devel-macos-x86_64-clang, r-devel-windows-ix86+x86_64, r-patched-linux-x86_64, r-patched-solaris-sparc, r-patched-solaris-x86, r-release-linux-x86_64, r-release-osx-x86_64-mavericks, r-release-windows-ix86+x86_64

Version: 1.2
Check: whether package can be installed
Result: WARN
    Found the following significant warnings:
     Warning: multiple methods tables found for 'which.max'
     Warning: multiple methods tables found for 'which.min'
     Warning: multiple methods tables found for 'which'
Flavor: r-devel-windows-ix86+x86_64