CRAN Package Check Results for Package leapp

Last updated on 2014-08-31 05:50:11.

Flavor Version Tinstall Tcheck Ttotal Status Flags
r-devel-linux-x86_64-debian-clang 1.2 9.66 97.37 107.03 OK
r-devel-linux-x86_64-debian-gcc 1.2 9.17 96.47 105.64 OK
r-devel-linux-x86_64-fedora-clang 1.2 272.95 OK
r-devel-linux-x86_64-fedora-gcc 1.2 257.42 OK
r-devel-osx-x86_64-clang 1.2 194.28 OK
r-devel-windows-ix86+x86_64 1.2 27.00 139.00 166.00 OK
r-patched-linux-x86_64 1.2 3.69 37.37 41.06 OK
r-patched-solaris-sparc 1.2 501.30 OK
r-patched-solaris-x86 1.2 124.60 OK
r-release-linux-ix86 1.2 4.28 47.21 51.49 OK
r-release-linux-x86_64 1.2 3.56 37.39 40.94 OK
r-release-osx-x86_64-mavericks 1.2 OK
r-release-osx-x86_64-snowleopard 1.2 OK
r-release-windows-ix86+x86_64 1.2 11.00 53.00 64.00 OK
r-oldrel-windows-ix86+x86_64 1.1 11.00 52.00 63.00 NOTE

Check Details

Version: 1.1
Check: dependencies in R code
Result: NOTE
    Packages in Depends field not imported from:
     'MASS' 'sva'
     These packages need to be imported from (in the NAMESPACE file)
     for when this namespace is loaded but not attached.
    See the information on DESCRIPTION files in the chapter 'Creating R
    packages' of the 'Writing R Extensions' manual.
Flavor: r-oldrel-windows-ix86+x86_64