CRAN Package Check Results for Package leapp

Last updated on 2014-07-24 19:49:04.

Flavor Version Tinstall Tcheck Ttotal Status Flags
r-devel-linux-x86_64-debian-clang 1.2 9.94 100.26 110.20 OK
r-devel-linux-x86_64-debian-gcc 1.2 9.53 100.38 109.91 OK
r-devel-linux-x86_64-fedora-clang 1.2 142.86 OK
r-devel-linux-x86_64-fedora-gcc 1.2 138.96 OK
r-devel-osx-x86_64-clang 1.2 199.90 OK
r-devel-windows-ix86+x86_64 1.2 26.00 140.00 166.00 OK
r-patched-linux-x86_64 1.2 3.54 36.92 40.46 OK
r-patched-solaris-sparc 1.2 467.90 OK
r-patched-solaris-x86 1.2 101.40 OK
r-release-linux-ix86 1.1 4.64 46.77 51.41 NOTE
r-release-linux-x86_64 1.2 3.60 40.31 43.92 OK
r-release-osx-x86_64-mavericks 1.2 OK
r-release-osx-x86_64-snowleopard 1.1 NOTE
r-release-windows-ix86+x86_64 1.2 12.00 60.00 72.00 OK
r-oldrel-windows-ix86+x86_64 1.1 11.00 52.00 63.00 NOTE

Check Details

Version: 1.1
Check: dependencies in R code
Result: NOTE
    Packages in Depends field not imported from:
     ‘MASS’ ‘sva’
     These packages need to be imported from (in the NAMESPACE file)
     for when this namespace is loaded but not attached.
    See the information on DESCRIPTION files in the chapter ‘Creating R
    packages’ of the ‘Writing R Extensions’ manual.
Flavors: r-release-linux-ix86, r-release-osx-x86_64-snowleopard, r-oldrel-windows-ix86+x86_64