CRAN Package Check Results for Package leapp

Last updated on 2016-02-14 10:46:47.

Flavor Version Tinstall Tcheck Ttotal Status Flags
r-devel-linux-x86_64-debian-gcc 1.2 6.60 70.64 77.24 NOTE
r-devel-linux-x86_64-fedora-clang 1.2 158.97 NOTE
r-devel-linux-x86_64-fedora-gcc 1.2 149.92 NOTE
r-devel-osx-x86_64-clang 1.2 164.87 NOTE
r-devel-windows-ix86+x86_64 1.2 24.00 115.00 139.00 NOTE
r-patched-linux-x86_64 1.2 7.31 76.73 84.03 OK
r-patched-solaris-sparc 1.2 1011.70 OK
r-patched-solaris-x86 1.2 214.30 OK
r-release-linux-x86_64 1.2 7.32 75.81 83.13 OK
r-release-osx-x86_64-mavericks 1.2 OK
r-release-windows-ix86+x86_64 1.2 26.00 177.00 203.00 OK
r-oldrel-windows-ix86+x86_64 1.2 40.00 183.00 223.00 OK

Check Details

Version: 1.2
Check: R code for possible problems
Result: NOTE
    AlternateSVD: no visible binding for global variable ‘sd’
    IPOD: no visible global function definition for ‘mad’
    IPOD: no visible global function definition for ‘pnorm’
    Pvalue: no visible global function definition for ‘pf’
    ROCplot: no visible global function definition for ‘png’
    ROCplot: no visible global function definition for ‘matplot’
    ROCplot: no visible global function definition for ‘legend’
    ROCplot: no visible global function definition for ‘dev.off’
    leapp: no visible global function definition for ‘png’
    leapp: no visible global function definition for ‘plot’
    leapp: no visible global function definition for ‘dev.off’
    ridge: no visible global function definition for ‘sd’
    ridge: no visible global function definition for ‘pnorm’
    Undefined global functions or variables:
     dev.off legend mad matplot pf plot png pnorm sd
    Consider adding
     importFrom("grDevices", "dev.off", "png")
     importFrom("graphics", "legend", "matplot", "plot")
     importFrom("stats", "mad", "pf", "pnorm", "sd")
    to your NAMESPACE file.
Flavors: r-devel-linux-x86_64-debian-gcc, r-devel-linux-x86_64-fedora-clang, r-devel-linux-x86_64-fedora-gcc, r-devel-osx-x86_64-clang, r-devel-windows-ix86+x86_64