CRAN Package Check Results for Package leapp

Last updated on 2015-09-02 03:48:30.

Flavor Version Tinstall Tcheck Ttotal Status Flags
r-devel-linux-x86_64-debian-clang 1.2 6.84 74.14 80.98 NOTE
r-devel-linux-x86_64-debian-gcc 1.2 6.61 71.63 78.24 NOTE
r-devel-linux-x86_64-fedora-clang 1.2 167.49 NOTE
r-devel-linux-x86_64-fedora-gcc 1.2 159.34 NOTE
r-devel-osx-x86_64-clang 1.2 136.96 OK
r-devel-windows-ix86+x86_64 1.2 28.00 164.00 192.00 NOTE
r-patched-linux-x86_64 1.2 8.38 78.00 86.37 OK
r-patched-solaris-sparc 1.2 1055.90 OK
r-patched-solaris-x86 1.2 234.30 OK
r-release-linux-x86_64 1.2 7.42 78.84 86.26 OK
r-release-osx-x86_64-mavericks 1.2 OK
r-release-windows-ix86+x86_64 1.2 27.00 169.00 196.00 OK
r-oldrel-windows-ix86+x86_64 1.2 36.00 184.00 220.00 OK

Check Details

Version: 1.2
Check: R code for possible problems
Result: NOTE
    AlternateSVD: no visible binding for global variable ‘sd’
    IPOD: no visible global function definition for ‘mad’
    IPOD: no visible global function definition for ‘pnorm’
    Pvalue: no visible global function definition for ‘pf’
    ROCplot: no visible global function definition for ‘png’
    ROCplot: no visible global function definition for ‘matplot’
    ROCplot: no visible global function definition for ‘legend’
    ROCplot: no visible global function definition for ‘dev.off’
    leapp: no visible global function definition for ‘png’
    leapp: no visible global function definition for ‘plot’
    leapp: no visible global function definition for ‘dev.off’
    ridge: no visible global function definition for ‘sd’
    ridge: no visible global function definition for ‘pnorm’
    Undefined global functions or variables:
     dev.off legend mad matplot pf plot png pnorm sd
    Consider adding
     importFrom("grDevices", "dev.off", "png")
     importFrom("graphics", "legend", "matplot", "plot")
     importFrom("stats", "mad", "pf", "pnorm", "sd")
    to your NAMESPACE.
Flavors: r-devel-linux-x86_64-debian-clang, r-devel-linux-x86_64-debian-gcc, r-devel-linux-x86_64-fedora-clang, r-devel-linux-x86_64-fedora-gcc, r-devel-windows-ix86+x86_64