CRAN Package Check Results for Package leapp

Last updated on 2015-04-18 17:50:51.

Flavor Version Tinstall Tcheck Ttotal Status Flags
r-devel-linux-x86_64-debian-clang 1.2 8.07 77.00 85.07 OK
r-devel-linux-x86_64-debian-gcc 1.2 7.17 76.15 83.32 OK
r-devel-linux-x86_64-fedora-clang 1.2 178.66 OK
r-devel-linux-x86_64-fedora-gcc 1.2 172.62 OK
r-devel-osx-x86_64-clang 1.2 148.32 OK
r-patched-linux-x86_64 1.2 9.53 77.08 86.61 WARN
r-patched-solaris-sparc 1.2 905.90 OK
r-patched-solaris-x86 1.2 222.00 OK
r-release-linux-x86_64 1.2 7.15 75.49 82.64 OK
r-release-osx-x86_64-mavericks 1.2 ERROR
r-release-osx-x86_64-snowleopard 1.2 ERROR
r-release-windows-ix86+x86_64 1.2 22.00 145.00 167.00 OK
r-oldrel-windows-ix86+x86_64 1.1 11.00 52.00 63.00 NOTE

Check Details

Version: 1.2
Check: whether package can be installed
Result: WARN
    Found the following significant warnings:
     Warning: multiple methods tables found for ‘organism’
Flavor: r-patched-linux-x86_64

Version: 1.2
Check: whether package can be installed
Result: ERROR
    Installation failed.
Flavor: r-release-osx-x86_64-mavericks

Version: 1.2
Check: package dependencies
Result: ERROR
    Package required but not available: ‘sva’
    
    See section ‘The DESCRIPTION file’ in the ‘Writing R Extensions’
    manual.
Flavor: r-release-osx-x86_64-snowleopard

Version: 1.1
Check: dependencies in R code
Result: NOTE
    Packages in Depends field not imported from:
     'MASS' 'sva'
     These packages need to be imported from (in the NAMESPACE file)
     for when this namespace is loaded but not attached.
    See the information on DESCRIPTION files in the chapter 'Creating R
    packages' of the 'Writing R Extensions' manual.
Flavor: r-oldrel-windows-ix86+x86_64