CRAN Package Check Results for Package leapp

Last updated on 2014-04-23 17:47:47.

Flavor Version Tinstall Tcheck Ttotal Status Flags
r-devel-linux-x86_64-debian-clang 1.1 3.77 38.91 42.68 NOTE
r-devel-linux-x86_64-debian-gcc 1.1 3.82 37.98 41.80 NOTE
r-devel-linux-x86_64-fedora-clang 1.1 97.78 NOTE
r-devel-linux-x86_64-fedora-gcc 1.1 93.43 NOTE
r-devel-osx-x86_64-clang 1.1 73.54 NOTE
r-devel-osx-x86_64-gcc 1.1 ERROR
r-devel-windows-ix86+x86_64 1.1 11.00 55.00 66.00 NOTE
r-patched-linux-x86_64 1.1 3.73 39.07 42.80 NOTE
r-patched-solaris-sparc 1.1 504.60 NOTE
r-patched-solaris-x86 1.1 122.80 NOTE
r-release-linux-ix86 1.1 5.00 63.00 68.00 NOTE
r-release-linux-x86_64 1.1 3.72 37.76 41.48 NOTE
r-release-osx-x86_64-mavericks 1.1 ERROR
r-release-osx-x86_64-snowleopard 1.1 ERROR
r-release-windows-ix86+x86_64 1.1 11.00 54.00 65.00 NOTE
r-oldrel-windows-ix86+x86_64 1.1 11.00 54.00 65.00 NOTE

Check Details

Version: 1.1
Check: dependencies in R code
Result: NOTE
    Packages in Depends field not imported from:
     ‘MASS’ ‘sva’
     These packages need to be imported from (in the NAMESPACE file)
     for when this namespace is loaded but not attached.
    See the information on DESCRIPTION files in the chapter ‘Creating R
    packages’ of the ‘Writing R Extensions’ manual.
Flavors: r-devel-linux-x86_64-debian-clang, r-devel-linux-x86_64-debian-gcc, r-devel-linux-x86_64-fedora-clang, r-devel-linux-x86_64-fedora-gcc, r-devel-osx-x86_64-clang, r-devel-windows-ix86+x86_64, r-patched-linux-x86_64, r-patched-solaris-sparc, r-patched-solaris-x86, r-release-linux-ix86, r-release-linux-x86_64, r-release-windows-ix86+x86_64, r-oldrel-windows-ix86+x86_64

Version: 1.1
Check: package dependencies
Result: ERROR
    Package required but not available: ‘sva’
    
    See the information on DESCRIPTION files in the chapter ‘Creating R
    packages’ of the ‘Writing R Extensions’ manual.
Flavors: r-devel-osx-x86_64-gcc, r-release-osx-x86_64-mavericks, r-release-osx-x86_64-snowleopard