CRAN Package Check Results for Package leapp

Last updated on 2014-10-24 19:47:43.

Flavor Version Tinstall Tcheck Ttotal Status Flags
r-devel-linux-x86_64-debian-clang 1.2 9.31 98.70 108.01 OK
r-devel-linux-x86_64-debian-gcc 1.2 9.15 101.09 110.24 OK
r-devel-linux-x86_64-fedora-clang 1.2 273.89 OK
r-devel-linux-x86_64-fedora-gcc 1.2 257.84 OK
r-devel-osx-x86_64-clang 1.2 209.44 OK
r-devel-windows-ix86+x86_64 1.2 25.00 141.00 166.00 OK
r-patched-linux-x86_64 1.2 10.49 104.60 115.09 OK
r-patched-solaris-sparc 1.2 501.30 OK
r-patched-solaris-x86 1.2 330.80 OK
r-release-linux-ix86 1.2 4.44 47.44 51.89 OK
r-release-linux-x86_64 1.2 3.66 38.26 41.93 OK
r-release-osx-x86_64-mavericks 1.2 OK
r-release-osx-x86_64-snowleopard 1.2 OK
r-release-windows-ix86+x86_64 1.2 9.00 57.00 66.00 OK
r-oldrel-windows-ix86+x86_64 1.1 11.00 52.00 63.00 NOTE

Check Details

Version: 1.1
Check: dependencies in R code
Result: NOTE
    Packages in Depends field not imported from:
     'MASS' 'sva'
     These packages need to be imported from (in the NAMESPACE file)
     for when this namespace is loaded but not attached.
    See the information on DESCRIPTION files in the chapter 'Creating R
    packages' of the 'Writing R Extensions' manual.
Flavor: r-oldrel-windows-ix86+x86_64