CRAN Package Check Results for Package leapp

Last updated on 2015-03-30 10:54:24.

Flavor Version Tinstall Tcheck Ttotal Status Flags
r-devel-linux-x86_64-debian-clang 1.2 8.05 78.40 86.45 OK
r-devel-linux-x86_64-debian-gcc 1.2 7.37 75.29 82.66 OK
r-devel-linux-x86_64-fedora-clang 1.2 178.69 OK
r-devel-linux-x86_64-fedora-gcc 1.2 186.25 OK
r-devel-osx-x86_64-clang 1.2 158.29 OK
r-prerel-windows-ix86+x86_64 1.2 20.00 116.00 136.00 OK
r-prerel-linux-x86_64 1.2 7.82 74.36 82.19 OK
r-prerel-solaris-sparc 1.2 905.90 OK
r-prerel-solaris-x86 1.2 218.80 OK
r-release-linux-x86_64 1.2 10.98 103.40 114.38 OK
r-release-osx-x86_64-mavericks 1.2 OK
r-release-osx-x86_64-snowleopard 1.2 OK
r-release-windows-ix86+x86_64 1.2 29.00 155.00 184.00 OK
r-oldrel-windows-ix86+x86_64 1.1 11.00 52.00 63.00 NOTE

Check Details

Version: 1.1
Check: dependencies in R code
Result: NOTE
    Packages in Depends field not imported from:
     'MASS' 'sva'
     These packages need to be imported from (in the NAMESPACE file)
     for when this namespace is loaded but not attached.
    See the information on DESCRIPTION files in the chapter 'Creating R
    packages' of the 'Writing R Extensions' manual.
Flavor: r-oldrel-windows-ix86+x86_64