CRAN Package Check Results for Package leapp

Last updated on 2015-05-29 09:47:05.

Flavor Version Tinstall Tcheck Ttotal Status Flags
r-devel-linux-x86_64-debian-clang 1.2 7.25 81.20 88.45 OK
r-devel-linux-x86_64-debian-gcc 1.2 7.09 75.96 83.04 OK
r-devel-linux-x86_64-fedora-clang 1.2 186.59 OK
r-devel-linux-x86_64-fedora-gcc 1.2 168.70 OK
r-devel-osx-x86_64-clang 1.2 147.05 OK
r-devel-windows-ix86+x86_64 1.2 17.00 106.00 123.00 OK
r-patched-linux-x86_64 1.2 8.30 76.39 84.69 OK
r-patched-solaris-sparc 1.2 1032.20 OK
r-patched-solaris-x86 1.2 229.10 OK
r-release-linux-x86_64 1.2 8.55 76.47 85.02 OK
r-release-osx-x86_64-mavericks 1.2 OK
r-release-osx-x86_64-snowleopard 1.2 ERROR
r-release-windows-ix86+x86_64 1.2 18.00 103.00 121.00 OK
r-oldrel-windows-ix86+x86_64 1.2 28.00 175.00 203.00 OK

Check Details

Version: 1.2
Check: package dependencies
Result: ERROR
    Package required but not available: ‘sva’
    
    See section ‘The DESCRIPTION file’ in the ‘Writing R Extensions’
    manual.
Flavor: r-release-osx-x86_64-snowleopard