CRAN Package Check Results for Package leapp

Last updated on 2017-12-12 22:47:16 CET.

Flavor Version Tinstall Tcheck Ttotal Status Flags
r-devel-linux-x86_64-debian-clang 1.2 9.75 124.84 134.59 NOTE
r-devel-linux-x86_64-debian-gcc 1.2 8.64 103.33 111.97 NOTE
r-devel-linux-x86_64-fedora-clang 1.2 170.42 NOTE
r-devel-windows-ix86+x86_64 1.2 28.00 135.00 163.00 NOTE
r-patched-linux-x86_64 1.2 11.08 142.65 153.73 NOTE
r-patched-solaris-x86 1.2 272.80 NOTE
r-release-linux-x86_64 1.2 11.28 140.62 151.90 NOTE
r-release-windows-ix86+x86_64 1.2 18.00 201.00 219.00 NOTE
r-release-osx-x86_64 1.2 ERROR
r-oldrel-windows-ix86+x86_64 1.2 26.00 168.00 194.00 NOTE
r-oldrel-osx-x86_64 1.2 NOTE

Check Details

Version: 1.2
Check: R code for possible problems
Result: NOTE
    AlternateSVD: no visible binding for global variable ‘sd’
    IPOD: no visible global function definition for ‘mad’
    IPOD: no visible global function definition for ‘pnorm’
    Pvalue: no visible global function definition for ‘pf’
    ROCplot: no visible global function definition for ‘png’
    ROCplot: no visible global function definition for ‘matplot’
    ROCplot: no visible global function definition for ‘legend’
    ROCplot: no visible global function definition for ‘dev.off’
    leapp: no visible global function definition for ‘png’
    leapp: no visible global function definition for ‘plot’
    leapp: no visible global function definition for ‘dev.off’
    ridge: no visible global function definition for ‘sd’
    ridge: no visible global function definition for ‘pnorm’
    Undefined global functions or variables:
     dev.off legend mad matplot pf plot png pnorm sd
    Consider adding
     importFrom("grDevices", "dev.off", "png")
     importFrom("graphics", "legend", "matplot", "plot")
     importFrom("stats", "mad", "pf", "pnorm", "sd")
    to your NAMESPACE file.
Flavors: r-devel-linux-x86_64-debian-clang, r-devel-linux-x86_64-debian-gcc, r-devel-linux-x86_64-fedora-clang, r-devel-windows-ix86+x86_64, r-patched-linux-x86_64, r-patched-solaris-x86, r-release-linux-x86_64, r-release-windows-ix86+x86_64, r-oldrel-windows-ix86+x86_64, r-oldrel-osx-x86_64

Version: 1.2
Check: package dependencies
Result: ERROR
    Package required but not available: ‘sva’
    
    See section ‘The DESCRIPTION file’ in the ‘Writing R Extensions’
    manual.
Flavor: r-release-osx-x86_64