CRAN Package Check Results for Package leapp

Last updated on 2018-04-26 10:47:09 CEST.

Flavor Version Tinstall Tcheck Ttotal Status Flags
r-devel-linux-x86_64-debian-clang 1.2 11.90 121.32 133.22 NOTE
r-devel-linux-x86_64-debian-gcc 1.2 9.73 109.63 119.36 NOTE
r-devel-linux-x86_64-fedora-clang 1.2 191.65 NOTE
r-devel-linux-x86_64-fedora-gcc 1.2 181.44 NOTE
r-devel-windows-ix86+x86_64 1.2 29.00 139.00 168.00 NOTE
r-patched-linux-x86_64 1.2 13.23 135.03 148.26 NOTE
r-patched-solaris-x86 1.2 273.30 NOTE
r-release-linux-x86_64 1.2 10.77 135.91 146.68 NOTE
r-release-windows-ix86+x86_64 1.2 29.00 139.00 168.00 NOTE
r-release-osx-x86_64 1.2 NOTE
r-oldrel-windows-ix86+x86_64 1.2 21.00 188.00 209.00 NOTE
r-oldrel-osx-x86_64 1.2 NOTE

Check Details

Version: 1.2
Check: R code for possible problems
Result: NOTE
    AlternateSVD: no visible binding for global variable ‘sd’
    IPOD: no visible global function definition for ‘mad’
    IPOD: no visible global function definition for ‘pnorm’
    Pvalue: no visible global function definition for ‘pf’
    ROCplot: no visible global function definition for ‘png’
    ROCplot: no visible global function definition for ‘matplot’
    ROCplot: no visible global function definition for ‘legend’
    ROCplot: no visible global function definition for ‘dev.off’
    leapp: no visible global function definition for ‘png’
    leapp: no visible global function definition for ‘plot’
    leapp: no visible global function definition for ‘dev.off’
    ridge: no visible global function definition for ‘sd’
    ridge: no visible global function definition for ‘pnorm’
    Undefined global functions or variables:
     dev.off legend mad matplot pf plot png pnorm sd
    Consider adding
     importFrom("grDevices", "dev.off", "png")
     importFrom("graphics", "legend", "matplot", "plot")
     importFrom("stats", "mad", "pf", "pnorm", "sd")
    to your NAMESPACE file.
Flavors: r-devel-linux-x86_64-debian-clang, r-devel-linux-x86_64-debian-gcc, r-devel-linux-x86_64-fedora-clang, r-devel-linux-x86_64-fedora-gcc, r-devel-windows-ix86+x86_64, r-patched-linux-x86_64, r-patched-solaris-x86, r-release-linux-x86_64, r-release-windows-ix86+x86_64, r-release-osx-x86_64, r-oldrel-windows-ix86+x86_64, r-oldrel-osx-x86_64