CRAN Package Check Results for Package leapp

Last updated on 2015-08-04 23:48:17.

Flavor Version Tinstall Tcheck Ttotal Status Flags
r-devel-linux-x86_64-debian-clang 1.2 7.42 78.24 85.66 NOTE
r-devel-linux-x86_64-debian-gcc 1.2 7.15 76.80 83.96 NOTE
r-devel-linux-x86_64-fedora-clang 1.2 180.20 NOTE
r-devel-linux-x86_64-fedora-gcc 1.2 170.18 NOTE
r-devel-osx-x86_64-clang 1.2 144.26 OK
r-devel-windows-ix86+x86_64 1.2 27.00 174.00 201.00 NOTE
r-patched-linux-x86_64 1.2 7.24 75.50 82.74 OK
r-patched-solaris-sparc 1.2 1055.90 OK
r-patched-solaris-x86 1.2 226.80 OK
r-release-linux-x86_64 1.2 7.27 77.43 84.70 OK
r-release-osx-x86_64-mavericks 1.2 OK
r-release-windows-ix86+x86_64 1.2 24.00 168.00 192.00 OK
r-oldrel-windows-ix86+x86_64 1.2 42.00 212.00 254.00 OK

Check Details

Version: 1.2
Check: R code for possible problems
Result: NOTE
    AlternateSVD: no visible binding for global variable ‘sd’
    IPOD: no visible global function definition for ‘mad’
    IPOD: no visible global function definition for ‘pnorm’
    Pvalue: no visible global function definition for ‘pf’
    ROCplot: no visible global function definition for ‘png’
    ROCplot: no visible global function definition for ‘matplot’
    ROCplot: no visible global function definition for ‘legend’
    ROCplot: no visible global function definition for ‘dev.off’
    leapp: no visible global function definition for ‘png’
    leapp: no visible global function definition for ‘plot’
    leapp: no visible global function definition for ‘dev.off’
    ridge: no visible global function definition for ‘sd’
    ridge: no visible global function definition for ‘pnorm’
    Undefined global functions or variables:
     dev.off legend mad matplot pf plot png pnorm sd
    Consider adding
     importFrom("grDevices", "dev.off", "png")
     importFrom("graphics", "legend", "matplot", "plot")
     importFrom("stats", "mad", "pf", "pnorm", "sd")
    to your NAMESPACE.
Flavors: r-devel-linux-x86_64-debian-clang, r-devel-linux-x86_64-debian-gcc, r-devel-linux-x86_64-fedora-clang, r-devel-linux-x86_64-fedora-gcc, r-devel-windows-ix86+x86_64