CRAN Package Check Results for Package leapp

Last updated on 2014-09-02 11:48:40.

Flavor Version Tinstall Tcheck Ttotal Status Flags
r-devel-linux-x86_64-debian-clang 1.2 9.49 99.44 108.93 OK
r-devel-linux-x86_64-debian-gcc 1.2 9.14 93.92 103.05 OK
r-devel-linux-x86_64-fedora-clang 1.2 272.95 OK
r-devel-linux-x86_64-fedora-gcc 1.2 257.42 OK
r-devel-osx-x86_64-clang 1.2 193.26 OK
r-devel-windows-ix86+x86_64 1.2 25.00 135.00 160.00 OK
r-patched-linux-x86_64 1.2 3.58 37.86 41.43 OK
r-patched-solaris-sparc 1.2 501.30 OK
r-patched-solaris-x86 1.2 126.30 OK
r-release-linux-ix86 1.2 4.28 47.21 51.49 OK
r-release-linux-x86_64 1.2 4.99 37.71 42.70 OK
r-release-osx-x86_64-mavericks 1.2 OK
r-release-osx-x86_64-snowleopard 1.2 OK
r-release-windows-ix86+x86_64 1.2 11.00 57.00 68.00 OK
r-oldrel-windows-ix86+x86_64 1.1 11.00 52.00 63.00 NOTE

Check Details

Version: 1.1
Check: dependencies in R code
Result: NOTE
    Packages in Depends field not imported from:
     'MASS' 'sva'
     These packages need to be imported from (in the NAMESPACE file)
     for when this namespace is loaded but not attached.
    See the information on DESCRIPTION files in the chapter 'Creating R
    packages' of the 'Writing R Extensions' manual.
Flavor: r-oldrel-windows-ix86+x86_64