CRAN Package Check Results for Package leapp

Last updated on 2014-11-27 23:48:41.

Flavor Version Tinstall Tcheck Ttotal Status Flags
r-devel-linux-x86_64-debian-clang 1.2 9.51 100.61 110.12 OK
r-devel-linux-x86_64-debian-gcc 1.2 9.53 95.13 104.66 OK
r-devel-linux-x86_64-fedora-clang 1.2 269.33 OK
r-devel-linux-x86_64-fedora-gcc 1.2 285.11 OK
r-devel-osx-x86_64-clang 1.2 208.60 OK
r-devel-windows-ix86+x86_64 1.2 25.00 134.00 159.00 OK
r-patched-linux-x86_64 1.2 9.73 101.70 111.44 OK
r-patched-solaris-sparc 1.2 501.30 OK
r-patched-solaris-x86 1.2 330.80 OK
r-release-linux-ix86 1.2 11.15 117.03 128.18 OK
r-release-linux-x86_64 1.2 10.18 104.50 114.68 OK
r-release-osx-x86_64-mavericks 1.2 OK
r-release-osx-x86_64-snowleopard 1.2 OK
r-release-windows-ix86+x86_64 1.2 28.00 150.00 178.00 OK
r-oldrel-windows-ix86+x86_64 1.1 11.00 52.00 63.00 NOTE

Check Details

Version: 1.1
Check: dependencies in R code
Result: NOTE
    Packages in Depends field not imported from:
     'MASS' 'sva'
     These packages need to be imported from (in the NAMESPACE file)
     for when this namespace is loaded but not attached.
    See the information on DESCRIPTION files in the chapter 'Creating R
    packages' of the 'Writing R Extensions' manual.
Flavor: r-oldrel-windows-ix86+x86_64