CRAN Package Check Results for Package leapp

Last updated on 2019-08-21 02:49:09 CEST.

Flavor Version Tinstall Tcheck Ttotal Status Flags
r-devel-linux-x86_64-debian-clang 1.2 17.56 158.44 176.00 NOTE
r-devel-linux-x86_64-debian-gcc 1.2 16.44 126.09 142.53 NOTE
r-devel-linux-x86_64-fedora-clang 1.2 215.92 NOTE
r-devel-linux-x86_64-fedora-gcc 1.2 209.93 NOTE
r-devel-windows-ix86+x86_64 1.2 55.00 221.00 276.00 NOTE
r-patched-linux-x86_64 1.2 16.72 148.95 165.67 NOTE
r-patched-solaris-x86 1.2 311.80 NOTE
r-release-linux-x86_64 1.2 19.83 149.88 169.71 NOTE
r-release-windows-ix86+x86_64 1.2 34.00 145.00 179.00 NOTE
r-release-osx-x86_64 1.2 ERROR
r-oldrel-windows-ix86+x86_64 1.2 42.00 214.00 256.00 NOTE
r-oldrel-osx-x86_64 1.2 NOTE

Check Details

Version: 1.2
Check: R code for possible problems
Result: NOTE
    AlternateSVD: no visible binding for global variable 'sd'
    IPOD: no visible global function definition for 'mad'
    IPOD: no visible global function definition for 'pnorm'
    Pvalue: no visible global function definition for 'pf'
    ROCplot: no visible global function definition for 'png'
    ROCplot: no visible global function definition for 'matplot'
    ROCplot: no visible global function definition for 'legend'
    ROCplot: no visible global function definition for 'dev.off'
    leapp: no visible global function definition for 'png'
    leapp: no visible global function definition for 'plot'
    leapp: no visible global function definition for 'dev.off'
    ridge: no visible global function definition for 'sd'
    ridge: no visible global function definition for 'pnorm'
    Undefined global functions or variables:
     dev.off legend mad matplot pf plot png pnorm sd
    Consider adding
     importFrom("grDevices", "dev.off", "png")
     importFrom("graphics", "legend", "matplot", "plot")
     importFrom("stats", "mad", "pf", "pnorm", "sd")
    to your NAMESPACE file.
Flavors: r-devel-linux-x86_64-debian-clang, r-devel-linux-x86_64-debian-gcc, r-devel-linux-x86_64-fedora-clang, r-devel-linux-x86_64-fedora-gcc, r-devel-windows-ix86+x86_64, r-patched-linux-x86_64, r-patched-solaris-x86, r-release-linux-x86_64, r-release-windows-ix86+x86_64, r-oldrel-windows-ix86+x86_64, r-oldrel-osx-x86_64

Version: 1.2
Check: package dependencies
Result: ERROR
    Package required but not available: ‘sva’
    
    See section ‘The DESCRIPTION file’ in the ‘Writing R Extensions’
    manual.
Flavor: r-release-osx-x86_64