CRAN Package Check Results for Package leapp

Last updated on 2015-07-06 06:46:46.

Flavor Version Tinstall Tcheck Ttotal Status Flags
r-devel-linux-x86_64-debian-clang 1.2 7.27 76.61 83.88 NOTE
r-devel-linux-x86_64-debian-gcc 1.2 7.04 74.96 82.00 NOTE
r-devel-linux-x86_64-fedora-clang 1.2 176.95 NOTE
r-devel-linux-x86_64-fedora-gcc 1.2 164.93 NOTE
r-devel-osx-x86_64-clang 1.2 144.19 OK
r-devel-windows-ix86+x86_64 1.2 26.00 156.00 182.00 NOTE
r-patched-linux-x86_64 1.2 7.11 77.45 84.56 OK
r-patched-solaris-sparc 1.2 1032.20 OK
r-patched-solaris-x86 1.2 227.20 OK
r-release-linux-x86_64 1.2 6.99 74.15 81.14 OK
r-release-osx-x86_64-mavericks 1.2 OK
r-release-windows-ix86+x86_64 1.2 26.00 165.00 191.00 OK
r-oldrel-windows-ix86+x86_64 1.2 39.00 147.00 186.00 OK

Check Details

Version: 1.2
Check: R code for possible problems
Result: NOTE
    AlternateSVD: no visible binding for global variable ‘sd’
    IPOD: no visible global function definition for ‘mad’
    IPOD: no visible global function definition for ‘pnorm’
    Pvalue: no visible global function definition for ‘pf’
    ROCplot: no visible global function definition for ‘png’
    ROCplot: no visible global function definition for ‘matplot’
    ROCplot: no visible global function definition for ‘legend’
    ROCplot: no visible global function definition for ‘dev.off’
    leapp: no visible global function definition for ‘png’
    leapp: no visible global function definition for ‘plot’
    leapp: no visible global function definition for ‘dev.off’
    ridge: no visible global function definition for ‘sd’
    ridge: no visible global function definition for ‘pnorm’
    Undefined global functions or variables:
     dev.off legend mad matplot pf plot png pnorm sd
Flavors: r-devel-linux-x86_64-debian-clang, r-devel-linux-x86_64-debian-gcc, r-devel-linux-x86_64-fedora-clang, r-devel-linux-x86_64-fedora-gcc, r-devel-windows-ix86+x86_64