CRAN Package Check Results for Package learningr

Last updated on 2015-07-06 23:47:49.

Flavor Version Tinstall Tcheck Ttotal Status Flags
r-devel-linux-x86_64-debian-clang 0.29 0.64 9.12 9.77 NOTE
r-devel-linux-x86_64-debian-gcc 0.29 0.64 9.04 9.68 NOTE
r-devel-linux-x86_64-fedora-clang 0.29 17.64 NOTE
r-devel-linux-x86_64-fedora-gcc 0.29 16.81 NOTE
r-devel-osx-x86_64-clang 0.29 18.96 NOTE
r-devel-windows-ix86+x86_64 0.29 4.00 17.00 21.00 NOTE
r-patched-linux-x86_64 0.29 0.65 9.42 10.07 NOTE
r-patched-solaris-sparc 0.29 132.10 NOTE
r-patched-solaris-x86 0.29 27.60 NOTE
r-release-linux-x86_64 0.29 0.72 9.34 10.06 NOTE
r-release-osx-x86_64-mavericks 0.29 NOTE
r-release-windows-ix86+x86_64 0.29 5.00 16.00 21.00 NOTE
r-oldrel-windows-ix86+x86_64 0.29 5.00 19.00 24.00 NOTE

Check Details

Version: 0.29
Check: DESCRIPTION meta-information
Result: NOTE
    Malformed Title field: should not end in a period.
Flavors: r-devel-linux-x86_64-debian-clang, r-devel-linux-x86_64-debian-gcc, r-devel-linux-x86_64-fedora-clang, r-devel-linux-x86_64-fedora-gcc, r-devel-osx-x86_64-clang, r-devel-windows-ix86+x86_64, r-patched-linux-x86_64, r-patched-solaris-sparc, r-patched-solaris-x86, r-release-linux-x86_64, r-release-osx-x86_64-mavericks, r-release-windows-ix86+x86_64

Version: 0.29
Check: data for non-ASCII characters
Result: NOTE
     Note: found 78 marked UTF-8 strings
Flavors: r-devel-linux-x86_64-debian-clang, r-devel-linux-x86_64-debian-gcc, r-devel-linux-x86_64-fedora-clang, r-devel-linux-x86_64-fedora-gcc, r-devel-osx-x86_64-clang, r-devel-windows-ix86+x86_64, r-patched-linux-x86_64, r-patched-solaris-sparc, r-patched-solaris-x86, r-release-linux-x86_64, r-release-osx-x86_64-mavericks, r-release-windows-ix86+x86_64, r-oldrel-windows-ix86+x86_64