CRAN Package Check Results for Package learningr

Last updated on 2017-04-23 23:51:08.

Flavor Version Tinstall Tcheck Ttotal Status Flags
r-devel-linux-x86_64-debian-clang 0.29 0.77 11.51 12.27 NOTE
r-devel-linux-x86_64-debian-gcc 0.29 0.92 11.66 12.58 NOTE
r-devel-linux-x86_64-fedora-clang 0.29 19.91 NOTE --no-stop-on-test-error
r-devel-linux-x86_64-fedora-gcc 0.29 18.67 NOTE --no-stop-on-test-error
r-devel-windows-ix86+x86_64 0.29 4.00 27.00 31.00 NOTE
r-patched-linux-x86_64 0.29 0.74 11.34 12.08 NOTE
r-patched-solaris-sparc 0.29 126.60 NOTE
r-patched-solaris-x86 0.29 28.60 NOTE
r-release-linux-x86_64 0.29 0.75 11.65 12.39 NOTE
r-release-windows-ix86+x86_64 0.29 3.00 27.00 30.00 NOTE
r-release-osx-x86_64 0.29 NOTE
r-oldrel-windows-ix86+x86_64 0.29 3.00 32.00 35.00 NOTE
r-oldrel-osx-x86_64 0.29 NOTE

Check Details

Version: 0.29
Check: DESCRIPTION meta-information
Result: NOTE
    Malformed Title field: should not end in a period.
Flavors: r-devel-linux-x86_64-debian-clang, r-devel-linux-x86_64-debian-gcc, r-devel-windows-ix86+x86_64, r-patched-linux-x86_64, r-patched-solaris-sparc, r-patched-solaris-x86, r-release-linux-x86_64, r-release-windows-ix86+x86_64, r-release-osx-x86_64, r-oldrel-windows-ix86+x86_64, r-oldrel-osx-x86_64

Version: 0.29
Flags: --no-stop-on-test-error
Check: DESCRIPTION meta-information
Result: NOTE
    Malformed Title field: should not end in a period.
Flavors: r-devel-linux-x86_64-fedora-clang, r-devel-linux-x86_64-fedora-gcc

Version: 0.29
Flags: --no-stop-on-test-error
Check: data for non-ASCII characters
Result: NOTE
     Note: found 78 marked UTF-8 strings
Flavors: r-devel-linux-x86_64-fedora-clang, r-devel-linux-x86_64-fedora-gcc

Version: 0.29
Check: data for non-ASCII characters
Result: NOTE
     Note: found 78 marked UTF-8 strings
Flavors: r-patched-solaris-sparc, r-patched-solaris-x86, r-release-osx-x86_64, r-oldrel-osx-x86_64