CRAN Package Check Results for Package learningr

Last updated on 2015-08-03 08:48:42.

Flavor Version Tinstall Tcheck Ttotal Status Flags
r-devel-linux-x86_64-debian-clang 0.29 0.70 9.54 10.24 NOTE
r-devel-linux-x86_64-debian-gcc 0.29 0.64 9.38 10.01 NOTE
r-devel-linux-x86_64-fedora-clang 0.29 18.44 NOTE
r-devel-linux-x86_64-fedora-gcc 0.29 17.68 NOTE
r-devel-osx-x86_64-clang 0.29 19.21 NOTE
r-devel-windows-ix86+x86_64 0.29 3.00 17.00 20.00 NOTE
r-patched-linux-x86_64 0.29 0.66 9.66 10.32 NOTE
r-patched-solaris-sparc 0.29 125.10 NOTE
r-patched-solaris-x86 0.29 28.40 NOTE
r-release-linux-x86_64 0.29 0.66 9.45 10.11 NOTE
r-release-osx-x86_64-mavericks 0.29 NOTE
r-release-windows-ix86+x86_64 0.29 4.00 17.00 21.00 NOTE
r-oldrel-windows-ix86+x86_64 0.29 4.00 21.00 25.00 NOTE

Check Details

Version: 0.29
Check: DESCRIPTION meta-information
Result: NOTE
    Malformed Title field: should not end in a period.
Flavors: r-devel-linux-x86_64-debian-clang, r-devel-linux-x86_64-debian-gcc, r-devel-linux-x86_64-fedora-clang, r-devel-linux-x86_64-fedora-gcc, r-devel-osx-x86_64-clang, r-devel-windows-ix86+x86_64, r-patched-linux-x86_64, r-patched-solaris-sparc, r-patched-solaris-x86, r-release-linux-x86_64, r-release-osx-x86_64-mavericks, r-release-windows-ix86+x86_64

Version: 0.29
Check: data for non-ASCII characters
Result: NOTE
     Note: found 78 marked UTF-8 strings
Flavors: r-devel-linux-x86_64-debian-clang, r-devel-linux-x86_64-debian-gcc, r-devel-linux-x86_64-fedora-clang, r-devel-linux-x86_64-fedora-gcc, r-devel-osx-x86_64-clang, r-devel-windows-ix86+x86_64, r-patched-linux-x86_64, r-patched-solaris-sparc, r-patched-solaris-x86, r-release-linux-x86_64, r-release-osx-x86_64-mavericks, r-release-windows-ix86+x86_64, r-oldrel-windows-ix86+x86_64