CRAN Package Check Results for Package learningr

Last updated on 2014-09-21 05:47:30.

Flavor Version Tinstall Tcheck Ttotal Status Flags
r-devel-linux-x86_64-debian-clang 0.29 0.75 10.36 11.12 NOTE
r-devel-linux-x86_64-debian-gcc 0.29 0.76 9.98 10.73 NOTE
r-devel-linux-x86_64-fedora-clang 0.29 20.61 NOTE
r-devel-linux-x86_64-fedora-gcc 0.29 19.08 NOTE
r-devel-osx-x86_64-clang 0.29 24.98 NOTE
r-devel-windows-ix86+x86_64 0.29 3.00 17.00 20.00 NOTE
r-patched-linux-x86_64 0.29 0.79 9.77 10.56 NOTE
r-patched-solaris-sparc 0.29 119.00 NOTE
r-patched-solaris-x86 0.29 30.20 NOTE
r-release-linux-ix86 0.29 1.18 16.11 17.29 NOTE
r-release-linux-x86_64 0.29 0.91 10.02 10.92 NOTE
r-release-osx-x86_64-mavericks 0.29 NOTE
r-release-osx-x86_64-snowleopard 0.29 NOTE
r-release-windows-ix86+x86_64 0.29 3.00 17.00 20.00 NOTE
r-oldrel-windows-ix86+x86_64 0.29 3.00 18.00 21.00 NOTE

Check Details

Version: 0.29
Check: data for non-ASCII characters
Result: NOTE
     Note: found 78 marked UTF-8 strings
Flavors: r-devel-linux-x86_64-debian-clang, r-devel-linux-x86_64-debian-gcc, r-devel-linux-x86_64-fedora-clang, r-devel-linux-x86_64-fedora-gcc, r-devel-osx-x86_64-clang, r-devel-windows-ix86+x86_64, r-patched-linux-x86_64, r-patched-solaris-sparc, r-patched-solaris-x86, r-release-linux-ix86, r-release-linux-x86_64, r-release-osx-x86_64-mavericks, r-release-osx-x86_64-snowleopard, r-release-windows-ix86+x86_64, r-oldrel-windows-ix86+x86_64