CRAN Package Check Results for Package learningr

Last updated on 2016-02-14 23:48:06.

Flavor Version Tinstall Tcheck Ttotal Status Flags
r-devel-linux-x86_64-debian-gcc 0.29 0.81 8.38 9.19 NOTE
r-devel-linux-x86_64-fedora-clang 0.29 15.93 NOTE
r-devel-linux-x86_64-fedora-gcc 0.29 15.16 NOTE
r-devel-osx-x86_64-clang 0.29 19.95 NOTE
r-devel-windows-ix86+x86_64 0.29 5.00 19.00 24.00 NOTE
r-patched-linux-x86_64 0.29 0.79 9.73 10.53 NOTE
r-patched-solaris-sparc 0.29 109.80 NOTE
r-patched-solaris-x86 0.29 24.60 NOTE
r-release-linux-x86_64 0.29 0.85 9.48 10.33 NOTE
r-release-osx-x86_64-mavericks 0.29 NOTE
r-release-windows-ix86+x86_64 0.29 5.00 28.00 33.00 NOTE
r-oldrel-windows-ix86+x86_64 0.29 7.00 22.00 29.00 NOTE

Check Details

Version: 0.29
Check: DESCRIPTION meta-information
Result: NOTE
    Malformed Title field: should not end in a period.
Flavors: r-devel-linux-x86_64-debian-gcc, r-devel-linux-x86_64-fedora-clang, r-devel-linux-x86_64-fedora-gcc, r-devel-osx-x86_64-clang, r-devel-windows-ix86+x86_64, r-patched-linux-x86_64, r-patched-solaris-sparc, r-patched-solaris-x86, r-release-linux-x86_64, r-release-osx-x86_64-mavericks, r-release-windows-ix86+x86_64

Version: 0.29
Check: data for non-ASCII characters
Result: NOTE
     Note: found 78 marked UTF-8 strings
Flavors: r-devel-linux-x86_64-fedora-clang, r-devel-linux-x86_64-fedora-gcc, r-devel-osx-x86_64-clang, r-patched-linux-x86_64, r-patched-solaris-sparc, r-patched-solaris-x86, r-release-linux-x86_64, r-release-osx-x86_64-mavericks, r-release-windows-ix86+x86_64, r-oldrel-windows-ix86+x86_64