CRAN Package Check Results for Package learningr

Last updated on 2016-12-03 11:47:33.

Flavor Version Tinstall Tcheck Ttotal Status Flags
r-devel-linux-x86_64-debian-clang 0.29 0.77 11.01 11.78 NOTE
r-devel-linux-x86_64-debian-gcc 0.29 0.71 10.80 11.51 NOTE
r-devel-linux-x86_64-fedora-clang 0.29 19.98 NOTE
r-devel-linux-x86_64-fedora-gcc 0.29 19.79 NOTE
r-devel-macos-x86_64-clang 0.29 18.24 NOTE
r-devel-windows-ix86+x86_64 0.29 3.00 36.00 39.00 NOTE
r-patched-linux-x86_64 0.29 0.67 9.78 10.45 NOTE
r-patched-solaris-sparc 0.29 109.30 NOTE
r-patched-solaris-x86 0.29 24.30 NOTE
r-release-linux-x86_64 0.29 0.73 9.53 10.25 NOTE
r-release-osx-x86_64-mavericks 0.29 NOTE
r-release-windows-ix86+x86_64 0.29 6.00 51.00 57.00 NOTE
r-oldrel-windows-ix86+x86_64 0.29 5.00 21.00 26.00 NOTE

Check Details

Version: 0.29
Check: DESCRIPTION meta-information
Result: NOTE
    Malformed Title field: should not end in a period.
Flavors: r-devel-linux-x86_64-debian-clang, r-devel-linux-x86_64-debian-gcc, r-devel-linux-x86_64-fedora-clang, r-devel-linux-x86_64-fedora-gcc, r-devel-macos-x86_64-clang, r-devel-windows-ix86+x86_64, r-patched-linux-x86_64, r-patched-solaris-sparc, r-patched-solaris-x86, r-release-linux-x86_64, r-release-osx-x86_64-mavericks, r-release-windows-ix86+x86_64, r-oldrel-windows-ix86+x86_64

Version: 0.29
Check: data for non-ASCII characters
Result: NOTE
     Note: found 78 marked UTF-8 strings
Flavors: r-devel-linux-x86_64-fedora-clang, r-devel-linux-x86_64-fedora-gcc, r-devel-macos-x86_64-clang, r-patched-solaris-sparc, r-patched-solaris-x86, r-release-osx-x86_64-mavericks, r-oldrel-windows-ix86+x86_64