CRAN Package Check Results for Package learningr

Last updated on 2016-08-25 23:48:19.

Flavor Version Tinstall Tcheck Ttotal Status Flags
r-devel-linux-x86_64-debian-clang 0.29 0.85 9.87 10.72 NOTE
r-devel-linux-x86_64-debian-gcc 0.29 0.77 9.66 10.43 NOTE
r-devel-linux-x86_64-fedora-clang 0.29 16.92 NOTE
r-devel-linux-x86_64-fedora-gcc 0.29 15.83 NOTE
r-devel-osx-x86_64-clang 0.29 15.84 NOTE
r-devel-windows-ix86+x86_64 0.29 5.00 25.00 30.00 NOTE
r-patched-linux-x86_64 0.29 0.82 9.58 10.40 NOTE
r-patched-solaris-sparc 0.29 109.30 NOTE
r-patched-solaris-x86 0.29 24.50 NOTE
r-release-linux-x86_64 0.29 0.74 9.43 10.17 NOTE
r-release-osx-x86_64-mavericks 0.29 NOTE
r-release-windows-ix86+x86_64 0.29 3.00 24.00 27.00 NOTE
r-oldrel-windows-ix86+x86_64 0.29 3.00 36.00 39.00 NOTE

Check Details

Version: 0.29
Check: DESCRIPTION meta-information
Result: NOTE
    Malformed Title field: should not end in a period.
Flavors: r-devel-linux-x86_64-debian-clang, r-devel-linux-x86_64-debian-gcc, r-devel-linux-x86_64-fedora-clang, r-devel-linux-x86_64-fedora-gcc, r-devel-osx-x86_64-clang, r-devel-windows-ix86+x86_64, r-patched-linux-x86_64, r-patched-solaris-sparc, r-patched-solaris-x86, r-release-linux-x86_64, r-release-osx-x86_64-mavericks, r-release-windows-ix86+x86_64, r-oldrel-windows-ix86+x86_64

Version: 0.29
Check: data for non-ASCII characters
Result: NOTE
     Note: found 78 marked UTF-8 strings
Flavors: r-devel-linux-x86_64-fedora-clang, r-devel-linux-x86_64-fedora-gcc, r-devel-osx-x86_64-clang, r-patched-solaris-sparc, r-patched-solaris-x86, r-release-osx-x86_64-mavericks, r-oldrel-windows-ix86+x86_64