CRAN Package Check Results for Package learningr

Last updated on 2018-06-24 16:48:53 CEST.

Flavor Version Tinstall Tcheck Ttotal Status Flags
r-devel-linux-x86_64-debian-clang 0.29 1.17 19.36 20.53 NOTE
r-devel-linux-x86_64-debian-gcc 0.29 1.03 15.04 16.07 NOTE
r-devel-linux-x86_64-fedora-clang 0.29 23.94 NOTE
r-devel-linux-x86_64-fedora-gcc 0.29 22.16 NOTE
r-devel-windows-ix86+x86_64 0.29 5.00 32.00 37.00 NOTE
r-patched-linux-x86_64 0.29 1.16 17.69 18.85 NOTE
r-patched-solaris-x86 0.29 34.90 NOTE
r-release-linux-x86_64 0.29 1.28 17.59 18.87 NOTE
r-release-windows-ix86+x86_64 0.29 4.00 33.00 37.00 NOTE
r-release-osx-x86_64 0.29 NOTE
r-oldrel-windows-ix86+x86_64 0.29 4.00 27.00 31.00 NOTE
r-oldrel-osx-x86_64 0.29 NOTE

Check Details

Version: 0.29
Check: DESCRIPTION meta-information
Result: NOTE
    Malformed Title field: should not end in a period.
Flavors: r-devel-linux-x86_64-debian-clang, r-devel-linux-x86_64-debian-gcc, r-devel-linux-x86_64-fedora-clang, r-devel-linux-x86_64-fedora-gcc, r-devel-windows-ix86+x86_64, r-patched-linux-x86_64, r-patched-solaris-x86, r-release-linux-x86_64, r-release-windows-ix86+x86_64, r-release-osx-x86_64, r-oldrel-windows-ix86+x86_64, r-oldrel-osx-x86_64

Version: 0.29
Check: data for non-ASCII characters
Result: NOTE
     Note: found 78 marked UTF-8 strings
Flavors: r-devel-linux-x86_64-fedora-clang, r-devel-linux-x86_64-fedora-gcc, r-patched-solaris-x86, r-release-osx-x86_64, r-oldrel-osx-x86_64