CRAN Package Check Results for Package learningr

Last updated on 2015-03-04 19:50:20.

Flavor Version Tinstall Tcheck Ttotal Status Flags
r-devel-linux-x86_64-debian-clang 0.29 0.70 9.45 10.15 NOTE
r-devel-linux-x86_64-debian-gcc 0.29 0.66 9.32 9.98 NOTE
r-devel-linux-x86_64-fedora-clang 0.29 19.66 NOTE
r-devel-linux-x86_64-fedora-gcc 0.29 18.54 NOTE
r-devel-osx-x86_64-clang 0.29 22.67 NOTE
r-devel-windows-ix86+x86_64 0.29 4.00 18.00 22.00 NOTE
r-patched-linux-x86_64 0.29 0.83 10.19 11.02 NOTE
r-patched-solaris-sparc 0.29 152.40 NOTE
r-patched-solaris-x86 0.29 32.70 NOTE
r-release-linux-ix86 0.29 1.42 16.04 17.46 NOTE
r-release-linux-x86_64 0.29 0.82 10.08 10.90 NOTE
r-release-osx-x86_64-mavericks 0.29 NOTE
r-release-osx-x86_64-snowleopard 0.29 NOTE
r-release-windows-ix86+x86_64 0.29 4.00 19.00 23.00 NOTE
r-oldrel-windows-ix86+x86_64 0.29 4.00 20.00 24.00 NOTE

Check Details

Version: 0.29
Check: DESCRIPTION meta-information
Result: NOTE
    Malformed Title field: should not end in a period.
Flavors: r-devel-linux-x86_64-debian-clang, r-devel-linux-x86_64-debian-gcc, r-devel-linux-x86_64-fedora-clang, r-devel-linux-x86_64-fedora-gcc, r-devel-osx-x86_64-clang, r-devel-windows-ix86+x86_64

Version: 0.29
Check: data for non-ASCII characters
Result: NOTE
     Note: found 78 marked UTF-8 strings
Flavors: r-devel-linux-x86_64-debian-clang, r-devel-linux-x86_64-debian-gcc, r-devel-linux-x86_64-fedora-clang, r-devel-linux-x86_64-fedora-gcc, r-devel-osx-x86_64-clang, r-devel-windows-ix86+x86_64, r-patched-linux-x86_64, r-patched-solaris-sparc, r-patched-solaris-x86, r-release-linux-ix86, r-release-linux-x86_64, r-release-osx-x86_64-mavericks, r-release-osx-x86_64-snowleopard, r-release-windows-ix86+x86_64, r-oldrel-windows-ix86+x86_64