CRAN Package Check Results for Package learningr

Last updated on 2014-04-25 09:52:16.

Flavor Version Tinstall Tcheck Ttotal Status Flags
r-devel-linux-x86_64-debian-clang 0.29 0.83 10.28 11.11 NOTE
r-devel-linux-x86_64-debian-gcc 0.29 0.83 10.32 11.16 NOTE
r-devel-linux-x86_64-fedora-clang 0.29 20.96 NOTE
r-devel-linux-x86_64-fedora-gcc 0.29 20.70 NOTE
r-devel-osx-x86_64-clang 0.29 21.97 NOTE
r-devel-osx-x86_64-gcc 0.29 NOTE
r-devel-windows-ix86+x86_64 0.29 2.00 17.00 19.00 NOTE
r-patched-linux-x86_64 0.29 0.81 10.02 10.84 NOTE
r-patched-solaris-sparc 0.29 121.10 NOTE
r-patched-solaris-x86 0.29 30.90 NOTE
r-release-linux-ix86 0.29 2.00 23.00 25.00 NOTE
r-release-linux-x86_64 0.29 0.85 10.28 11.12 NOTE
r-release-osx-x86_64-mavericks 0.29 WARN
r-release-osx-x86_64-snowleopard 0.29 NOTE
r-release-windows-ix86+x86_64 0.29 3.00 17.00 20.00 NOTE
r-oldrel-windows-ix86+x86_64 0.29 3.00 19.00 22.00 NOTE

Check Details

Version: 0.29
Check: data for non-ASCII characters
Result: NOTE
     Note: found 78 marked UTF-8 strings
Flavors: r-devel-linux-x86_64-debian-clang, r-devel-linux-x86_64-debian-gcc, r-devel-linux-x86_64-fedora-clang, r-devel-linux-x86_64-fedora-gcc, r-devel-osx-x86_64-clang, r-devel-osx-x86_64-gcc, r-devel-windows-ix86+x86_64, r-patched-linux-x86_64, r-patched-solaris-sparc, r-patched-solaris-x86, r-release-linux-ix86, r-release-linux-x86_64, r-release-osx-x86_64-mavericks, r-release-osx-x86_64-snowleopard, r-release-windows-ix86+x86_64, r-oldrel-windows-ix86+x86_64

Version: 0.29
Check: package dependencies
Result: NOTE
    Package suggested but not available for checking: ‘knitr’
Flavor: r-devel-osx-x86_64-gcc

Version: 0.29
Check: PDF version of manual
Result: WARNING
    LaTeX errors when creating PDF version.
    This typically indicates Rd problems.
    LaTeX errors found:
    ! LaTeX Error: File `upquote.sty' not found.
    
    Type X to quit or <RETURN> to proceed,
    or enter new name. (Default extension: sty)
    
    156625d/Rd2.tex:8: ==> Fatal error occurred, no output PDF file produced!
Flavor: r-release-osx-x86_64-mavericks