CRAN Package Check Results for Package learningr

Last updated on 2020-09-19 08:50:03 CEST.

Flavor Version Tinstall Tcheck Ttotal Status Flags
r-devel-linux-x86_64-debian-clang 0.29.1 2.46 20.48 22.94 OK
r-devel-linux-x86_64-debian-gcc 0.29.1 1.89 16.32 18.21 OK
r-devel-linux-x86_64-fedora-clang 0.29.1 36.62 NOTE
r-devel-linux-x86_64-fedora-gcc 0.29.1 27.13 NOTE
r-devel-windows-ix86+x86_64 0.29.1 5.00 32.00 37.00 OK
r-patched-linux-x86_64 0.29.1 2.31 20.12 22.43 OK
r-patched-solaris-x86 0.29.1 42.10 NOTE
r-release-linux-x86_64 0.29.1 2.60 20.20 22.80 OK
r-release-macos-x86_64 0.29.1 NOTE
r-release-windows-ix86+x86_64 0.29.1 5.00 32.00 37.00 OK
r-oldrel-macos-x86_64 0.29.1 NOTE
r-oldrel-windows-ix86+x86_64 0.29.1 3.00 35.00 38.00 OK

Check Details

Version: 0.29.1
Check: Rd cross-references
Result: NOTE
    Undeclared package ‘pracma’ in Rd xrefs
Flavor: r-devel-linux-x86_64-fedora-clang

Version: 0.29.1
Check: data for non-ASCII characters
Result: NOTE
     Note: found 78 marked UTF-8 strings
Flavors: r-devel-linux-x86_64-fedora-clang, r-devel-linux-x86_64-fedora-gcc, r-patched-solaris-x86, r-release-macos-x86_64, r-oldrel-macos-x86_64