CRAN Package Check Results for Package learningr

Last updated on 2017-01-19 03:52:55.

Flavor Version Tinstall Tcheck Ttotal Status Flags
r-devel-linux-x86_64-debian-clang 0.29 0.70 11.09 11.80 NOTE
r-devel-linux-x86_64-debian-gcc 0.29 0.70 10.78 11.47 NOTE
r-devel-linux-x86_64-fedora-clang 0.29 19.42 NOTE --no-stop-on-test-error
r-devel-linux-x86_64-fedora-gcc 0.29 19.41 NOTE --no-stop-on-test-error
r-devel-macos-x86_64-clang 0.29 18.00 NOTE --no-stop-on-test-error
r-devel-windows-ix86+x86_64 0.29 4.00 24.00 28.00 NOTE
r-patched-linux-x86_64 0.29 0.74 9.79 10.53 NOTE
r-patched-solaris-sparc 0.29 117.40 NOTE
r-patched-solaris-x86 0.29 25.60 NOTE
r-release-linux-x86_64 0.29 0.74 9.67 10.42 NOTE
r-release-osx-x86_64-mavericks 0.29 NOTE
r-release-windows-ix86+x86_64 0.29 3.00 33.00 36.00 NOTE
r-oldrel-windows-ix86+x86_64 0.29 5.00 24.00 29.00 NOTE

Check Details

Version: 0.29
Check: DESCRIPTION meta-information
Result: NOTE
    Malformed Title field: should not end in a period.
Flavors: r-devel-linux-x86_64-debian-clang, r-devel-linux-x86_64-debian-gcc, r-devel-windows-ix86+x86_64, r-patched-linux-x86_64, r-patched-solaris-sparc, r-patched-solaris-x86, r-release-linux-x86_64, r-release-osx-x86_64-mavericks, r-release-windows-ix86+x86_64, r-oldrel-windows-ix86+x86_64

Version: 0.29
Flags: --no-stop-on-test-error
Check: DESCRIPTION meta-information
Result: NOTE
    Malformed Title field: should not end in a period.
Flavors: r-devel-linux-x86_64-fedora-clang, r-devel-linux-x86_64-fedora-gcc, r-devel-macos-x86_64-clang

Version: 0.29
Flags: --no-stop-on-test-error
Check: data for non-ASCII characters
Result: NOTE
     Note: found 78 marked UTF-8 strings
Flavors: r-devel-linux-x86_64-fedora-clang, r-devel-linux-x86_64-fedora-gcc, r-devel-macos-x86_64-clang

Version: 0.29
Check: data for non-ASCII characters
Result: NOTE
     Note: found 78 marked UTF-8 strings
Flavors: r-patched-solaris-sparc, r-patched-solaris-x86, r-release-osx-x86_64-mavericks, r-oldrel-windows-ix86+x86_64