CRAN Package Check Results for Package learningr

Last updated on 2018-04-25 15:48:15 CEST.

Flavor Version Tinstall Tcheck Ttotal Status Flags
r-devel-linux-x86_64-debian-clang 0.29 1.21 17.54 18.75 NOTE
r-devel-linux-x86_64-debian-gcc 0.29 0.97 14.36 15.33 NOTE
r-devel-linux-x86_64-fedora-clang 0.29 24.08 NOTE
r-devel-linux-x86_64-fedora-gcc 0.29 21.45 NOTE
r-devel-windows-ix86+x86_64 0.29 4.00 27.00 31.00 NOTE
r-patched-linux-x86_64 0.29 1.30 17.18 18.48 NOTE
r-patched-solaris-x86 0.29 36.10 NOTE
r-release-linux-x86_64 0.29 1.19 17.01 18.20 NOTE
r-release-windows-ix86+x86_64 0.29 4.00 27.00 31.00 NOTE
r-release-osx-x86_64 0.29 NOTE
r-oldrel-windows-ix86+x86_64 0.29 3.00 25.00 28.00 NOTE
r-oldrel-osx-x86_64 0.29 NOTE

Check Details

Version: 0.29
Check: DESCRIPTION meta-information
Result: NOTE
    Malformed Title field: should not end in a period.
Flavors: r-devel-linux-x86_64-debian-clang, r-devel-linux-x86_64-debian-gcc, r-devel-linux-x86_64-fedora-clang, r-devel-linux-x86_64-fedora-gcc, r-devel-windows-ix86+x86_64, r-patched-linux-x86_64, r-patched-solaris-x86, r-release-linux-x86_64, r-release-windows-ix86+x86_64, r-release-osx-x86_64, r-oldrel-windows-ix86+x86_64, r-oldrel-osx-x86_64

Version: 0.29
Check: data for non-ASCII characters
Result: NOTE
     Note: found 78 marked UTF-8 strings
Flavors: r-devel-linux-x86_64-fedora-clang, r-devel-linux-x86_64-fedora-gcc, r-patched-solaris-x86, r-release-osx-x86_64, r-oldrel-osx-x86_64