CRAN Package Check Results for Package learningr

Last updated on 2020-02-21 22:51:11 CET.

Flavor Version Tinstall Tcheck Ttotal Status Flags
r-devel-linux-x86_64-debian-clang 0.29.1 2.31 20.12 22.43 OK
r-devel-linux-x86_64-debian-gcc 0.29.1 1.84 15.85 17.69 OK
r-devel-linux-x86_64-fedora-clang 0.29.1 27.69 NOTE
r-devel-linux-x86_64-fedora-gcc 0.29.1 26.71 NOTE
r-devel-windows-ix86+x86_64 0.29.1 6.00 33.00 39.00 OK
r-devel-windows-ix86+x86_64-gcc8 0.29.1 7.00 45.00 52.00 OK
r-patched-linux-x86_64 0.29.1 OK
r-patched-solaris-x86 0.29.1 38.60 NOTE
r-release-linux-x86_64 0.29.1 1.90 18.24 20.14 OK
r-release-windows-ix86+x86_64 0.29.1 4.00 32.00 36.00 OK
r-release-osx-x86_64 0.29.1 NOTE
r-oldrel-windows-ix86+x86_64 0.29.1 3.00 31.00 34.00 OK
r-oldrel-osx-x86_64 0.29.1 NOTE

Check Details

Version: 0.29.1
Check: data for non-ASCII characters
Result: NOTE
     Note: found 78 marked UTF-8 strings
Flavors: r-devel-linux-x86_64-fedora-clang, r-devel-linux-x86_64-fedora-gcc, r-patched-solaris-x86, r-release-osx-x86_64, r-oldrel-osx-x86_64