CRAN Package Check Results for Package learningr

Last updated on 2018-02-18 06:46:27 CET.

Flavor Version Tinstall Tcheck Ttotal Status Flags
r-devel-linux-x86_64-debian-clang 0.29 1.18 17.39 18.57 NOTE
r-devel-linux-x86_64-debian-gcc 0.29 0.89 14.04 14.93 NOTE
r-devel-linux-x86_64-fedora-clang 0.29 22.68 NOTE
r-devel-linux-x86_64-fedora-gcc 0.29 20.83 NOTE
r-devel-windows-ix86+x86_64 0.29 3.00 28.00 31.00 NOTE
r-patched-linux-x86_64 0.29 0.89 16.43 17.32 NOTE
r-patched-solaris-x86 0.29 28.50 NOTE
r-release-linux-x86_64 0.29 1.10 16.39 17.49 NOTE
r-release-windows-ix86+x86_64 0.29 5.00 29.00 34.00 NOTE
r-release-osx-x86_64 0.29 NOTE
r-oldrel-windows-ix86+x86_64 0.29 3.00 33.00 36.00 NOTE
r-oldrel-osx-x86_64 0.29 NOTE

Check Details

Version: 0.29
Check: DESCRIPTION meta-information
Result: NOTE
    Malformed Title field: should not end in a period.
Flavors: r-devel-linux-x86_64-debian-clang, r-devel-linux-x86_64-debian-gcc, r-devel-linux-x86_64-fedora-clang, r-devel-linux-x86_64-fedora-gcc, r-devel-windows-ix86+x86_64, r-patched-linux-x86_64, r-patched-solaris-x86, r-release-linux-x86_64, r-release-windows-ix86+x86_64, r-release-osx-x86_64, r-oldrel-windows-ix86+x86_64, r-oldrel-osx-x86_64

Version: 0.29
Check: data for non-ASCII characters
Result: NOTE
     Note: found 78 marked UTF-8 strings
Flavors: r-devel-linux-x86_64-fedora-clang, r-devel-linux-x86_64-fedora-gcc, r-patched-solaris-x86, r-release-osx-x86_64, r-oldrel-osx-x86_64