CRAN Package Check Results for Package learningr

Last updated on 2016-05-06 12:52:45.

Flavor Version Tinstall Tcheck Ttotal Status Flags
r-devel-linux-x86_64-debian-gcc 0.29 0.66 9.49 10.15 NOTE
r-devel-linux-x86_64-fedora-clang 0.29 16.46 NOTE
r-devel-linux-x86_64-fedora-gcc 0.29 15.38 NOTE
r-devel-osx-x86_64-clang 0.29 20.69 NOTE
r-devel-windows-ix86+x86_64 0.29 3.00 24.00 27.00 NOTE
r-patched-linux-x86_64 0.29 0.77 9.81 10.57 NOTE
r-patched-solaris-sparc 0.29 109.50 NOTE
r-patched-solaris-x86 0.29 25.50 NOTE
r-release-linux-x86_64 0.29 0.66 9.63 10.29 NOTE
r-release-osx-x86_64-mavericks 0.29 NOTE
r-release-windows-ix86+x86_64 0.29 3.00 24.00 27.00 NOTE
r-oldrel-windows-ix86+x86_64 0.29 8.00 25.00 33.00 NOTE

Check Details

Version: 0.29
Check: DESCRIPTION meta-information
Result: NOTE
    Malformed Title field: should not end in a period.
Flavors: r-devel-linux-x86_64-debian-gcc, r-devel-linux-x86_64-fedora-clang, r-devel-linux-x86_64-fedora-gcc, r-devel-osx-x86_64-clang, r-devel-windows-ix86+x86_64, r-patched-linux-x86_64, r-patched-solaris-sparc, r-patched-solaris-x86, r-release-linux-x86_64, r-release-osx-x86_64-mavericks, r-release-windows-ix86+x86_64, r-oldrel-windows-ix86+x86_64

Version: 0.29
Check: data for non-ASCII characters
Result: NOTE
     Note: found 78 marked UTF-8 strings
Flavors: r-devel-linux-x86_64-fedora-clang, r-devel-linux-x86_64-fedora-gcc, r-devel-osx-x86_64-clang, r-patched-solaris-sparc, r-patched-solaris-x86, r-release-osx-x86_64-mavericks, r-oldrel-windows-ix86+x86_64