CRAN Package Check Results for Package learningr

Last updated on 2017-08-21 09:48:01.

Flavor Version Tinstall Tcheck Ttotal Status Flags
r-devel-linux-x86_64-debian-clang 0.29 0.69 11.60 12.29 NOTE
r-devel-linux-x86_64-debian-gcc 0.29 0.72 11.48 12.20 NOTE
r-devel-linux-x86_64-fedora-clang 0.29 19.91 NOTE
r-devel-linux-x86_64-fedora-gcc 0.29 18.81 NOTE
r-devel-windows-ix86+x86_64 0.29 3.00 28.00 31.00 NOTE
r-patched-linux-x86_64 0.29 0.68 11.15 11.83 NOTE
r-patched-solaris-x86 0.29 28.10 NOTE
r-release-linux-x86_64 0.29 0.69 11.66 12.35 NOTE
r-release-windows-ix86+x86_64 0.29 5.00 31.00 36.00 NOTE
r-release-osx-x86_64 0.29 NOTE
r-oldrel-windows-ix86+x86_64 0.29 3.00 26.00 29.00 NOTE
r-oldrel-osx-x86_64 0.29 NOTE

Check Details

Version: 0.29
Check: DESCRIPTION meta-information
Result: NOTE
    Malformed Title field: should not end in a period.
Flavors: r-devel-linux-x86_64-debian-clang, r-devel-linux-x86_64-debian-gcc, r-devel-linux-x86_64-fedora-clang, r-devel-linux-x86_64-fedora-gcc, r-devel-windows-ix86+x86_64, r-patched-linux-x86_64, r-patched-solaris-x86, r-release-linux-x86_64, r-release-windows-ix86+x86_64, r-release-osx-x86_64, r-oldrel-windows-ix86+x86_64, r-oldrel-osx-x86_64

Version: 0.29
Check: data for non-ASCII characters
Result: NOTE
     Note: found 78 marked UTF-8 strings
Flavors: r-devel-linux-x86_64-fedora-clang, r-devel-linux-x86_64-fedora-gcc, r-patched-solaris-x86, r-release-osx-x86_64, r-oldrel-osx-x86_64