CRAN Package Check Results for Package learningr

Last updated on 2014-12-20 19:48:24.

Flavor Version Tinstall Tcheck Ttotal Status Flags
r-devel-linux-x86_64-debian-clang 0.29 0.88 10.07 10.95 NOTE
r-devel-linux-x86_64-debian-gcc 0.29 0.86 10.08 10.94 NOTE
r-devel-linux-x86_64-fedora-clang 0.29 23.07 NOTE
r-devel-linux-x86_64-fedora-gcc 0.29 21.26 NOTE
r-devel-osx-x86_64-clang 0.29 24.43 NOTE
r-devel-windows-ix86+x86_64 0.29 4.00 18.00 22.00 NOTE
r-patched-linux-x86_64 0.29 0.90 10.02 10.92 NOTE
r-patched-solaris-sparc 0.29 119.00 NOTE
r-patched-solaris-x86 0.29 31.90 NOTE
r-release-linux-ix86 0.29 1.24 15.68 16.92 NOTE
r-release-linux-x86_64 0.29 0.95 10.46 11.41 NOTE
r-release-osx-x86_64-mavericks 0.29 NOTE
r-release-osx-x86_64-snowleopard 0.29 NOTE
r-release-windows-ix86+x86_64 0.29 4.00 17.00 21.00 NOTE
r-oldrel-windows-ix86+x86_64 0.29 4.00 18.00 22.00 NOTE

Check Details

Version: 0.29
Check: data for non-ASCII characters
Result: NOTE
     Note: found 78 marked UTF-8 strings
Flavors: r-devel-linux-x86_64-debian-clang, r-devel-linux-x86_64-debian-gcc, r-devel-linux-x86_64-fedora-clang, r-devel-linux-x86_64-fedora-gcc, r-devel-osx-x86_64-clang, r-devel-windows-ix86+x86_64, r-patched-linux-x86_64, r-patched-solaris-sparc, r-patched-solaris-x86, r-release-linux-ix86, r-release-linux-x86_64, r-release-osx-x86_64-mavericks, r-release-osx-x86_64-snowleopard, r-release-windows-ix86+x86_64, r-oldrel-windows-ix86+x86_64