CRAN Package Check Results for Package learningr

Last updated on 2017-03-23 03:47:56.

Flavor Version Tinstall Tcheck Ttotal Status Flags
r-devel-linux-x86_64-debian-clang 0.29 0.73 11.36 12.09 NOTE
r-devel-linux-x86_64-debian-gcc 0.29 0.68 11.61 12.30 NOTE
r-devel-linux-x86_64-fedora-clang 0.29 22.99 NOTE --no-stop-on-test-error
r-devel-linux-x86_64-fedora-gcc 0.29 18.77 NOTE --no-stop-on-test-error
r-devel-macos-x86_64-clang 0.29 17.93 NOTE --no-stop-on-test-error
r-devel-windows-ix86+x86_64 0.29 3.00 27.00 30.00 NOTE
r-patched-linux-x86_64 0.29 0.71 9.83 10.54 NOTE
r-patched-solaris-sparc 0.29 126.60 NOTE
r-patched-solaris-x86 0.29 30.10 NOTE
r-release-linux-x86_64 0.29 0.67 9.67 10.34 NOTE
r-release-osx-x86_64-mavericks 0.29 NOTE
r-release-windows-ix86+x86_64 0.29 6.00 25.00 31.00 NOTE
r-oldrel-windows-ix86+x86_64 0.29 7.00 32.00 39.00 NOTE

Check Details

Version: 0.29
Check: DESCRIPTION meta-information
Result: NOTE
    Malformed Title field: should not end in a period.
Flavors: r-devel-linux-x86_64-debian-clang, r-devel-linux-x86_64-debian-gcc, r-devel-windows-ix86+x86_64, r-patched-linux-x86_64, r-patched-solaris-sparc, r-patched-solaris-x86, r-release-linux-x86_64, r-release-osx-x86_64-mavericks, r-release-windows-ix86+x86_64, r-oldrel-windows-ix86+x86_64

Version: 0.29
Flags: --no-stop-on-test-error
Check: DESCRIPTION meta-information
Result: NOTE
    Malformed Title field: should not end in a period.
Flavors: r-devel-linux-x86_64-fedora-clang, r-devel-linux-x86_64-fedora-gcc, r-devel-macos-x86_64-clang

Version: 0.29
Flags: --no-stop-on-test-error
Check: data for non-ASCII characters
Result: NOTE
     Note: found 78 marked UTF-8 strings
Flavors: r-devel-linux-x86_64-fedora-clang, r-devel-linux-x86_64-fedora-gcc, r-devel-macos-x86_64-clang

Version: 0.29
Check: data for non-ASCII characters
Result: NOTE
     Note: found 78 marked UTF-8 strings
Flavors: r-patched-solaris-sparc, r-patched-solaris-x86, r-release-osx-x86_64-mavericks, r-oldrel-windows-ix86+x86_64