CRAN Package Check Results for Package learningr

Last updated on 2014-10-02 01:48:19.

Flavor Version Tinstall Tcheck Ttotal Status Flags
r-devel-linux-x86_64-debian-clang 0.29 0.91 10.26 11.18 NOTE
r-devel-linux-x86_64-debian-gcc 0.29 0.85 10.20 11.05 NOTE
r-devel-linux-x86_64-fedora-clang 0.29 21.81 NOTE
r-devel-linux-x86_64-fedora-gcc 0.29 20.09 NOTE
r-devel-osx-x86_64-clang 0.29 23.57 NOTE
r-devel-windows-ix86+x86_64 0.29 3.00 17.00 20.00 NOTE
r-patched-linux-x86_64 0.29 0.85 10.48 11.33 NOTE
r-patched-solaris-sparc 0.29 119.00 NOTE
r-patched-solaris-x86 0.29 32.20 NOTE
r-release-linux-ix86 0.29 1.16 16.72 17.88 NOTE
r-release-linux-x86_64 0.29 0.80 9.96 10.75 NOTE
r-release-osx-x86_64-mavericks 0.29 NOTE
r-release-osx-x86_64-snowleopard 0.29 NOTE
r-release-windows-ix86+x86_64 0.29 3.00 17.00 20.00 NOTE
r-oldrel-windows-ix86+x86_64 0.29 4.00 20.00 24.00 NOTE

Check Details

Version: 0.29
Check: data for non-ASCII characters
Result: NOTE
     Note: found 78 marked UTF-8 strings
Flavors: r-devel-linux-x86_64-debian-clang, r-devel-linux-x86_64-debian-gcc, r-devel-linux-x86_64-fedora-clang, r-devel-linux-x86_64-fedora-gcc, r-devel-osx-x86_64-clang, r-devel-windows-ix86+x86_64, r-patched-linux-x86_64, r-patched-solaris-sparc, r-patched-solaris-x86, r-release-linux-ix86, r-release-linux-x86_64, r-release-osx-x86_64-mavericks, r-release-osx-x86_64-snowleopard, r-release-windows-ix86+x86_64, r-oldrel-windows-ix86+x86_64