CRAN Package Check Results for Package learningr

Last updated on 2016-07-25 08:48:33.

Flavor Version Tinstall Tcheck Ttotal Status Flags
r-devel-linux-x86_64-debian-clang 0.29 0.66 12.15 12.81 NOTE
r-devel-linux-x86_64-debian-gcc 0.29 0.89 12.03 12.92 NOTE
r-devel-linux-x86_64-fedora-clang 0.29 16.71 NOTE
r-devel-linux-x86_64-fedora-gcc 0.29 15.79 NOTE
r-devel-osx-x86_64-clang 0.29 15.86 NOTE
r-devel-windows-ix86+x86_64 0.29 6.00 41.00 47.00 NOTE
r-patched-linux-x86_64 0.29 0.93 11.64 12.57 NOTE
r-patched-solaris-sparc 0.29 109.30 NOTE
r-patched-solaris-x86 0.29 24.00 NOTE
r-release-linux-x86_64 0.29 0.94 11.95 12.88 NOTE
r-release-osx-x86_64-mavericks 0.29 NOTE
r-release-windows-ix86+x86_64 0.29 4.00 25.00 29.00 NOTE
r-oldrel-windows-ix86+x86_64 0.29 5.00 22.00 27.00 NOTE

Check Details

Version: 0.29
Check: DESCRIPTION meta-information
Result: NOTE
    Malformed Title field: should not end in a period.
Flavors: r-devel-linux-x86_64-debian-clang, r-devel-linux-x86_64-debian-gcc, r-devel-linux-x86_64-fedora-clang, r-devel-linux-x86_64-fedora-gcc, r-devel-osx-x86_64-clang, r-devel-windows-ix86+x86_64, r-patched-linux-x86_64, r-patched-solaris-sparc, r-patched-solaris-x86, r-release-linux-x86_64, r-release-osx-x86_64-mavericks, r-release-windows-ix86+x86_64, r-oldrel-windows-ix86+x86_64

Version: 0.29
Check: data for non-ASCII characters
Result: NOTE
     Note: found 78 marked UTF-8 strings
Flavors: r-devel-linux-x86_64-fedora-clang, r-devel-linux-x86_64-fedora-gcc, r-devel-osx-x86_64-clang, r-patched-solaris-sparc, r-patched-solaris-x86, r-release-osx-x86_64-mavericks, r-oldrel-windows-ix86+x86_64