CRAN Package Check Results for Package learningr

Last updated on 2016-09-30 12:50:24.

Flavor Version Tinstall Tcheck Ttotal Status Flags
r-devel-linux-x86_64-debian-clang 0.29 0.77 10.40 11.17 NOTE
r-devel-linux-x86_64-debian-gcc 0.29 0.77 10.30 11.07 NOTE
r-devel-linux-x86_64-fedora-clang 0.29 18.43 NOTE
r-devel-linux-x86_64-fedora-gcc 0.29 15.83 NOTE
r-devel-macos-x86_64-clang 0.29 15.81 NOTE
r-devel-windows-ix86+x86_64 0.29 3.00 32.00 35.00 NOTE
r-patched-linux-x86_64 0.29 0.67 9.85 10.51 NOTE
r-patched-solaris-sparc 0.29 109.30 NOTE
r-patched-solaris-x86 0.29 24.10 NOTE
r-release-linux-x86_64 0.29 0.67 9.85 10.53 NOTE
r-release-osx-x86_64-mavericks 0.29 NOTE
r-release-windows-ix86+x86_64 0.29 3.00 31.00 34.00 NOTE
r-oldrel-windows-ix86+x86_64 0.29 7.00 32.00 39.00 NOTE

Check Details

Version: 0.29
Check: DESCRIPTION meta-information
Result: NOTE
    Malformed Title field: should not end in a period.
Flavors: r-devel-linux-x86_64-debian-clang, r-devel-linux-x86_64-debian-gcc, r-devel-linux-x86_64-fedora-clang, r-devel-linux-x86_64-fedora-gcc, r-devel-macos-x86_64-clang, r-devel-windows-ix86+x86_64, r-patched-linux-x86_64, r-patched-solaris-sparc, r-patched-solaris-x86, r-release-linux-x86_64, r-release-osx-x86_64-mavericks, r-release-windows-ix86+x86_64, r-oldrel-windows-ix86+x86_64

Version: 0.29
Check: data for non-ASCII characters
Result: NOTE
     Note: found 78 marked UTF-8 strings
Flavors: r-devel-linux-x86_64-fedora-clang, r-devel-linux-x86_64-fedora-gcc, r-devel-macos-x86_64-clang, r-patched-solaris-sparc, r-patched-solaris-x86, r-release-osx-x86_64-mavericks, r-oldrel-windows-ix86+x86_64