CRAN Package Check Results for Package learningr

Last updated on 2015-05-22 17:46:40.

Flavor Version Tinstall Tcheck Ttotal Status Flags
r-devel-linux-x86_64-debian-clang 0.29 0.70 9.52 10.22 NOTE
r-devel-linux-x86_64-debian-gcc 0.29 0.68 9.19 9.87 NOTE
r-devel-linux-x86_64-fedora-clang 0.29 19.48 NOTE
r-devel-linux-x86_64-fedora-gcc 0.29 18.63 NOTE
r-devel-osx-x86_64-clang 0.29 23.37 NOTE
r-devel-windows-ix86+x86_64 0.29 6.00 16.00 22.00 NOTE
r-patched-linux-x86_64 0.29 0.66 10.13 10.79 NOTE
r-patched-solaris-sparc 0.29 143.20 NOTE
r-patched-solaris-x86 0.29 28.00 NOTE
r-release-linux-x86_64 0.29 0.67 9.53 10.20 NOTE
r-release-osx-x86_64-mavericks 0.29 NOTE
r-release-osx-x86_64-snowleopard 0.29 ERROR
r-release-windows-ix86+x86_64 0.29 4.00 16.00 20.00 NOTE
r-oldrel-windows-ix86+x86_64 0.29 6.00 20.00 26.00 NOTE

Check Details

Version: 0.29
Check: DESCRIPTION meta-information
Result: NOTE
    Malformed Title field: should not end in a period.
Flavors: r-devel-linux-x86_64-debian-clang, r-devel-linux-x86_64-debian-gcc, r-devel-linux-x86_64-fedora-clang, r-devel-linux-x86_64-fedora-gcc, r-devel-osx-x86_64-clang, r-devel-windows-ix86+x86_64, r-patched-linux-x86_64, r-patched-solaris-sparc, r-patched-solaris-x86, r-release-linux-x86_64, r-release-osx-x86_64-mavericks, r-release-windows-ix86+x86_64

Version: 0.29
Check: data for non-ASCII characters
Result: NOTE
     Note: found 78 marked UTF-8 strings
Flavors: r-devel-linux-x86_64-debian-clang, r-devel-linux-x86_64-debian-gcc, r-devel-linux-x86_64-fedora-clang, r-devel-linux-x86_64-fedora-gcc, r-devel-osx-x86_64-clang, r-devel-windows-ix86+x86_64, r-patched-linux-x86_64, r-patched-solaris-sparc, r-patched-solaris-x86, r-release-linux-x86_64, r-release-osx-x86_64-mavericks, r-release-windows-ix86+x86_64, r-oldrel-windows-ix86+x86_64

Version: 0.29
Check: package dependencies
Result: ERROR
    Package suggested but not available for checking: ‘knitr’
    
    VignetteBuilder package required for checking but installed: ‘knitr’
    
    See section ‘The DESCRIPTION file’ in the ‘Writing R Extensions’
    manual.
Flavor: r-release-osx-x86_64-snowleopard