CRAN Package Check Results for Package learningr

Last updated on 2017-12-11 02:48:42 CET.

Flavor Version Tinstall Tcheck Ttotal Status Flags
r-devel-linux-x86_64-debian-clang 0.29 0.78 14.57 15.35 NOTE
r-devel-linux-x86_64-debian-gcc 0.29 0.80 13.06 13.86 NOTE
r-devel-linux-x86_64-fedora-clang 0.29 19.50 NOTE
r-devel-linux-x86_64-fedora-gcc 0.29 18.26 NOTE
r-devel-windows-ix86+x86_64 0.29 4.00 26.00 30.00 NOTE
r-patched-linux-x86_64 0.29 0.92 16.18 17.10 NOTE
r-patched-solaris-x86 0.29 29.40 NOTE
r-release-linux-x86_64 0.29 0.82 15.94 16.76 NOTE
r-release-windows-ix86+x86_64 0.29 4.00 28.00 32.00 NOTE
r-release-osx-x86_64 0.29 NOTE
r-oldrel-windows-ix86+x86_64 0.29 7.00 34.00 41.00 NOTE
r-oldrel-osx-x86_64 0.29 NOTE

Check Details

Version: 0.29
Check: DESCRIPTION meta-information
Result: NOTE
    Malformed Title field: should not end in a period.
Flavors: r-devel-linux-x86_64-debian-clang, r-devel-linux-x86_64-debian-gcc, r-devel-linux-x86_64-fedora-clang, r-devel-linux-x86_64-fedora-gcc, r-devel-windows-ix86+x86_64, r-patched-linux-x86_64, r-patched-solaris-x86, r-release-linux-x86_64, r-release-windows-ix86+x86_64, r-release-osx-x86_64, r-oldrel-windows-ix86+x86_64, r-oldrel-osx-x86_64

Version: 0.29
Check: data for non-ASCII characters
Result: NOTE
     Note: found 78 marked UTF-8 strings
Flavors: r-devel-linux-x86_64-fedora-clang, r-devel-linux-x86_64-fedora-gcc, r-patched-solaris-x86, r-release-osx-x86_64, r-oldrel-osx-x86_64