Last updated on 2022-05-29 06:51:35 CEST.
Flavor | Version | Tinstall | Tcheck | Ttotal | Status | Flags |
---|---|---|---|---|---|---|
r-devel-linux-x86_64-debian-clang | 0.10.1 | 7.08 | 97.24 | 104.32 | NOTE | |
r-devel-linux-x86_64-debian-gcc | 0.10.1 | 5.18 | 71.63 | 76.81 | NOTE | |
r-devel-linux-x86_64-fedora-clang | 0.10.1 | 120.45 | NOTE | |||
r-devel-linux-x86_64-fedora-gcc | 0.10.1 | 128.80 | NOTE | |||
r-devel-windows-x86_64 | 0.10.1 | 92.00 | 128.00 | 220.00 | NOTE | |
r-patched-linux-x86_64 | 0.10.1 | 7.07 | 91.55 | 98.62 | NOTE | |
r-release-linux-x86_64 | 0.10.1 | 7.10 | 91.94 | 99.04 | NOTE | |
r-release-macos-arm64 | 0.10.1 | 39.00 | NOTE | |||
r-release-macos-x86_64 | 0.10.1 | 58.00 | NOTE | |||
r-release-windows-x86_64 | 0.10.1 | 98.00 | 137.00 | 235.00 | NOTE | |
r-oldrel-macos-arm64 | 0.10.1 | 47.00 | NOTE | |||
r-oldrel-macos-x86_64 | 0.10.1 | 62.00 | NOTE | |||
r-oldrel-windows-ix86+x86_64 | 0.10.1 | 16.00 | 120.00 | 136.00 | NOTE |
Version: 0.10.1
Check: LazyData
Result: NOTE
'LazyData' is specified without a 'data' directory
Flavors: r-devel-linux-x86_64-debian-clang, r-devel-linux-x86_64-debian-gcc, r-devel-linux-x86_64-fedora-clang, r-devel-linux-x86_64-fedora-gcc, r-devel-windows-x86_64, r-patched-linux-x86_64, r-release-linux-x86_64, r-release-macos-arm64, r-release-macos-x86_64, r-release-windows-x86_64, r-oldrel-macos-arm64, r-oldrel-macos-x86_64, r-oldrel-windows-ix86+x86_64