Last updated on 2022-05-19 03:56:00 CEST.
Flavor | Version | Tinstall | Tcheck | Ttotal | Status | Flags |
---|---|---|---|---|---|---|
r-devel-linux-x86_64-debian-clang | 0.1.4 | 10.05 | 88.28 | 98.33 | OK | |
r-devel-linux-x86_64-debian-gcc | 0.1.4 | 6.05 | 66.95 | 73.00 | OK | |
r-devel-linux-x86_64-fedora-clang | 0.1.4 | 115.04 | NOTE | |||
r-devel-linux-x86_64-fedora-gcc | 0.1.4 | 111.36 | NOTE | |||
r-devel-windows-x86_64 | 0.1.4 | 109.00 | 226.00 | 335.00 | OK | |
r-patched-linux-x86_64 | 0.1.4 | 11.62 | 84.80 | 96.42 | OK | |
r-release-linux-x86_64 | 0.1.4 | 8.18 | 84.59 | 92.77 | OK | |
r-release-macos-arm64 | 0.1.4 | 113.00 | NOTE | |||
r-release-macos-x86_64 | 0.1.4 | 145.00 | NOTE | |||
r-release-windows-x86_64 | 0.1.4 | 104.00 | 217.00 | 321.00 | OK | |
r-oldrel-macos-arm64 | 0.1.4 | 121.00 | NOTE | |||
r-oldrel-macos-x86_64 | 0.1.4 | 135.00 | NOTE | |||
r-oldrel-windows-ix86+x86_64 | 0.1.4 | 20.00 | 190.00 | 210.00 | OK |
Version: 0.1.4
Check: data for non-ASCII characters
Result: NOTE
Note: found 51 marked UTF-8 strings
Flavors: r-devel-linux-x86_64-fedora-clang, r-devel-linux-x86_64-fedora-gcc, r-release-macos-arm64, r-release-macos-x86_64, r-oldrel-macos-arm64, r-oldrel-macos-x86_64