CRAN Package Check Results for Package lehdr

Last updated on 2022-08-12 04:53:26 CEST.

Flavor Version Tinstall Tcheck Ttotal Status Flags
r-devel-linux-x86_64-debian-clang 1.0.1 5.39 163.14 168.53 OK
r-devel-linux-x86_64-debian-gcc 1.0.1 4.42 124.95 129.37 OK
r-devel-linux-x86_64-fedora-clang 1.0.1 209.32 NOTE
r-devel-linux-x86_64-fedora-gcc 1.0.1 214.19 NOTE
r-devel-windows-x86_64 1.0.1 12.00 267.00 279.00 OK
r-patched-linux-x86_64 1.0.1 5.07 159.81 164.88 OK
r-release-linux-x86_64 1.0.1 5.17 164.80 169.97 OK
r-release-macos-arm64 1.0.1 258.00 NOTE
r-release-macos-x86_64 1.0.1 336.00 NOTE
r-release-windows-x86_64 1.0.1 14.00 277.00 291.00 OK
r-oldrel-macos-arm64 1.0.1 246.00 NOTE
r-oldrel-macos-x86_64 1.0.1 277.00 NOTE
r-oldrel-windows-ix86+x86_64 1.0.1 15.00 300.00 315.00 OK

Check Details

Version: 1.0.1
Check: dependencies in R code
Result: NOTE
    Namespace in Imports field not imported from: ‘rlang’
     All declared Imports should be used.
Flavors: r-devel-linux-x86_64-fedora-clang, r-devel-linux-x86_64-fedora-gcc, r-release-macos-arm64, r-release-macos-x86_64, r-oldrel-macos-arm64, r-oldrel-macos-x86_64