CRAN Package Check Results for Package leri

Last updated on 2020-09-22 06:47:30 CEST.

Flavor Version Tinstall Tcheck Ttotal Status Flags
r-devel-linux-x86_64-debian-clang 0.0.1 2.12 25.32 27.44 OK
r-devel-linux-x86_64-debian-gcc 0.0.1 0.27 2.05 2.32 ERROR
r-devel-linux-x86_64-fedora-clang 0.0.1 42.02 OK
r-devel-linux-x86_64-fedora-gcc 0.0.1 32.83 OK
r-devel-windows-ix86+x86_64 0.0.1 5.00 37.00 42.00 OK
r-patched-linux-x86_64 0.0.1 1.85 24.82 26.67 OK
r-patched-solaris-x86 0.0.1 50.60 OK
r-release-linux-x86_64 0.0.1 2.09 25.00 27.09 OK
r-release-macos-x86_64 0.0.1 OK
r-release-windows-ix86+x86_64 0.0.1 5.00 51.00 56.00 OK
r-oldrel-macos-x86_64 0.0.1 OK
r-oldrel-windows-ix86+x86_64 0.0.1 3.00 34.00 37.00 OK

Check Details

Version: 0.0.1
Check: whether package can be installed
Result: ERROR
    Installation failed.
Flavor: r-devel-linux-x86_64-debian-gcc