CRAN Package Check Results for Package lessR

Last updated on 2022-11-30 03:58:27 CET.

Flavor Version Tinstall Tcheck Ttotal Status Flags
r-devel-linux-x86_64-debian-clang 4.2.3 42.40 302.60 345.00 OK
r-devel-linux-x86_64-debian-gcc 4.2.3 29.99 222.86 252.85 OK
r-devel-linux-x86_64-fedora-clang 4.2.3 433.72 NOTE
r-devel-linux-x86_64-fedora-gcc 4.2.3 453.84 OK
r-devel-windows-x86_64 4.2.3 113.00 381.00 494.00 NOTE
r-patched-linux-x86_64 4.2.3 50.53 285.23 335.76 OK
r-release-linux-x86_64 4.2.3 40.35 268.02 308.37 OK
r-release-macos-arm64 4.2.3 108.00 NOTE
r-release-macos-x86_64 4.2.3 146.00 NOTE
r-release-windows-x86_64 4.2.3 113.00 382.00 495.00 NOTE
r-oldrel-macos-arm64 4.2.3 117.00 NOTE
r-oldrel-macos-x86_64 4.2.3 163.00 NOTE
r-oldrel-windows-ix86+x86_64 4.2.3 67.00 327.00 394.00 NOTE

Check Details

Version: 4.2.3
Check: installed package size
Result: NOTE
     installed size is 8.3Mb
     sub-directories of 1Mb or more:
     R 1.3Mb
     doc 5.8Mb
Flavors: r-devel-linux-x86_64-fedora-clang, r-devel-windows-x86_64, r-release-macos-arm64, r-release-macos-x86_64, r-release-windows-x86_64, r-oldrel-macos-arm64, r-oldrel-macos-x86_64, r-oldrel-windows-ix86+x86_64