CRAN Package Check Results for Package lessR

Last updated on 2015-05-29 23:47:50.

Flavor Version Tinstall Tcheck Ttotal Status Flags
r-devel-linux-x86_64-debian-clang 3.3.1 4.76 79.80 84.57 OK
r-devel-linux-x86_64-debian-gcc 3.3.1 4.62 77.90 82.52 OK
r-devel-linux-x86_64-fedora-clang 3.3.1 172.25 OK
r-devel-linux-x86_64-fedora-gcc 3.3.1 155.03 OK
r-devel-osx-x86_64-clang 3.3.1 141.42 OK
r-devel-windows-ix86+x86_64 3.3.1 14.00 118.00 132.00 OK
r-patched-linux-x86_64 3.3.1 4.98 78.00 82.98 OK
r-patched-solaris-sparc 3.3.1 1008.10 OK
r-patched-solaris-x86 3.3.1 205.70 OK
r-release-linux-x86_64 3.3.1 4.73 78.75 83.48 OK
r-release-osx-x86_64-mavericks 3.3.1 OK
r-release-osx-x86_64-snowleopard 3.3.1 ERROR
r-release-windows-ix86+x86_64 3.3.1 14.00 116.00 130.00 OK
r-oldrel-windows-ix86+x86_64 3.3.1 20.00 151.00 171.00 OK

Check Details

Version: 3.3.1
Check: package dependencies
Result: ERROR
    Package required but not available: ‘car’
    
    See section ‘The DESCRIPTION file’ in the ‘Writing R Extensions’
    manual.
Flavor: r-release-osx-x86_64-snowleopard