CRAN Package Check Results for Package lessR

Last updated on 2014-04-23 07:55:01.

Flavor Version Tinstall Tcheck Ttotal Status Flags
r-devel-linux-x86_64-debian-clang 3.1 2.84 49.53 52.38 OK
r-devel-linux-x86_64-debian-gcc 3.1 2.67 48.62 51.30 OK
r-devel-linux-x86_64-fedora-clang 3.1 95.55 OK
r-devel-linux-x86_64-fedora-gcc 3.1 91.61 OK
r-devel-osx-x86_64-clang 3.1 79.33 OK
r-devel-osx-x86_64-gcc 3.1 ERROR
r-devel-windows-ix86+x86_64 3.1 12.00 91.00 103.00 OK
r-patched-linux-x86_64 3.1 2.80 48.33 51.13 OK
r-patched-solaris-sparc 3.1 535.50 OK
r-patched-solaris-x86 3.1 107.10 OK
r-release-linux-ix86 3.1 5.00 77.00 82.00 OK
r-release-linux-x86_64 3.1 2.73 48.17 50.90 OK
r-release-osx-x86_64-mavericks 3.1 OK
r-release-osx-x86_64-snowleopard 3.1 OK
r-release-windows-ix86+x86_64 3.1 12.00 99.00 111.00 OK
r-oldrel-windows-ix86+x86_64 3.1 13.00 96.00 109.00 OK

Check Details

Version: 3.1
Check: package dependencies
Result: ERROR
    Package required but not available: ‘car’
    
    See the information on DESCRIPTION files in the chapter ‘Creating R
    packages’ of the ‘Writing R Extensions’ manual.
Flavor: r-devel-osx-x86_64-gcc