CRAN Package Check Results for Package lestat

Last updated on 2018-06-23 16:46:44 CEST.

Flavor Version Tinstall Tcheck Ttotal Status Flags
r-devel-linux-x86_64-debian-clang 1.9 4.27 37.27 41.54 OK
r-devel-linux-x86_64-debian-gcc 1.9 3.48 28.51 31.99 OK
r-devel-linux-x86_64-fedora-clang 1.9 50.92 OK
r-devel-linux-x86_64-fedora-gcc 1.9 47.37 OK
r-devel-windows-ix86+x86_64 1.9 9.00 60.00 69.00 OK
r-patched-linux-x86_64 1.9 4.03 35.49 39.52 OK
r-patched-solaris-x86 1.9 64.20 OK
r-release-linux-x86_64 1.9 4.20 35.32 39.52 OK
r-release-windows-ix86+x86_64 1.9 11.00 41.00 52.00 OK
r-release-osx-x86_64 1.9 OK
r-oldrel-windows-ix86+x86_64 1.9 5.00 62.00 67.00 OK
r-oldrel-osx-x86_64 1.8 NOTE

Check Details

Version: 1.8
Check: R code for possible problems
Result: NOTE
    anovatable: no visible global function definition for ‘pf’
    cdf.betadistribution: no visible global function definition for ‘pbeta’
    cdf.binomialdistribution: no visible global function definition for
     ‘pbinom’
    cdf.expgamma: no visible global function definition for ‘pgamma’
    cdf.fdistribution: no visible global function definition for ‘pf’
    cdf.gammadistribution: no visible global function definition for
     ‘pgamma’
    cdf.normal: no visible global function definition for ‘pnorm’
    cdf.poissondistribution: no visible global function definition for
     ‘ppois’
    cdf.tdistribution: no visible global function definition for ‘pt’
    credibilityinterval.betadistribution: no visible global function
     definition for ‘qbeta’
    credibilityinterval.fdistribution: no visible global function
     definition for ‘qf’
    credibilityinterval.gammadistribution: no visible global function
     definition for ‘qgamma’
    credibilityinterval.normal: no visible global function definition for
     ‘qnorm’
    credibilityinterval.tdistribution: no visible global function
     definition for ‘qt’
    densitycontour: no visible global function definition for ‘contour’
    invcdf.betadistribution: no visible global function definition for
     ‘qbinom’
    invcdf.binomialdistribution: no visible global function definition for
     ‘qbinom’
    invcdf.expgamma: no visible global function definition for ‘qgamma’
    invcdf.fdistribution: no visible global function definition for ‘qf’
    invcdf.gammadistribution: no visible global function definition for
     ‘qgamma’
    invcdf.normal: no visible global function definition for ‘qnorm’
    invcdf.poissondistribution: no visible global function definition for
     ‘qpois’
    invcdf.tdistribution: no visible global function definition for ‘qt’
    p.value.expgamma: no visible global function definition for ‘pgamma’
    p.value.fdistribution: no visible global function definition for ‘pf’
    p.value.gammadistribution: no visible global function definition for
     ‘pgamma’
    p.value.mnormal: no visible global function definition for ‘pchisq’
    p.value.mtdistribution: no visible global function definition for ‘pf’
    p.value.normal: no visible global function definition for ‘pnorm’
    p.value.tdistribution: no visible global function definition for ‘pt’
    plot.betabinomial: no visible global function definition for ‘plot’
    plot.betadistribution: no visible global function definition for ‘plot’
    plot.betadistribution: no visible global function definition for
     ‘dbeta’
    plot.binomialbeta: no visible global function definition for ‘dbeta’
    plot.binomialbeta: no visible global function definition for ‘dbinom’
    plot.binomialbeta: no visible global function definition for ‘image’
    plot.binomialbeta: no visible global function definition for ‘par’
    plot.binomialbeta: no visible global function definition for ‘plot’
    plot.binomialdistribution: no visible global function definition for
     ‘plot’
    plot.binomialdistribution: no visible global function definition for
     ‘dbinom’
    plot.discretedistribution: no visible global function definition for
     ‘plot’
    plot.discretedistribution: no visible global function definition for
     ‘text’
    plot.expgamma: no visible global function definition for ‘plot’
    plot.fdistribution: no visible global function definition for ‘qf’
    plot.fdistribution: no visible global function definition for ‘df’
    plot.fdistribution: no visible global function definition for ‘plot’
    plot.gammadistribution: no visible global function definition for
     ‘qgamma’
    plot.gammadistribution: no visible global function definition for
     ‘dgamma’
    plot.gammadistribution: no visible global function definition for
     ‘plot’
    plot.mdiscretedistribution: no visible global function definition for
     ‘image’
    plot.mdiscretedistribution: no visible global function definition for
     ‘par’
    plot.mdiscretedistribution: no visible global function definition for
     ‘plot’
    plot.mnormal: no visible global function definition for ‘par’
    plot.mnormal: no visible global function definition for ‘plot’
    plot.mnormalexpgamma: no visible global function definition for ‘par’
    plot.mnormalexpgamma: no visible global function definition for ‘plot’
    plot.mnormalgamma: no visible global function definition for ‘par’
    plot.mnormalgamma: no visible global function definition for ‘plot’
    plot.mtdistribution: no visible global function definition for ‘qt’
    plot.mtdistribution: no visible global function definition for ‘par’
    plot.mtdistribution: no visible global function definition for ‘plot’
    plot.muniformdistribution: no visible global function definition for
     ‘plot’
    plot.muniformdistribution: no visible global function definition for
     ‘lines’
    plot.muniformdistribution: no visible global function definition for
     ‘par’
    plot.normal: no visible global function definition for ‘qnorm’
    plot.normal: no visible global function definition for ‘dnorm’
    plot.normal: no visible global function definition for ‘plot’
    plot.normal: no visible global function definition for ‘abline’
    plot.normalexpgamma: no visible global function definition for ‘par’
    plot.normalexpgamma: no visible global function definition for ‘plot’
    plot.normalgamma: no visible global function definition for ‘qt’
    plot.normalgamma: no visible global function definition for ‘qgamma’
    plot.normalgamma: no visible global function definition for ‘par’
    plot.normalgamma: no visible global function definition for ‘plot’
    plot.poissondistribution: no visible global function definition for
     ‘plot’
    plot.poissondistribution: no visible global function definition for
     ‘dpois’
    plot.tdistribution: no visible global function definition for ‘qt’
    plot.tdistribution: no visible global function definition for ‘plot’
    plot.tdistribution: no visible global function definition for ‘dt’
    plot.uniformdistribution: no visible global function definition for
     ‘plot’
    plot.wishart: no visible global function definition for ‘par’
    plot.wishart: no visible global function definition for ‘plot’
    probability.binomialdistribution: no visible global function definition
     for ‘dbinom’
    probability.multinomialdistribution: no visible global function
     definition for ‘dmultinom’
    probability.poissondistribution: no visible global function definition
     for ‘dpois’
    probabilitydensity.betadistribution: no visible global function
     definition for ‘dbeta’
    probabilitydensity.expgamma: no visible global function definition for
     ‘dgamma’
    probabilitydensity.fdistribution: no visible global function definition
     for ‘df’
    probabilitydensity.gammadistribution: no visible global function
     definition for ‘dgamma’
    probabilitydensity.mnormalexpgamma: no visible global function
     definition for ‘dgamma’
    probabilitydensity.mnormalgamma: no visible global function definition
     for ‘dgamma’
    probabilitydensity.normal: no visible global function definition for
     ‘dnorm’
    probabilitydensity.normalexpgamma: no visible global function
     definition for ‘dgamma’
    probabilitydensity.normalexpgamma: no visible global function
     definition for ‘dnorm’
    probabilitydensity.normalgamma: no visible global function definition
     for ‘dgamma’
    probabilitydensity.normalgamma: no visible global function definition
     for ‘dnorm’
    probabilitydensity.tdistribution: no visible global function definition
     for ‘dt’
    probabilitydensity.wishart: no visible binding for global variable ‘df’
    simulate.betadistribution: no visible global function definition for
     ‘rbeta’
    simulate.binomialbeta: no visible global function definition for
     ‘rbeta’
    simulate.binomialbeta: no visible global function definition for
     ‘rbinom’
    simulate.binomialdistribution: no visible global function definition
     for ‘rbinom’
    simulate.expgamma: no visible global function definition for ‘rgamma’
    simulate.fdistribution: no visible global function definition for ‘rf’
    simulate.gammadistribution: no visible global function definition for
     ‘rgamma’
    simulate.mnormal: no visible global function definition for ‘rnorm’
    simulate.mnormalexpgamma: no visible global function definition for
     ‘rgamma’
    simulate.mnormalexpgamma: no visible global function definition for
     ‘rnorm’
    simulate.mnormalgamma: no visible global function definition for
     ‘rgamma’
    simulate.mnormalgamma: no visible global function definition for
     ‘rnorm’
    simulate.mtdistribution: no visible global function definition for
     ‘rgamma’
    simulate.multinomialdistribution: no visible global function definition
     for ‘rmultinom’
    simulate.muniformdistribution: no visible global function definition
     for ‘runif’
    simulate.normal: no visible global function definition for ‘rnorm’
    simulate.normalexpgamma: no visible global function definition for
     ‘rgamma’
    simulate.normalexpgamma: no visible global function definition for
     ‘rnorm’
    simulate.normalgamma: no visible global function definition for
     ‘rgamma’
    simulate.normalgamma: no visible global function definition for ‘rnorm’
    simulate.poissondistribution: no visible global function definition for
     ‘rpois’
    simulate.tdistribution: no visible global function definition for ‘rt’
    simulate.uniformdistribution: no visible global function definition for
     ‘runif’
    simulate.wishart: no visible global function definition for ‘rnorm’
    Undefined global functions or variables:
     abline contour dbeta dbinom df dgamma dmultinom dnorm dpois dt image
     lines par pbeta pbinom pchisq pf pgamma plot pnorm ppois pt qbeta
     qbinom qf qgamma qnorm qpois qt rbeta rbinom rf rgamma rmultinom
     rnorm rpois rt runif text
    Consider adding
     importFrom("graphics", "abline", "contour", "image", "lines", "par",
     "plot", "text")
     importFrom("stats", "dbeta", "dbinom", "df", "dgamma", "dmultinom",
     "dnorm", "dpois", "dt", "pbeta", "pbinom", "pchisq", "pf",
     "pgamma", "pnorm", "ppois", "pt", "qbeta", "qbinom", "qf",
     "qgamma", "qnorm", "qpois", "qt", "rbeta", "rbinom", "rf",
     "rgamma", "rmultinom", "rnorm", "rpois", "rt", "runif")
    to your NAMESPACE file.
Flavor: r-oldrel-osx-x86_64