CRAN Package Check Results for Package lestat

Last updated on 2014-04-24 23:48:05.

Flavor Version Tinstall Tcheck Ttotal Status Flags
r-devel-linux-x86_64-debian-clang 1.8 1.11 23.52 24.64 OK
r-devel-linux-x86_64-debian-gcc 1.8 1.07 23.80 24.86 OK
r-devel-linux-x86_64-fedora-clang 1.8 48.25 OK
r-devel-linux-x86_64-fedora-gcc 1.8 46.57 OK
r-devel-osx-x86_64-clang 1.8 40.96 OK
r-devel-osx-x86_64-gcc 1.8 OK
r-devel-windows-ix86+x86_64 1.8 3.00 34.00 37.00 OK
r-patched-linux-x86_64 1.8 1.06 23.26 24.33 OK
r-patched-solaris-sparc 1.8 273.20 OK
r-patched-solaris-x86 1.8 57.10 OK
r-release-linux-ix86 1.8 2.00 42.00 44.00 OK
r-release-linux-x86_64 1.8 1.07 23.23 24.30 OK
r-release-osx-x86_64-mavericks 1.8 WARN
r-release-osx-x86_64-snowleopard 1.8 OK
r-release-windows-ix86+x86_64 1.8 3.00 32.00 35.00 OK
r-oldrel-windows-ix86+x86_64 1.8 4.00 35.00 39.00 OK

Check Details

Version: 1.8
Check: PDF version of manual
Result: WARNING
    LaTeX errors when creating PDF version.
    This typically indicates Rd problems.
    LaTeX errors found:
    ! LaTeX Error: File `upquote.sty' not found.
    
    Type X to quit or <RETURN> to proceed,
    or enter new name. (Default extension: sty)
    
    29b3ede/Rd2.tex:8: ==> Fatal error occurred, no output PDF file produced!
Flavor: r-release-osx-x86_64-mavericks