CRAN Package Check Results for Package levitate

Last updated on 2022-12-08 20:49:17 CET.

Flavor Version Tinstall Tcheck Ttotal Status Flags
r-devel-linux-x86_64-debian-clang 0.1.0 2.37 52.25 54.62 OK
r-devel-linux-x86_64-debian-gcc 0.1.0 1.97 38.31 40.28 OK
r-devel-linux-x86_64-fedora-clang 0.1.0 74.13 NOTE
r-devel-linux-x86_64-fedora-gcc 0.1.0 82.69 NOTE
r-devel-windows-x86_64 0.1.0 11.00 82.00 93.00 OK
r-patched-linux-x86_64 0.1.0 2.05 46.04 48.09 OK
r-release-linux-x86_64 0.1.0 2.45 46.11 48.56 OK
r-release-macos-arm64 0.1.0 22.00 NOTE
r-release-macos-x86_64 0.1.0 30.00 NOTE
r-release-windows-x86_64 0.1.0 11.00 85.00 96.00 OK
r-oldrel-macos-arm64 0.1.0 30.00 NOTE
r-oldrel-macos-x86_64 0.1.0 41.00 NOTE
r-oldrel-windows-ix86+x86_64 0.1.0 6.00 77.00 83.00 OK

Check Details

Version: 0.1.0
Check: dependencies in R code
Result: NOTE
    Namespaces in Imports field not imported from:
     ‘cli’ ‘glue’ ‘stringr’
     All declared Imports should be used.
Flavors: r-devel-linux-x86_64-fedora-clang, r-devel-linux-x86_64-fedora-gcc, r-release-macos-arm64, r-release-macos-x86_64, r-oldrel-macos-arm64, r-oldrel-macos-x86_64