CRAN Package Check Results for Package lfe

Last updated on 2017-02-20 17:49:03.

Flavor Version Tinstall Tcheck Ttotal Status Flags
r-devel-linux-x86_64-debian-clang 2.5-1998 9.03 130.63 139.67 NOTE
r-devel-linux-x86_64-debian-gcc 2.5-1998 8.69 134.50 143.19 NOTE
r-devel-linux-x86_64-fedora-clang 2.5-1998 279.02 NOTE --no-stop-on-test-error
r-devel-linux-x86_64-fedora-gcc 2.5-1998 280.91 NOTE --no-stop-on-test-error
r-devel-macos-x86_64-clang 214.22 NOTE --no-stop-on-test-error
r-devel-windows-ix86+x86_64 2.5-1998 56.00 382.00 438.00 OK
r-patched-linux-x86_64 2.5-1998 7.99 124.77 132.76 OK
r-patched-solaris-sparc 2.5-1998 1162.20 OK --no-vignettes
r-patched-solaris-x86 2.5-1998 262.40 OK --no-build-vignettes
r-release-linux-x86_64 2.5-1998 8.33 116.54 124.87 OK
r-release-osx-x86_64-mavericks 2.5-1998 OK
r-release-windows-ix86+x86_64 2.5-1998 29.00 251.00 280.00 OK
r-oldrel-windows-ix86+x86_64 2.5-1998 28.00 289.00 317.00 OK

Check Details

Version: 2.5-1998
Check: compiled code
Result: NOTE
    File ‘lfe/libs/lfe.so’:
     Found no call to: ‘R_useDynamicSymbols’
    
    It is good practice to register native routines and to disable symbol
    search.
    
    See ‘Writing portable packages’ in the ‘Writing R Extensions’ manual.
Flavors: r-devel-linux-x86_64-debian-clang, r-devel-linux-x86_64-debian-gcc

Version: 2.5-1998
Flags: --no-stop-on-test-error
Check: compiled code
Result: NOTE
    File ‘lfe/libs/lfe.so’:
     Found no call to: ‘R_useDynamicSymbols’
    
    It is good practice to register native routines and to disable symbol
    search.
    
    See ‘Writing portable packages’ in the ‘Writing R Extensions’ manual.
Flavors: r-devel-linux-x86_64-fedora-clang, r-devel-linux-x86_64-fedora-gcc, r-devel-macos-x86_64-clang