CRAN Package Check Results for Package lfe

Last updated on 2017-04-23 09:48:31.

Flavor Version Tinstall Tcheck Ttotal Status Flags
r-devel-linux-x86_64-debian-clang 2.5-1998 9.53 135.36 144.89 NOTE
r-devel-linux-x86_64-debian-gcc 2.5-1998 8.70 133.95 142.65 NOTE
r-devel-linux-x86_64-fedora-clang 2.5-1998 287.95 NOTE --no-stop-on-test-error
r-devel-linux-x86_64-fedora-gcc 2.5-1998 283.72 NOTE --no-stop-on-test-error
r-devel-windows-ix86+x86_64 2.5-1998 56.00 407.00 463.00 OK
r-patched-linux-x86_64 2.5-1998 8.39 133.56 141.95 NOTE
r-patched-solaris-sparc 2.5-1998 1288.30 OK --no-vignettes
r-patched-solaris-x86 2.5-1998 285.10 OK --no-build-vignettes
r-release-linux-x86_64 2.5-1998 8.81 138.05 146.86 NOTE
r-release-windows-ix86+x86_64 2.5-1998 56.00 407.00 463.00 OK
r-release-osx-x86_64 2.5-1998 OK
r-oldrel-windows-ix86+x86_64 2.5-1998 32.00 262.00 294.00 OK
r-oldrel-osx-x86_64 2.5-1998 OK

Check Details

Version: 2.5-1998
Check: compiled code
Result: NOTE
    File ‘lfe/libs/lfe.so’:
     Found no call to: ‘R_useDynamicSymbols’
    
    It is good practice to register native routines and to disable symbol
    search.
    
    See ‘Writing portable packages’ in the ‘Writing R Extensions’ manual.
Flavors: r-devel-linux-x86_64-debian-clang, r-devel-linux-x86_64-debian-gcc, r-patched-linux-x86_64, r-release-linux-x86_64

Version: 2.5-1998
Flags: --no-stop-on-test-error
Check: compiled code
Result: NOTE
    File ‘lfe/libs/lfe.so’:
     Found no call to: ‘R_useDynamicSymbols’
    
    It is good practice to register native routines and to disable symbol
    search.
    
    See ‘Writing portable packages’ in the ‘Writing R Extensions’ manual.
Flavors: r-devel-linux-x86_64-fedora-clang, r-devel-linux-x86_64-fedora-gcc