CRAN Package Check Results for Package lfe

Last updated on 2014-08-22 19:47:49.

Flavor Version Tinstall Tcheck Ttotal Status Flags
r-devel-linux-x86_64-debian-clang 1.7-1289 6.26 185.77 192.03 NOTE
r-devel-linux-x86_64-debian-gcc 1.7-1289 6.37 174.54 180.91 OK
r-devel-linux-x86_64-fedora-clang 1.7-1289 398.60 NOTE
r-devel-linux-x86_64-fedora-gcc 1.7-1289 385.26 NOTE
r-devel-osx-x86_64-clang 1.7-1289 313.75 NOTE
r-devel-windows-ix86+x86_64 1.7-1289 17.00 305.00 322.00 OK
r-patched-linux-x86_64 1.7-1289 6.62 179.27 185.88 OK
r-patched-solaris-sparc 1.7-1289 1138.50 OK --no-vignettes
r-patched-solaris-x86 1.7-1289 536.90 OK --no-build-vignettes
r-release-linux-ix86 1.7-1289 8.65 207.41 216.06 OK
r-release-linux-x86_64 1.7-1289 6.88 179.70 186.58 OK
r-release-osx-x86_64-mavericks 1.7-1289 OK
r-release-osx-x86_64-snowleopard 1.7-1289 OK
r-release-windows-ix86+x86_64 1.7-1289 17.00 315.00 332.00 OK
r-oldrel-windows-ix86+x86_64 1.7-1289 16.00 293.00 309.00 OK

Check Details

Version: 1.7-1289
Check: R code for possible problems
Result: NOTE
    cgsol : <anonymous>: no visible global function definition for ‘Rcgmin’
    diamgraph: no visible global function definition for ‘clusters’
    diamgraph: no visible global function definition for ‘shortest.paths’
    diamgraph: no visible global function definition for ‘diameter’
    diamgraph: no visible global function definition for ‘induced.subgraph’
    efactory: no visible global function definition for ‘cmpfun’
    mkgraph: no visible global function definition for ‘graph.adjacency’
Flavors: r-devel-linux-x86_64-debian-clang, r-devel-linux-x86_64-fedora-clang, r-devel-linux-x86_64-fedora-gcc, r-devel-osx-x86_64-clang