CRAN Package Check Results for Package lfe

Last updated on 2017-11-23 00:47:21 CET.

Flavor Version Tinstall Tcheck Ttotal Status Flags
r-devel-linux-x86_64-debian-clang 2.5-1998 8.80 185.05 193.85 NOTE
r-devel-linux-x86_64-debian-gcc 2.5-1998 10.90 260.76 271.66 NOTE
r-devel-linux-x86_64-fedora-clang 2.5-1998 231.79 NOTE
r-devel-linux-x86_64-fedora-gcc 2.5-1998 322.02 NOTE
r-devel-windows-ix86+x86_64 2.5-1998 31.00 273.00 304.00 OK
r-patched-linux-x86_64 2.5-1998 8.57 126.09 134.67 NOTE
r-patched-solaris-x86 2.5-1998 288.80 OK --no-build-vignettes
r-release-linux-x86_64 2.5-1998 9.02 124.91 133.93 NOTE
r-release-windows-ix86+x86_64 2.5-1998 30.00 265.00 295.00 OK
r-release-osx-x86_64 2.5-1998 OK
r-oldrel-windows-ix86+x86_64 2.5-1998 32.00 268.00 300.00 OK
r-oldrel-osx-x86_64 2.5-1998 OK

Check Details

Version: 2.5-1998
Check: compiled code
Result: NOTE
    File ‘lfe/libs/lfe.so’:
     Found no call to: ‘R_useDynamicSymbols’
    
    It is good practice to register native routines and to disable symbol
    search.
    
    See ‘Writing portable packages’ in the ‘Writing R Extensions’ manual.
Flavors: r-devel-linux-x86_64-debian-clang, r-devel-linux-x86_64-debian-gcc, r-devel-linux-x86_64-fedora-clang, r-devel-linux-x86_64-fedora-gcc, r-patched-linux-x86_64, r-release-linux-x86_64