CRAN Package Check Results for Package lfe

Last updated on 2014-11-01 11:49:05.

Flavor Version Tinstall Tcheck Ttotal Status Flags
r-devel-linux-x86_64-debian-clang 1.7-1404 7.19 165.02 172.21 NOTE
r-devel-linux-x86_64-debian-gcc 1.7-1404 6.89 154.55 161.44 NOTE
r-devel-linux-x86_64-fedora-clang 1.7-1404 342.23 OK
r-devel-linux-x86_64-fedora-gcc 1.7-1404 342.05 OK
r-devel-osx-x86_64-clang 1.7-1404 273.93 OK
r-devel-windows-ix86+x86_64 1.7-1404 17.00 272.00 289.00 OK
r-patched-linux-x86_64 1.7-1404 7.26 164.22 171.48 NOTE
r-patched-solaris-sparc 1.7-1404 1003.70 OK --no-vignettes
r-patched-solaris-x86 1.7-1404 456.30 OK --no-build-vignettes
r-release-linux-ix86 1.7-1289 0.39 2.42 2.81 ERROR
r-release-linux-x86_64 1.7-1404 7.22 165.85 173.06 NOTE
r-release-osx-x86_64-mavericks 1.7-1404 OK
r-release-osx-x86_64-snowleopard 1.7-1404 OK
r-release-windows-ix86+x86_64 1.7-1404 17.00 293.00 310.00 OK
r-oldrel-windows-ix86+x86_64 1.7-1404 18.00 276.00 294.00 OK

Check Details

Version: 1.7-1404
Check: R code for possible problems
Result: NOTE
    Found the following calls to attach():
    File ‘lfe/R/felm.R’:
     attach(ivenv, name = atnam)
    See section ‘Good practice’ in ‘?attach’.
Flavors: r-devel-linux-x86_64-debian-clang, r-devel-linux-x86_64-debian-gcc, r-patched-linux-x86_64, r-release-linux-x86_64

Version: 1.7-1289
Check: whether package can be installed
Result: ERROR
    Installation failed.
Flavor: r-release-linux-ix86