CRAN Package Check Results for Package lfe

Last updated on 2022-11-30 13:52:22 CET.

Flavor Version Tinstall Tcheck Ttotal Status Flags
r-devel-linux-x86_64-debian-clang 2.8-8 23.87 256.99 280.86 WARN
r-devel-linux-x86_64-debian-gcc 2.8-8 17.06 198.11 215.17 WARN
r-devel-linux-x86_64-fedora-clang 2.8-8 349.57 WARN
r-devel-linux-x86_64-fedora-gcc 2.8-8 360.77 WARN
r-devel-windows-x86_64 2.8-8 46.00 312.00 358.00 OK
r-patched-linux-x86_64 2.8-8 18.35 245.98 264.33 OK
r-release-linux-x86_64 2.8-8 15.24 235.30 250.54 OK
r-release-macos-arm64 2.8-8 182.00 OK
r-release-macos-x86_64 2.8-8 208.00 OK
r-release-windows-x86_64 2.8-8 62.00 313.00 375.00 OK
r-oldrel-macos-arm64 2.8-8 188.00 OK
r-oldrel-macos-x86_64 2.8-8 246.00 OK
r-oldrel-windows-ix86+x86_64 2.8-8 54.00 395.00 449.00 OK

Check Details

Version: 2.8-8
Check: whether package can be installed
Result: WARN
    Found the following significant warnings:
     ./lfe.h:121:19: warning: a function declaration without a prototype is deprecated in all versions of C [-Wstrict-prototypes]
     ./lfe.h:122:13: warning: a function declaration without a prototype is deprecated in all versions of C [-Wstrict-prototypes]
     utils.c:195:19: warning: a function declaration without a prototype is deprecated in all versions of C [-Wstrict-prototypes]
     utils.c:208:13: warning: a function declaration without a prototype is deprecated in all versions of C [-Wstrict-prototypes]
Flavors: r-devel-linux-x86_64-debian-clang, r-devel-linux-x86_64-fedora-clang

Version: 2.8-8
Check: whether package can be installed
Result: WARN
    Found the following significant warnings:
     lfe.h:121:1: warning: function declaration isn’t a prototype [-Wstrict-prototypes]
     lfe.h:122:1: warning: function declaration isn’t a prototype [-Wstrict-prototypes]
     utils.c:195:5: warning: function declaration isn’t a prototype [-Wstrict-prototypes]
     utils.c:208:6: warning: function declaration isn’t a prototype [-Wstrict-prototypes]
Flavors: r-devel-linux-x86_64-debian-gcc, r-devel-linux-x86_64-fedora-gcc