CRAN Package Check Results for Package lfe

Last updated on 2017-09-21 19:46:31.

Flavor Version Tinstall Tcheck Ttotal Status Flags
r-devel-linux-x86_64-debian-clang 2.5-1998 9.25 134.63 143.88 NOTE
r-devel-linux-x86_64-debian-gcc 2.5-1998 8.46 130.20 138.66 NOTE
r-devel-linux-x86_64-fedora-clang 2.5-1998 285.87 NOTE
r-devel-linux-x86_64-fedora-gcc 2.5-1998 281.45 NOTE
r-devel-windows-ix86+x86_64 2.5-1998 34.00 290.00 324.00 OK
r-patched-linux-x86_64 2.5-1998 8.91 135.03 143.95 NOTE
r-patched-solaris-x86 2.5-1998 332.20 OK --no-build-vignettes
r-release-linux-x86_64 2.5-1998 9.00 124.02 133.02 NOTE
r-release-windows-ix86+x86_64 2.5-1998 30.00 312.00 342.00 OK
r-release-osx-x86_64 2.5-1998 OK
r-oldrel-windows-ix86+x86_64 2.5-1998 30.00 255.00 285.00 OK
r-oldrel-osx-x86_64 2.5-1998 OK

Additional issues

rchk

Check Details

Version: 2.5-1998
Check: compiled code
Result: NOTE
    File ‘lfe/libs/lfe.so’:
     Found no call to: ‘R_useDynamicSymbols’
    
    It is good practice to register native routines and to disable symbol
    search.
    
    See ‘Writing portable packages’ in the ‘Writing R Extensions’ manual.
Flavors: r-devel-linux-x86_64-debian-clang, r-devel-linux-x86_64-debian-gcc, r-devel-linux-x86_64-fedora-clang, r-devel-linux-x86_64-fedora-gcc, r-patched-linux-x86_64, r-release-linux-x86_64