CRAN Package Check Results for Package lfe

Last updated on 2015-02-27 23:47:52.

Flavor Version Tinstall Tcheck Ttotal Status Flags
r-devel-linux-x86_64-debian-clang 2.0-1570 7.07 134.30 141.37 OK
r-devel-linux-x86_64-debian-gcc 2.0-1570 6.92 128.82 135.75 OK
r-devel-linux-x86_64-fedora-clang 2.0-1570 272.55 OK
r-devel-linux-x86_64-fedora-gcc 2.0-1570 263.45 OK
r-devel-osx-x86_64-clang 2.0-1570 269.53 OK
r-devel-windows-ix86+x86_64 2.0-1570 38.00 234.00 272.00 OK
r-patched-linux-x86_64 2.0-1570 9.47 147.61 157.08 OK
r-patched-solaris-sparc 2.0-1570 1112.40 OK --no-vignettes
r-release-linux-ix86 2.0-1570 10.48 170.60 181.08 OK
r-release-linux-x86_64 2.0-1570 8.65 147.56 156.21 OK
r-release-osx-x86_64-mavericks 2.0-1570 OK
r-release-osx-x86_64-snowleopard 2.0-1570 OK
r-release-windows-ix86+x86_64 2.0-1570 26.00 279.00 305.00 OK
r-oldrel-windows-ix86+x86_64 2.0-1570 25.00 123.00 148.00 ERROR

Check Details

Version: 2.0-1570
Check: R code for possible problems
Result: NOTE
    coef.felm: no visible global function definition for 'anyNA'
    residuals.felm: no visible global function definition for 'anyNA'
    waldtest: no visible global function definition for 'anyNA'
Flavor: r-oldrel-windows-ix86+x86_64

Version: 2.0-1570
Check: running examples for arch 'i386'
Result: ERROR
    Running examples in 'lfe-Ex.R' failed
    The error most likely occurred in:
    
    > ### Name: condfstat
    > ### Title: Compute conditional F statistic for weak instruments in an
    > ### IV-estimation with multiple endogenous variables.
    > ### Aliases: condfstat
    >
    > ### ** Examples
    >
    > set.seed(43)
    > z1 <- rnorm(4000)
    > z2 <- rnorm(length(z1))
    > u <- rnorm(length(z1))
    > # make x1, x2 correlated with errors u
    >
    > x1 <- z1 + z2 + 0.2*u + rnorm(length(z1))
    > x2 <- z1 + 0.95*z2 - 0.3*u + rnorm(length(z1))
    > y <- x1 + x2 + u
    > est <- felm(y ~ 1 | 0 | (x1 | x2 ~ z1 + z2))
    Error in waldtest(z1, ivars, lhs = lh) : could not find function "anyNA"
    Calls: felm -> lapply -> FUN -> waldtest
    Execution halted
Flavor: r-oldrel-windows-ix86+x86_64

Version: 2.0-1570
Check: running examples for arch 'x64'
Result: ERROR
    Running examples in 'lfe-Ex.R' failed
    The error most likely occurred in:
    
    > ### Name: condfstat
    > ### Title: Compute conditional F statistic for weak instruments in an
    > ### IV-estimation with multiple endogenous variables.
    > ### Aliases: condfstat
    >
    > ### ** Examples
    >
    > set.seed(43)
    > z1 <- rnorm(4000)
    > z2 <- rnorm(length(z1))
    > u <- rnorm(length(z1))
    > # make x1, x2 correlated with errors u
    >
    > x1 <- z1 + z2 + 0.2*u + rnorm(length(z1))
    > x2 <- z1 + 0.95*z2 - 0.3*u + rnorm(length(z1))
    > y <- x1 + x2 + u
    > est <- felm(y ~ 1 | 0 | (x1 | x2 ~ z1 + z2))
    Error in waldtest(z1, ivars, lhs = lh) : could not find function "anyNA"
    Calls: felm -> lapply -> FUN -> waldtest
    Execution halted
Flavor: r-oldrel-windows-ix86+x86_64