CRAN Package Check Results for Package lfe

Last updated on 2017-05-29 23:53:02.

Flavor Version Tinstall Tcheck Ttotal Status Flags
r-devel-linux-x86_64-debian-clang 2.5-1998 9.74 132.94 142.68 NOTE
r-devel-linux-x86_64-debian-gcc 2.5-1998 9.12 130.10 139.23 NOTE
r-devel-linux-x86_64-fedora-clang 2.5-1998 284.37 NOTE
r-devel-linux-x86_64-fedora-gcc 2.5-1998 282.56 NOTE
r-devel-windows-ix86+x86_64 2.5-1998 33.00 386.00 419.00 OK
r-patched-linux-x86_64 2.5-1998 8.55 132.09 140.63 NOTE
r-patched-solaris-sparc 2.5-1998 1288.30 OK --no-vignettes
r-patched-solaris-x86 2.5-1998 289.80 OK --no-build-vignettes
r-release-linux-x86_64 2.5-1998 9.26 128.29 137.55 NOTE
r-release-windows-ix86+x86_64 2.5-1998 52.00 381.00 433.00 OK
r-release-osx-x86_64 2.5-1998 OK
r-oldrel-windows-ix86+x86_64 2.5-1998 28.00 262.00 290.00 OK
r-oldrel-osx-x86_64 2.5-1998 OK

Check Details

Version: 2.5-1998
Check: compiled code
Result: NOTE
    File ‘lfe/libs/lfe.so’:
     Found no call to: ‘R_useDynamicSymbols’
    
    It is good practice to register native routines and to disable symbol
    search.
    
    See ‘Writing portable packages’ in the ‘Writing R Extensions’ manual.
Flavors: r-devel-linux-x86_64-debian-clang, r-devel-linux-x86_64-debian-gcc, r-devel-linux-x86_64-fedora-clang, r-devel-linux-x86_64-fedora-gcc, r-patched-linux-x86_64, r-release-linux-x86_64