CRAN Package Check Results for Package lfe

Last updated on 2017-03-26 11:53:47.

Flavor Version Tinstall Tcheck Ttotal Status Flags
r-devel-linux-x86_64-debian-clang 2.5-1998 9.47 135.98 145.45 NOTE
r-devel-linux-x86_64-debian-gcc 2.5-1998 8.63 136.36 144.99 NOTE
r-devel-linux-x86_64-fedora-clang 2.5-1998 287.89 NOTE --no-stop-on-test-error
r-devel-linux-x86_64-fedora-gcc 2.5-1998 282.43 NOTE --no-stop-on-test-error
r-devel-macos-x86_64-clang 2.5-1998 211.46 NOTE --no-stop-on-test-error
r-patched-linux-x86_64 2.5-1998 8.65 132.32 140.97 NOTE
r-patched-solaris-sparc 2.5-1998 1288.30 OK --no-vignettes
r-patched-solaris-x86 2.5-1998 308.60 OK --no-build-vignettes
r-release-linux-x86_64 2.5-1998 7.79 121.53 129.33 OK
r-release-osx-x86_64-mavericks 2.5-1998 OK
r-release-windows-ix86+x86_64 2.5-1998 55.00 285.00 340.00 OK
r-oldrel-windows-ix86+x86_64 2.5-1998 29.00 273.00 302.00 OK

Check Details

Version: 2.5-1998
Check: compiled code
Result: NOTE
    File ‘lfe/libs/lfe.so’:
     Found no call to: ‘R_useDynamicSymbols’
    
    It is good practice to register native routines and to disable symbol
    search.
    
    See ‘Writing portable packages’ in the ‘Writing R Extensions’ manual.
Flavors: r-devel-linux-x86_64-debian-clang, r-devel-linux-x86_64-debian-gcc, r-patched-linux-x86_64

Version: 2.5-1998
Flags: --no-stop-on-test-error
Check: compiled code
Result: NOTE
    File ‘lfe/libs/lfe.so’:
     Found no call to: ‘R_useDynamicSymbols’
    
    It is good practice to register native routines and to disable symbol
    search.
    
    See ‘Writing portable packages’ in the ‘Writing R Extensions’ manual.
Flavors: r-devel-linux-x86_64-fedora-clang, r-devel-linux-x86_64-fedora-gcc, r-devel-macos-x86_64-clang