CRAN Package Check Results for Package lfe

Last updated on 2017-07-21 23:49:37.

Flavor Version Tinstall Tcheck Ttotal Status Flags
r-devel-linux-x86_64-debian-clang 2.5-1998 9.13 161.99 171.12 NOTE
r-devel-linux-x86_64-debian-gcc 2.5-1998 8.92 157.23 166.15 NOTE
r-devel-linux-x86_64-fedora-clang 2.5-1998 288.67 NOTE
r-devel-linux-x86_64-fedora-gcc 2.5-1998 284.58 NOTE
r-devel-windows-ix86+x86_64 2.5-1998 49.00 405.00 454.00 OK
r-patched-linux-x86_64 2.5-1998 8.69 158.97 167.66 NOTE
r-patched-solaris-x86 2.5-1998 300.50 OK --no-build-vignettes
r-release-linux-x86_64 2.5-1998 8.88 157.98 166.86 NOTE
r-release-windows-ix86+x86_64 2.5-1998 34.00 383.00 417.00 OK
r-release-osx-x86_64 2.5-1998 OK
r-oldrel-windows-ix86+x86_64 2.5-1998 65.00 352.00 417.00 OK
r-oldrel-osx-x86_64 2.5-1998 OK

Check Details

Version: 2.5-1998
Check: compiled code
Result: NOTE
    File ‘lfe/libs/lfe.so’:
     Found no call to: ‘R_useDynamicSymbols’
    
    It is good practice to register native routines and to disable symbol
    search.
    
    See ‘Writing portable packages’ in the ‘Writing R Extensions’ manual.
Flavors: r-devel-linux-x86_64-debian-clang, r-devel-linux-x86_64-debian-gcc, r-devel-linux-x86_64-fedora-clang, r-devel-linux-x86_64-fedora-gcc, r-patched-linux-x86_64, r-release-linux-x86_64