CRAN Package Check Results for Package lfe

Last updated on 2020-09-25 04:50:25 CEST.

Flavor Version Tinstall Tcheck Ttotal Status Flags
r-devel-linux-x86_64-debian-clang 2.8-5.1 20.14 229.90 250.04 OK
r-devel-linux-x86_64-debian-gcc 2.8-5.1 15.42 179.20 194.62 OK
r-devel-linux-x86_64-fedora-clang 2.8-5.1 312.66 OK
r-devel-linux-x86_64-fedora-gcc 2.8-5.1 303.08 OK
r-devel-windows-ix86+x86_64 2.8-5.1 52.00 385.00 437.00 OK
r-patched-linux-x86_64 2.8-5.1 17.54 225.20 242.74 OK
r-patched-solaris-x86 2.8-5.1 334.30 NOTE --no-vignettes
r-release-linux-x86_64 2.8-5.1 17.07 226.02 243.09 OK
r-release-macos-x86_64 2.8-5.1 OK
r-release-windows-ix86+x86_64 2.8-5.1 42.00 392.00 434.00 OK
r-oldrel-macos-x86_64 2.8-5.1 OK
r-oldrel-windows-ix86+x86_64 2.8-5.1 53.00 363.00 416.00 OK

Check Details

Version: 2.8-5.1
Flags: --no-vignettes
Check: compilation flags used
Result: NOTE
    Compilation used the following non-portable flag(s):
     ‘-mt’
Flavor: r-patched-solaris-x86