CRAN Package Check Results for Package lfe

Last updated on 2020-01-29 01:46:47 CET.

Flavor Version Tinstall Tcheck Ttotal Status Flags
r-devel-linux-x86_64-debian-clang 2.8-5 19.50 220.46 239.96 OK
r-devel-linux-x86_64-debian-gcc 2.8-5 15.50 179.91 195.41 OK
r-devel-linux-x86_64-fedora-clang 2.8-5 292.57 OK
r-devel-linux-x86_64-fedora-gcc 2.8-5 296.56 OK
r-devel-windows-ix86+x86_64 2.8-5 41.00 439.00 480.00 OK
r-devel-windows-ix86+x86_64-gcc8 2.8-5 57.00 340.00 397.00 OK
r-patched-linux-x86_64 2.8-5 OK
r-patched-solaris-x86 2.8-5 296.10 NOTE --no-vignettes
r-release-linux-x86_64 2.8-5 15.67 207.65 223.32 OK
r-release-windows-ix86+x86_64 2.8-5 34.00 318.00 352.00 OK
r-release-osx-x86_64 2.8-5 OK
r-oldrel-windows-ix86+x86_64 2.8-5 44.00 276.00 320.00 OK
r-oldrel-osx-x86_64 2.8-5 OK

Check Details

Version: 2.8-5
Flags: --no-vignettes
Check: compilation flags used
Result: NOTE
    Compilation used the following non-portable flag(s):
     ‘-mt’
Flavor: r-patched-solaris-x86