CRAN Package Check Results for Package lfstat

Last updated on 2014-04-19 08:50:15.

Flavor Version Tinstall Tcheck Ttotal Status Flags
r-devel-linux-x86_64-debian-clang 0.6 1.50 23.20 24.70 OK
r-devel-linux-x86_64-debian-gcc 0.6 1.35 23.83 25.18 OK
r-devel-linux-x86_64-fedora-clang 0.6 49.44 OK
r-devel-linux-x86_64-fedora-gcc 0.6 46.47 OK
r-devel-macosx-x86_64-clang 0.6 43.53 OK
r-devel-macosx-x86_64-gcc 0.6 ERROR
r-devel-windows-ix86+x86_64 0.6 4.00 39.00 43.00 OK
r-patched-linux-x86_64 0.6 1.32 23.84 25.16 OK
r-patched-solaris-sparc 0.6 284.00 OK
r-patched-solaris-x86 0.6 65.80 OK
r-release-linux-ix86 0.6 3.00 42.00 45.00 OK
r-release-linux-x86_64 0.6 1.34 24.23 25.56 OK
r-release-macosx-x86_64 0.6 OK
r-release-windows-ix86+x86_64 0.6 7.00 38.00 45.00 OK
r-oldrel-windows-ix86+x86_64 0.6 5.00 40.00 45.00 OK

Check Details

Version: 0.6
Check: package dependencies
Result: ERROR
    Package required but not available: ‘latticeExtra’
    
    See the information on DESCRIPTION files in the chapter ‘Creating R
    packages’ of the ‘Writing R Extensions’ manual.
Flavor: r-devel-macosx-x86_64-gcc