CRAN Package Check Results for Package lfstat

Last updated on 2015-07-29 03:48:27.

Flavor Version Tinstall Tcheck Ttotal Status Flags
r-devel-linux-x86_64-debian-clang 0.6.1 1.17 18.83 20.00 NOTE
r-devel-linux-x86_64-debian-gcc 0.6.1 1.06 19.77 20.82 NOTE
r-devel-linux-x86_64-fedora-clang 0.6.1 38.49 NOTE
r-devel-linux-x86_64-fedora-gcc 0.6.1 36.82 NOTE
r-devel-osx-x86_64-clang 0.6.1 34.19 OK
r-devel-windows-ix86+x86_64 0.6.1 5.00 35.00 40.00 NOTE
r-patched-linux-x86_64 0.6.1 1.12 19.10 20.22 OK
r-patched-solaris-sparc 0.6.1 264.40 OK
r-patched-solaris-x86 0.6.1 56.30 OK
r-release-linux-x86_64 0.6.1 1.06 20.02 21.08 OK
r-release-osx-x86_64-mavericks 0.6.1 OK
r-release-windows-ix86+x86_64 0.6.1 7.00 38.00 45.00 OK
r-oldrel-windows-ix86+x86_64 0.6.1 7.00 44.00 51.00 OK

Check Details

Version: 0.6.1
Check: R code for possible problems
Result: NOTE
    IRS: no visible global function definition for ‘coef’
    IRS: no visible global function definition for ‘lm’
    MAM: no visible global function definition for ‘aggregate’
    MAannual: no visible global function definition for ‘aggregate’
    MRC: no visible global function definition for ‘coef’
    MRC: no visible global function definition for ‘lm’
    MRC: no visible global function definition for ‘abline’
    MRC: no visible global function definition for ‘legend’
    Qxx: no visible global function definition for ‘aggregate’
    Qxx: no visible binding for global variable ‘quantile’
    Qxx: no visible global function definition for ‘quantile’
    bfplot: no visible global function definition for ‘plot’
    bfplot: no visible global function definition for ‘lines’
    bfplot: no visible global function definition for ‘axis’
    bfplot: no visible global function definition for ‘grid’
    bfplot: no visible global function definition for ‘abline’
    buildthres: no visible global function definition for ‘quantile’
    buildthres: no visible global function definition for ‘aggregate’
    buildthres: no visible binding for global variable ‘quantile’
    dmcurve: no visible global function definition for ‘quantile’
    dmcurve: no visible global function definition for ‘plot’
    fdc: no visible global function definition for ‘aggregate’
    fdc: no visible binding for global variable ‘quantile’
    fdc: no visible global function definition for ‘qnorm’
    fdc: no visible global function definition for ‘plot’
    fdc: no visible global function definition for ‘axis’
    fdc: no visible global function definition for ‘points’
    fdc: no visible global function definition for ‘par’
    hydrograph: no visible global function definition for ‘plot’
    hydrograph: no visible global function definition for ‘axis’
    hydrograph: no visible global function definition for ‘aggregate’
    hydrograph: no visible global function definition for ‘points’
    lfnacheck: no visible global function definition for ‘aggregate’
    lfnainterpolate: no visible global function definition for ‘approx’
    ma: no visible global function definition for ‘filter’
    meanflow: no visible global function definition for ‘aggregate’
    readlfdata: no visible global function definition for ‘read.table’
    readlfdata: no visible global function definition for ‘tail’
    recessionplot: no visible global function definition for ‘points’
    sbplot: no visible global function definition for ‘aggregate’
    sbplot: no visible binding for global variable ‘quantile’
    sbplot: no visible global function definition for ‘reorder’
    seasindex: no visible global function definition for ‘quantile’
    streamdef : ma: no visible global function definition for ‘filter’
    streamdef: no visible global function definition for ‘aggregate’
    streamdefplot: no visible global function definition for ‘plot’
    streamdefplot: no visible global function definition for ‘approx’
    streamdefplot: no visible global function definition for ‘polygon’
    streamdefplot: no visible global function definition for ‘points’
    streamdefplot: no visible global function definition for ‘axis’
    tyears: no visible global function definition for ‘title’
    Undefined global functions or variables:
     abline aggregate approx axis coef filter grid legend lines lm par
     plot points polygon qnorm quantile read.table reorder tail title
    Consider adding
     importFrom("graphics", "abline", "axis", "grid", "legend", "lines",
     "par", "plot", "points", "polygon", "title")
     importFrom("stats", "aggregate", "approx", "coef", "filter", "lm",
     "qnorm", "quantile", "reorder")
     importFrom("utils", "read.table", "tail")
    to your NAMESPACE.
Flavors: r-devel-linux-x86_64-debian-clang, r-devel-linux-x86_64-debian-gcc, r-devel-linux-x86_64-fedora-clang, r-devel-linux-x86_64-fedora-gcc, r-devel-windows-ix86+x86_64