CRAN Package Check Results for Package lfstat

Last updated on 2015-05-27 19:47:11.

Flavor Version Tinstall Tcheck Ttotal Status Flags
r-devel-linux-x86_64-debian-clang 0.6.1 1.10 19.62 20.71 OK
r-devel-linux-x86_64-debian-gcc 0.6.1 1.08 19.92 21.00 OK
r-devel-linux-x86_64-fedora-clang 0.6.1 39.21 OK
r-devel-linux-x86_64-fedora-gcc 0.6.1 38.04 OK
r-devel-osx-x86_64-clang 0.6.1 40.24 OK
r-devel-windows-ix86+x86_64 0.6.1 6.00 32.00 38.00 OK
r-patched-linux-x86_64 0.6.1 1.08 20.30 21.38 OK
r-patched-solaris-sparc 0.6.1 264.60 OK
r-patched-solaris-x86 0.6.1 57.00 OK
r-release-linux-x86_64 0.6.1 1.39 18.78 20.17 OK
r-release-osx-x86_64-mavericks 0.6.1 OK
r-release-osx-x86_64-snowleopard 0.6.1 ERROR
r-release-windows-ix86+x86_64 0.6.1 5.00 32.00 37.00 OK
r-oldrel-windows-ix86+x86_64 0.6.1 7.00 41.00 48.00 OK

Check Details

Version: 0.6.1
Check: package dependencies
Result: ERROR
    Package required but not available: ‘latticeExtra’
    
    See section ‘The DESCRIPTION file’ in the ‘Writing R Extensions’
    manual.
Flavor: r-release-osx-x86_64-snowleopard