CRAN Package Check Results for Package lfstat

Last updated on 2015-04-27 03:47:24.

Flavor Version Tinstall Tcheck Ttotal Status Flags
r-devel-linux-x86_64-debian-clang 0.6.1 1.09 20.34 21.43 OK
r-devel-linux-x86_64-debian-gcc 0.6.1 1.08 19.52 20.60 OK
r-devel-linux-x86_64-fedora-clang 0.6.1 40.08 OK
r-devel-linux-x86_64-fedora-gcc 0.6.1 37.67 OK
r-devel-osx-x86_64-clang 0.6.1 39.68 OK
r-devel-windows-ix86+x86_64 0.6.1 6.00 61.00 67.00 OK
r-patched-linux-x86_64 0.6.1 1.06 19.63 20.70 OK
r-patched-solaris-sparc 0.6.1 269.80 OK
r-patched-solaris-x86 0.6.1 56.80 OK
r-release-linux-x86_64 0.6.1 1.08 19.09 20.17 OK
r-release-osx-x86_64-mavericks 0.6.1 OK
r-release-osx-x86_64-snowleopard 0.6.1 ERROR
r-release-windows-ix86+x86_64 0.6.1 5.00 35.00 40.00 OK
r-oldrel-windows-ix86+x86_64 0.6.1 6.00 38.00 44.00 OK

Check Details

Version: 0.6.1
Check: package dependencies
Result: ERROR
    Package required but not available: ‘latticeExtra’
    
    See section ‘The DESCRIPTION file’ in the ‘Writing R Extensions’
    manual.
Flavor: r-release-osx-x86_64-snowleopard