CRAN Package Check Results for Package lga

Last updated on 2014-12-23 03:49:45.

Flavor Version Tinstall Tcheck Ttotal Status Flags
r-devel-linux-x86_64-debian-clang 1.1-1 0.80 73.30 74.10 NOTE
r-devel-linux-x86_64-debian-gcc 1.1-1 0.73 72.23 72.96 NOTE
r-devel-linux-x86_64-fedora-clang 1.1-1 147.18 NOTE
r-devel-linux-x86_64-fedora-gcc 1.1-1 144.41 NOTE
r-devel-osx-x86_64-clang 1.1-1 112.08 NOTE
r-devel-windows-ix86+x86_64 1.1-1 3.00 114.00 117.00 NOTE
r-patched-linux-x86_64 1.1-1 0.80 74.64 75.45 NOTE
r-patched-solaris-sparc 1.1-1 890.30 NOTE
r-patched-solaris-x86 1.1-1 175.70 NOTE
r-release-linux-ix86 1.1-1 1.06 99.90 100.96 NOTE
r-release-linux-x86_64 1.1-1 0.74 75.13 75.88 NOTE
r-release-osx-x86_64-mavericks 1.1-1 OK
r-release-osx-x86_64-snowleopard 1.1-1 OK
r-release-windows-ix86+x86_64 1.1-1 3.00 115.00 118.00 NOTE
r-oldrel-windows-ix86+x86_64 1.1-1 4.00 135.00 139.00 OK

Check Details

Version: 1.1-1
Check: R code for possible problems
Result: NOTE
    gap.default: no visible global function definition for ‘makeCluster’
    gap.default: no visible global function definition for ‘clusterEvalQ’
    gap.default: no visible global function definition for ‘clusterApply’
    gap.default: no visible global function definition for ‘clusterCall’
    gap.default: no visible global function definition for ‘stopCluster’
    lga.default: no visible global function definition for ‘makeCluster’
    lga.default: no visible global function definition for ‘clusterEvalQ’
    lga.default: no visible global function definition for ‘clusterApplyLB’
    lga.default: no visible global function definition for ‘stopCluster’
    rlga.default: no visible global function definition for ‘makeCluster’
    rlga.default: no visible global function definition for ‘clusterEvalQ’
    rlga.default: no visible global function definition for
     ‘clusterApplyLB’
    rlga.default: no visible global function definition for ‘stopCluster’
Flavors: r-devel-linux-x86_64-debian-clang, r-devel-linux-x86_64-debian-gcc, r-devel-linux-x86_64-fedora-clang, r-devel-linux-x86_64-fedora-gcc, r-devel-osx-x86_64-clang, r-devel-windows-ix86+x86_64, r-patched-linux-x86_64, r-patched-solaris-sparc, r-patched-solaris-x86, r-release-linux-ix86, r-release-linux-x86_64, r-release-windows-ix86+x86_64