CRAN Package Check Results for Package lga

Last updated on 2014-10-21 21:46:52.

Flavor Version Tinstall Tcheck Ttotal Status Flags
r-devel-linux-x86_64-debian-clang 1.1-1 0.72 73.80 74.52 NOTE
r-devel-linux-x86_64-debian-gcc 1.1-1 0.75 72.61 73.36 NOTE
r-devel-linux-x86_64-fedora-clang 1.1-1 149.13 NOTE
r-devel-linux-x86_64-fedora-gcc 1.1-1 147.28 NOTE
r-devel-osx-x86_64-clang 1.1-1 111.58 NOTE
r-devel-windows-ix86+x86_64 1.1-1 3.00 106.00 109.00 NOTE
r-patched-linux-x86_64 1.1-1 0.79 75.68 76.47 NOTE
r-patched-solaris-sparc 1.1-1 876.60 NOTE
r-patched-solaris-x86 1.1-1 178.30 NOTE
r-release-linux-ix86 1.1-1 1.06 102.38 103.44 OK
r-release-linux-x86_64 1.1-1 0.79 76.86 77.64 OK
r-release-osx-x86_64-mavericks 1.1-1 OK
r-release-osx-x86_64-snowleopard 1.1-1 OK
r-release-windows-ix86+x86_64 1.1-1 3.00 106.00 109.00 OK
r-oldrel-windows-ix86+x86_64 1.1-1 3.00 130.00 133.00 OK

Check Details

Version: 1.1-1
Check: R code for possible problems
Result: NOTE
    gap.default: no visible global function definition for ‘makeCluster’
    gap.default: no visible global function definition for ‘clusterEvalQ’
    gap.default: no visible global function definition for ‘clusterApply’
    gap.default: no visible global function definition for ‘clusterCall’
    gap.default: no visible global function definition for ‘stopCluster’
    lga.default: no visible global function definition for ‘makeCluster’
    lga.default: no visible global function definition for ‘clusterEvalQ’
    lga.default: no visible global function definition for ‘clusterApplyLB’
    lga.default: no visible global function definition for ‘stopCluster’
    rlga.default: no visible global function definition for ‘makeCluster’
    rlga.default: no visible global function definition for ‘clusterEvalQ’
    rlga.default: no visible global function definition for
     ‘clusterApplyLB’
    rlga.default: no visible global function definition for ‘stopCluster’
Flavors: r-devel-linux-x86_64-debian-clang, r-devel-linux-x86_64-debian-gcc, r-devel-linux-x86_64-fedora-clang, r-devel-linux-x86_64-fedora-gcc, r-devel-osx-x86_64-clang, r-devel-windows-ix86+x86_64, r-patched-linux-x86_64, r-patched-solaris-sparc, r-patched-solaris-x86