CRAN Package Check Results for Package lga

Last updated on 2015-05-25 22:47:10.

Flavor Version Tinstall Tcheck Ttotal Status Flags
r-devel-linux-x86_64-debian-clang 1.1-1 0.64 67.38 68.02 NOTE
r-devel-linux-x86_64-debian-gcc 1.1-1 0.63 66.19 66.82 NOTE
r-devel-linux-x86_64-fedora-clang 1.1-1 129.20 NOTE
r-devel-linux-x86_64-fedora-gcc 1.1-1 130.40 NOTE
r-devel-osx-x86_64-clang 1.1-1 100.17 NOTE
r-devel-windows-ix86+x86_64 1.1-1 3.00 106.00 109.00 NOTE
r-patched-linux-x86_64 1.1-1 0.63 68.17 68.80 NOTE
r-patched-solaris-sparc 1.1-1 868.40 NOTE
r-patched-solaris-x86 1.1-1 163.50 NOTE
r-release-linux-x86_64 1.1-1 0.64 70.47 71.10 NOTE
r-release-osx-x86_64-mavericks 1.1-1 NOTE
r-release-osx-x86_64-snowleopard 1.1-1 NOTE
r-release-windows-ix86+x86_64 1.1-1 2.00 112.00 114.00 NOTE
r-oldrel-windows-ix86+x86_64 1.1-1 3.00 156.00 159.00 NOTE

Check Details

Version: 1.1-1
Check: dependencies in R code
Result: NOTE
    'library' or 'require' call to ‘snow’ in package code.
     Please use :: or requireNamespace() instead.
     See section 'Suggested packages' in the 'Writing R Extensions' manual.
Flavors: r-devel-linux-x86_64-debian-clang, r-devel-linux-x86_64-debian-gcc, r-devel-linux-x86_64-fedora-clang, r-devel-linux-x86_64-fedora-gcc, r-devel-osx-x86_64-clang, r-devel-windows-ix86+x86_64, r-patched-linux-x86_64, r-patched-solaris-sparc, r-patched-solaris-x86, r-release-linux-x86_64, r-release-osx-x86_64-mavericks, r-release-osx-x86_64-snowleopard, r-release-windows-ix86+x86_64, r-oldrel-windows-ix86+x86_64

Version: 1.1-1
Check: R code for possible problems
Result: NOTE
    gap.default: no visible global function definition for ‘makeCluster’
    gap.default: no visible global function definition for ‘clusterEvalQ’
    gap.default: no visible global function definition for ‘clusterApply’
    gap.default: no visible global function definition for ‘clusterCall’
    gap.default: no visible global function definition for ‘stopCluster’
    lga.default: no visible global function definition for ‘makeCluster’
    lga.default: no visible global function definition for ‘clusterEvalQ’
    lga.default: no visible global function definition for ‘clusterApplyLB’
    lga.default: no visible global function definition for ‘stopCluster’
    rlga.default: no visible global function definition for ‘makeCluster’
    rlga.default: no visible global function definition for ‘clusterEvalQ’
    rlga.default: no visible global function definition for
     ‘clusterApplyLB’
    rlga.default: no visible global function definition for ‘stopCluster’
Flavors: r-devel-linux-x86_64-debian-clang, r-devel-linux-x86_64-debian-gcc, r-devel-linux-x86_64-fedora-clang, r-devel-linux-x86_64-fedora-gcc, r-devel-osx-x86_64-clang, r-devel-windows-ix86+x86_64, r-patched-linux-x86_64, r-patched-solaris-sparc, r-patched-solaris-x86, r-release-linux-x86_64, r-release-osx-x86_64-mavericks, r-release-osx-x86_64-snowleopard, r-release-windows-ix86+x86_64, r-oldrel-windows-ix86+x86_64