CRAN Package Check Results for Package lga

Last updated on 2015-08-29 17:48:11.

Flavor Version Tinstall Tcheck Ttotal Status Flags
r-devel-linux-x86_64-debian-clang 1.1-1 0.61 65.34 65.95 NOTE
r-devel-linux-x86_64-debian-gcc 1.1-1 0.63 63.13 63.76 NOTE
r-devel-linux-x86_64-fedora-clang 1.1-1 117.59 NOTE
r-devel-linux-x86_64-fedora-gcc 1.1-1 123.24 NOTE
r-devel-osx-x86_64-clang 1.1-1 93.03 NOTE
r-devel-windows-ix86+x86_64 1.1-1 4.00 133.00 137.00 NOTE
r-patched-linux-x86_64 1.1-1 0.67 70.24 70.91 NOTE
r-patched-solaris-sparc 1.1-1 863.50 NOTE
r-patched-solaris-x86 1.1-1 167.80 NOTE
r-release-linux-x86_64 1.1-1 0.84 78.20 79.05 NOTE
r-release-osx-x86_64-mavericks 1.1-1 NOTE
r-release-windows-ix86+x86_64 1.1-1 4.00 153.00 157.00 NOTE
r-oldrel-windows-ix86+x86_64 1.1-1 5.00 154.00 159.00 NOTE

Check Details

Version: 1.1-1
Check: dependencies in R code
Result: NOTE
    'library' or 'require' call to ‘snow’ in package code.
     Please use :: or requireNamespace() instead.
     See section 'Suggested packages' in the 'Writing R Extensions' manual.
Flavors: r-devel-linux-x86_64-debian-clang, r-devel-linux-x86_64-debian-gcc, r-devel-linux-x86_64-fedora-clang, r-devel-linux-x86_64-fedora-gcc, r-devel-osx-x86_64-clang, r-devel-windows-ix86+x86_64, r-patched-linux-x86_64, r-patched-solaris-sparc, r-patched-solaris-x86, r-release-linux-x86_64, r-release-osx-x86_64-mavericks, r-release-windows-ix86+x86_64, r-oldrel-windows-ix86+x86_64

Version: 1.1-1
Check: R code for possible problems
Result: NOTE
    gap.default: no visible binding for global variable ‘var’
    gap.default: no visible global function definition for ‘makeCluster’
    gap.default: no visible global function definition for ‘clusterEvalQ’
    gap.default: no visible global function definition for ‘clusterApply’
    gap.default: no visible global function definition for ‘runif’
    gap.default: no visible global function definition for ‘clusterCall’
    gap.default: no visible global function definition for ‘var’
    gap.default: no visible global function definition for ‘stopCluster’
    gap.default: no visible global function definition for ‘plot’
    gap.genBox : <anonymous>: no visible global function definition for
     ‘runif’
    lga.default: no visible binding for global variable ‘var’
    lga.default: no visible global function definition for ‘makeCluster’
    lga.default: no visible global function definition for ‘clusterEvalQ’
    lga.default: no visible global function definition for ‘clusterApplyLB’
    lga.default: no visible global function definition for ‘stopCluster’
    lga.default: no visible global function definition for ‘complete.cases’
    plot.gap: no visible global function definition for ‘par’
    plot.gap: no visible global function definition for ‘plot’
    plot.gap: no visible global function definition for ‘points’
    plot.gap: no visible global function definition for ‘box’
    plot.gap: no visible global function definition for ‘axis’
    plot.gap: no visible global function definition for ‘arrows’
    plot.lga: no visible global function definition for ‘plot’
    plot.lga: no visible global function definition for ‘abline’
    plot.lga: no visible global function definition for ‘pairs’
    rlga.default: no visible binding for global variable ‘var’
    rlga.default: no visible global function definition for ‘makeCluster’
    rlga.default: no visible global function definition for ‘clusterEvalQ’
    rlga.default: no visible global function definition for
     ‘clusterApplyLB’
    rlga.default: no visible global function definition for ‘stopCluster’
    rlga.default: no visible global function definition for
     ‘complete.cases’
    rlga.dodist: no visible global function definition for ‘quantile’
    Undefined global functions or variables:
     abline arrows axis box clusterApply clusterApplyLB clusterCall
     clusterEvalQ complete.cases makeCluster pairs par plot points
     quantile runif stopCluster var
    Consider adding
     importFrom("graphics", "abline", "arrows", "axis", "box", "pairs",
     "par", "plot", "points")
     importFrom("stats", "complete.cases", "quantile", "runif", "var")
    to your NAMESPACE.
Flavors: r-devel-linux-x86_64-debian-clang, r-devel-linux-x86_64-debian-gcc, r-devel-linux-x86_64-fedora-clang, r-devel-linux-x86_64-fedora-gcc, r-devel-windows-ix86+x86_64

Version: 1.1-1
Check: R code for possible problems
Result: NOTE
    gap.default: no visible global function definition for ‘makeCluster’
    gap.default: no visible global function definition for ‘clusterEvalQ’
    gap.default: no visible global function definition for ‘clusterApply’
    gap.default: no visible global function definition for ‘clusterCall’
    gap.default: no visible global function definition for ‘stopCluster’
    lga.default: no visible global function definition for ‘makeCluster’
    lga.default: no visible global function definition for ‘clusterEvalQ’
    lga.default: no visible global function definition for ‘clusterApplyLB’
    lga.default: no visible global function definition for ‘stopCluster’
    rlga.default: no visible global function definition for ‘makeCluster’
    rlga.default: no visible global function definition for ‘clusterEvalQ’
    rlga.default: no visible global function definition for
     ‘clusterApplyLB’
    rlga.default: no visible global function definition for ‘stopCluster’
    Undefined global functions or variables:
     clusterApply clusterApplyLB clusterCall clusterEvalQ makeCluster
     stopCluster
Flavor: r-devel-osx-x86_64-clang

Version: 1.1-1
Check: R code for possible problems
Result: NOTE
    gap.default: no visible global function definition for ‘makeCluster’
    gap.default: no visible global function definition for ‘clusterEvalQ’
    gap.default: no visible global function definition for ‘clusterApply’
    gap.default: no visible global function definition for ‘clusterCall’
    gap.default: no visible global function definition for ‘stopCluster’
    lga.default: no visible global function definition for ‘makeCluster’
    lga.default: no visible global function definition for ‘clusterEvalQ’
    lga.default: no visible global function definition for ‘clusterApplyLB’
    lga.default: no visible global function definition for ‘stopCluster’
    rlga.default: no visible global function definition for ‘makeCluster’
    rlga.default: no visible global function definition for ‘clusterEvalQ’
    rlga.default: no visible global function definition for
     ‘clusterApplyLB’
    rlga.default: no visible global function definition for ‘stopCluster’
Flavors: r-patched-linux-x86_64, r-patched-solaris-sparc, r-patched-solaris-x86, r-release-linux-x86_64, r-release-osx-x86_64-mavericks, r-release-windows-ix86+x86_64, r-oldrel-windows-ix86+x86_64