CRAN Package Check Results for Package lga

Last updated on 2015-03-05 02:47:42.

Flavor Version Tinstall Tcheck Ttotal Status Flags
r-devel-linux-x86_64-debian-clang 1.1-1 0.85 68.00 68.84 NOTE
r-devel-linux-x86_64-debian-gcc 1.1-1 0.64 65.81 66.45 NOTE
r-devel-linux-x86_64-fedora-clang 1.1-1 136.28 NOTE
r-devel-linux-x86_64-fedora-gcc 1.1-1 134.57 NOTE
r-devel-osx-x86_64-clang 1.1-1 103.18 NOTE
r-devel-windows-ix86+x86_64 1.1-1 3.00 112.00 115.00 NOTE
r-patched-linux-x86_64 1.1-1 0.72 72.38 73.10 NOTE
r-patched-solaris-sparc 1.1-1 897.10 NOTE
r-patched-solaris-x86 1.1-1 174.50 NOTE
r-release-linux-ix86 1.1-1 1.01 98.94 99.95 NOTE
r-release-linux-x86_64 1.1-1 0.82 73.38 74.20 NOTE
r-release-osx-x86_64-mavericks 1.1-1 NOTE
r-release-osx-x86_64-snowleopard 1.1-1 OK
r-release-windows-ix86+x86_64 1.1-1 3.00 115.00 118.00 NOTE
r-oldrel-windows-ix86+x86_64 1.1-1 3.00 157.00 160.00 OK

Check Details

Version: 1.1-1
Check: dependencies in R code
Result: NOTE
    'library' or 'require' call to ‘snow’ in package code.
     Please use :: or requireNamespace() instead.
     See section 'Suggested packages' in the 'Writing R Extensions' manual.
Flavors: r-devel-linux-x86_64-debian-clang, r-devel-linux-x86_64-debian-gcc, r-devel-linux-x86_64-fedora-clang, r-devel-linux-x86_64-fedora-gcc, r-devel-osx-x86_64-clang, r-devel-windows-ix86+x86_64, r-patched-linux-x86_64, r-patched-solaris-sparc, r-patched-solaris-x86

Version: 1.1-1
Check: R code for possible problems
Result: NOTE
    gap.default: no visible global function definition for ‘makeCluster’
    gap.default: no visible global function definition for ‘clusterEvalQ’
    gap.default: no visible global function definition for ‘clusterApply’
    gap.default: no visible global function definition for ‘clusterCall’
    gap.default: no visible global function definition for ‘stopCluster’
    lga.default: no visible global function definition for ‘makeCluster’
    lga.default: no visible global function definition for ‘clusterEvalQ’
    lga.default: no visible global function definition for ‘clusterApplyLB’
    lga.default: no visible global function definition for ‘stopCluster’
    rlga.default: no visible global function definition for ‘makeCluster’
    rlga.default: no visible global function definition for ‘clusterEvalQ’
    rlga.default: no visible global function definition for
     ‘clusterApplyLB’
    rlga.default: no visible global function definition for ‘stopCluster’
Flavors: r-devel-linux-x86_64-debian-clang, r-devel-linux-x86_64-debian-gcc, r-devel-linux-x86_64-fedora-clang, r-devel-linux-x86_64-fedora-gcc, r-devel-osx-x86_64-clang, r-devel-windows-ix86+x86_64, r-patched-linux-x86_64, r-patched-solaris-sparc, r-patched-solaris-x86, r-release-linux-ix86, r-release-linux-x86_64, r-release-osx-x86_64-mavericks, r-release-windows-ix86+x86_64