CRAN Package Check Results for Package lga

Last updated on 2014-11-22 03:49:32.

Flavor Version Tinstall Tcheck Ttotal Status Flags
r-devel-linux-x86_64-debian-clang 1.1-1 0.74 74.90 75.63 NOTE
r-devel-linux-x86_64-debian-gcc 1.1-1 0.74 72.56 73.30 NOTE
r-devel-linux-x86_64-fedora-clang 1.1-1 146.57 NOTE
r-devel-linux-x86_64-fedora-gcc 1.1-1 148.92 NOTE
r-devel-osx-x86_64-clang 1.1-1 113.09 NOTE
r-devel-windows-ix86+x86_64 1.1-1 2.00 146.00 148.00 NOTE
r-patched-linux-x86_64 1.1-1 0.75 77.64 78.39 NOTE
r-patched-solaris-sparc 1.1-1 876.60 NOTE
r-patched-solaris-x86 1.1-1 171.80 NOTE
r-release-linux-ix86 1.1-1 1.05 99.25 100.30 NOTE
r-release-linux-x86_64 1.1-1 0.80 77.09 77.89 NOTE
r-release-osx-x86_64-mavericks 1.1-1 OK
r-release-osx-x86_64-snowleopard 1.1-1 OK
r-release-windows-ix86+x86_64 1.1-1 4.00 112.00 116.00 NOTE
r-oldrel-windows-ix86+x86_64 1.1-1 3.00 136.00 139.00 OK

Check Details

Version: 1.1-1
Check: R code for possible problems
Result: NOTE
    gap.default: no visible global function definition for ‘makeCluster’
    gap.default: no visible global function definition for ‘clusterEvalQ’
    gap.default: no visible global function definition for ‘clusterApply’
    gap.default: no visible global function definition for ‘clusterCall’
    gap.default: no visible global function definition for ‘stopCluster’
    lga.default: no visible global function definition for ‘makeCluster’
    lga.default: no visible global function definition for ‘clusterEvalQ’
    lga.default: no visible global function definition for ‘clusterApplyLB’
    lga.default: no visible global function definition for ‘stopCluster’
    rlga.default: no visible global function definition for ‘makeCluster’
    rlga.default: no visible global function definition for ‘clusterEvalQ’
    rlga.default: no visible global function definition for
     ‘clusterApplyLB’
    rlga.default: no visible global function definition for ‘stopCluster’
Flavors: r-devel-linux-x86_64-debian-clang, r-devel-linux-x86_64-debian-gcc, r-devel-linux-x86_64-fedora-clang, r-devel-linux-x86_64-fedora-gcc, r-devel-osx-x86_64-clang, r-devel-windows-ix86+x86_64, r-patched-linux-x86_64, r-patched-solaris-sparc, r-patched-solaris-x86, r-release-linux-ix86, r-release-linux-x86_64, r-release-windows-ix86+x86_64