CRAN Package Check Results for Package lga

Last updated on 2014-09-20 19:47:21.

Flavor Version Tinstall Tcheck Ttotal Status Flags
r-devel-linux-x86_64-debian-clang 1.1-1 0.67 71.09 71.76 NOTE
r-devel-linux-x86_64-debian-gcc 1.1-1 0.67 71.29 71.96 NOTE
r-devel-linux-x86_64-fedora-clang 1.1-1 148.06 NOTE
r-devel-linux-x86_64-fedora-gcc 1.1-1 145.07 NOTE
r-devel-osx-x86_64-clang 1.1-1 108.37 NOTE
r-devel-windows-ix86+x86_64 1.1-1 3.00 106.00 109.00 NOTE
r-patched-linux-x86_64 1.1-1 0.75 72.79 73.54 OK
r-patched-solaris-sparc 1.1-1 872.70 OK
r-patched-solaris-x86 1.1-1 166.60 OK
r-release-linux-ix86 1.1-1 1.07 101.78 102.85 OK
r-release-linux-x86_64 1.1-1 0.74 79.99 80.72 OK
r-release-osx-x86_64-mavericks 1.1-1 OK
r-release-osx-x86_64-snowleopard 1.1-1 OK
r-release-windows-ix86+x86_64 1.1-1 3.00 103.00 106.00 OK
r-oldrel-windows-ix86+x86_64 1.1-1 4.00 134.00 138.00 OK

Check Details

Version: 1.1-1
Check: R code for possible problems
Result: NOTE
    gap.default: no visible global function definition for ‘makeCluster’
    gap.default: no visible global function definition for ‘clusterEvalQ’
    gap.default: no visible global function definition for ‘clusterApply’
    gap.default: no visible global function definition for ‘clusterCall’
    gap.default: no visible global function definition for ‘stopCluster’
    lga.default: no visible global function definition for ‘makeCluster’
    lga.default: no visible global function definition for ‘clusterEvalQ’
    lga.default: no visible global function definition for ‘clusterApplyLB’
    lga.default: no visible global function definition for ‘stopCluster’
    rlga.default: no visible global function definition for ‘makeCluster’
    rlga.default: no visible global function definition for ‘clusterEvalQ’
    rlga.default: no visible global function definition for
     ‘clusterApplyLB’
    rlga.default: no visible global function definition for ‘stopCluster’
Flavors: r-devel-linux-x86_64-debian-clang, r-devel-linux-x86_64-debian-gcc, r-devel-linux-x86_64-fedora-clang, r-devel-linux-x86_64-fedora-gcc, r-devel-osx-x86_64-clang, r-devel-windows-ix86+x86_64