CRAN Package Check Results for Package lga

Last updated on 2015-07-06 14:48:40.

Flavor Version Tinstall Tcheck Ttotal Status Flags
r-devel-linux-x86_64-debian-clang 1.1-1 0.62 67.05 67.66 NOTE
r-devel-linux-x86_64-debian-gcc 1.1-1 0.66 68.26 68.92 NOTE
r-devel-linux-x86_64-fedora-clang 1.1-1 128.97 NOTE
r-devel-linux-x86_64-fedora-gcc 1.1-1 127.18 NOTE
r-devel-osx-x86_64-clang 1.1-1 96.64 NOTE
r-devel-windows-ix86+x86_64 1.1-1 4.00 129.00 133.00 NOTE
r-patched-linux-x86_64 1.1-1 0.64 69.98 70.62 NOTE
r-patched-solaris-sparc 1.1-1 868.40 NOTE
r-patched-solaris-x86 1.1-1 166.10 NOTE
r-release-linux-x86_64 1.1-1 0.68 67.18 67.86 NOTE
r-release-osx-x86_64-mavericks 1.1-1 NOTE
r-release-windows-ix86+x86_64 1.1-1 4.00 97.00 101.00 NOTE
r-oldrel-windows-ix86+x86_64 1.1-1 4.00 155.00 159.00 NOTE

Check Details

Version: 1.1-1
Check: dependencies in R code
Result: NOTE
    'library' or 'require' call to ‘snow’ in package code.
     Please use :: or requireNamespace() instead.
     See section 'Suggested packages' in the 'Writing R Extensions' manual.
Flavors: r-devel-linux-x86_64-debian-clang, r-devel-linux-x86_64-debian-gcc, r-devel-linux-x86_64-fedora-clang, r-devel-linux-x86_64-fedora-gcc, r-devel-osx-x86_64-clang, r-devel-windows-ix86+x86_64, r-patched-linux-x86_64, r-patched-solaris-sparc, r-patched-solaris-x86, r-release-linux-x86_64, r-release-osx-x86_64-mavericks, r-release-windows-ix86+x86_64, r-oldrel-windows-ix86+x86_64

Version: 1.1-1
Check: R code for possible problems
Result: NOTE
    gap.default: no visible binding for global variable ‘var’
    gap.default: no visible global function definition for ‘makeCluster’
    gap.default: no visible global function definition for ‘clusterEvalQ’
    gap.default: no visible global function definition for ‘clusterApply’
    gap.default: no visible global function definition for ‘runif’
    gap.default: no visible global function definition for ‘clusterCall’
    gap.default: no visible global function definition for ‘var’
    gap.default: no visible global function definition for ‘stopCluster’
    gap.default: no visible global function definition for ‘plot’
    gap.genBox : <anonymous>: no visible global function definition for
     ‘runif’
    lga.default: no visible binding for global variable ‘var’
    lga.default: no visible global function definition for ‘makeCluster’
    lga.default: no visible global function definition for ‘clusterEvalQ’
    lga.default: no visible global function definition for ‘clusterApplyLB’
    lga.default: no visible global function definition for ‘stopCluster’
    lga.default: no visible global function definition for ‘complete.cases’
    plot.gap: no visible global function definition for ‘par’
    plot.gap: no visible global function definition for ‘plot’
    plot.gap: no visible global function definition for ‘points’
    plot.gap: no visible global function definition for ‘box’
    plot.gap: no visible global function definition for ‘axis’
    plot.gap: no visible global function definition for ‘arrows’
    plot.lga: no visible global function definition for ‘plot’
    plot.lga: no visible global function definition for ‘abline’
    plot.lga: no visible global function definition for ‘pairs’
    rlga.default: no visible binding for global variable ‘var’
    rlga.default: no visible global function definition for ‘makeCluster’
    rlga.default: no visible global function definition for ‘clusterEvalQ’
    rlga.default: no visible global function definition for
     ‘clusterApplyLB’
    rlga.default: no visible global function definition for ‘stopCluster’
    rlga.default: no visible global function definition for
     ‘complete.cases’
    rlga.dodist: no visible global function definition for ‘quantile’
    Undefined global functions or variables:
     abline arrows axis box clusterApply clusterApplyLB clusterCall
     clusterEvalQ complete.cases makeCluster pairs par plot points
     quantile runif stopCluster var
Flavors: r-devel-linux-x86_64-debian-clang, r-devel-linux-x86_64-debian-gcc, r-devel-linux-x86_64-fedora-clang, r-devel-linux-x86_64-fedora-gcc, r-devel-windows-ix86+x86_64

Version: 1.1-1
Check: R code for possible problems
Result: NOTE
    gap.default: no visible global function definition for ‘makeCluster’
    gap.default: no visible global function definition for ‘clusterEvalQ’
    gap.default: no visible global function definition for ‘clusterApply’
    gap.default: no visible global function definition for ‘clusterCall’
    gap.default: no visible global function definition for ‘stopCluster’
    lga.default: no visible global function definition for ‘makeCluster’
    lga.default: no visible global function definition for ‘clusterEvalQ’
    lga.default: no visible global function definition for ‘clusterApplyLB’
    lga.default: no visible global function definition for ‘stopCluster’
    rlga.default: no visible global function definition for ‘makeCluster’
    rlga.default: no visible global function definition for ‘clusterEvalQ’
    rlga.default: no visible global function definition for
     ‘clusterApplyLB’
    rlga.default: no visible global function definition for ‘stopCluster’
    Undefined global functions or variables:
     clusterApply clusterApplyLB clusterCall clusterEvalQ makeCluster
     stopCluster
Flavor: r-devel-osx-x86_64-clang

Version: 1.1-1
Check: R code for possible problems
Result: NOTE
    gap.default: no visible global function definition for ‘makeCluster’
    gap.default: no visible global function definition for ‘clusterEvalQ’
    gap.default: no visible global function definition for ‘clusterApply’
    gap.default: no visible global function definition for ‘clusterCall’
    gap.default: no visible global function definition for ‘stopCluster’
    lga.default: no visible global function definition for ‘makeCluster’
    lga.default: no visible global function definition for ‘clusterEvalQ’
    lga.default: no visible global function definition for ‘clusterApplyLB’
    lga.default: no visible global function definition for ‘stopCluster’
    rlga.default: no visible global function definition for ‘makeCluster’
    rlga.default: no visible global function definition for ‘clusterEvalQ’
    rlga.default: no visible global function definition for
     ‘clusterApplyLB’
    rlga.default: no visible global function definition for ‘stopCluster’
Flavors: r-patched-linux-x86_64, r-patched-solaris-sparc, r-patched-solaris-x86, r-release-linux-x86_64, r-release-osx-x86_64-mavericks, r-release-windows-ix86+x86_64, r-oldrel-windows-ix86+x86_64