CRAN Package Check Results for Package lga

Last updated on 2014-04-24 11:48:48.

Flavor Version Tinstall Tcheck Ttotal Status Flags
r-devel-linux-x86_64-debian-clang 1.1-1 0.79 74.00 74.79 OK
r-devel-linux-x86_64-debian-gcc 1.1-1 0.86 73.34 74.20 OK
r-devel-linux-x86_64-fedora-clang 1.1-1 145.38 OK
r-devel-linux-x86_64-fedora-gcc 1.1-1 149.53 OK
r-devel-osx-x86_64-clang 1.1-1 101.49 OK
r-devel-osx-x86_64-gcc 1.1-1 OK
r-devel-windows-ix86+x86_64 1.1-1 3.00 110.00 113.00 OK
r-patched-linux-x86_64 1.1-1 0.74 74.52 75.26 OK
r-patched-solaris-sparc 1.1-1 858.00 OK
r-patched-solaris-x86 1.1-1 168.00 OK
r-release-linux-ix86 1.1-1 2.00 121.00 123.00 OK
r-release-linux-x86_64 1.1-1 0.74 76.42 77.16 OK
r-release-osx-x86_64-mavericks 1.1-1 WARN
r-release-osx-x86_64-snowleopard 1.1-1 OK
r-release-windows-ix86+x86_64 1.1-1 3.00 110.00 113.00 OK
r-oldrel-windows-ix86+x86_64 1.1-1 3.00 133.00 136.00 OK

Check Details

Version: 1.1-1
Check: PDF version of manual
Result: WARNING
    LaTeX errors when creating PDF version.
    This typically indicates Rd problems.
    LaTeX errors found:
    ! LaTeX Error: File `upquote.sty' not found.
    
    Type X to quit or <RETURN> to proceed,
    or enter new name. (Default extension: sty)
    
    16a70d/Rd2.tex:8: ==> Fatal error occurred, no output PDF file produced!
Flavor: r-release-osx-x86_64-mavericks