CRAN Package Check Results for Package lga

Last updated on 2014-08-30 04:48:15.

Flavor Version Tinstall Tcheck Ttotal Status Flags
r-devel-linux-x86_64-debian-clang 1.1-1 0.69 72.86 73.55 NOTE
r-devel-linux-x86_64-debian-gcc 1.1-1 0.68 75.22 75.90 NOTE
r-devel-linux-x86_64-fedora-clang 1.1-1 148.34 NOTE
r-devel-linux-x86_64-fedora-gcc 1.1-1 141.73 NOTE
r-devel-osx-x86_64-clang 1.1-1 105.19 NOTE
r-devel-windows-ix86+x86_64 1.1-1 4.00 111.00 115.00 NOTE
r-patched-linux-x86_64 1.1-1 0.71 75.28 75.99 OK
r-patched-solaris-sparc 1.1-1 872.70 OK
r-patched-solaris-x86 1.1-1 170.40 OK
r-release-linux-ix86 1.1-1 1.09 99.70 100.80 OK
r-release-linux-x86_64 1.1-1 0.74 73.75 74.48 OK
r-release-osx-x86_64-mavericks 1.1-1 OK
r-release-osx-x86_64-snowleopard 1.1-1 OK
r-release-windows-ix86+x86_64 1.1-1 3.00 110.00 113.00 OK
r-oldrel-windows-ix86+x86_64 1.1-1 4.00 186.00 190.00 OK

Check Details

Version: 1.1-1
Check: R code for possible problems
Result: NOTE
    gap.default: no visible global function definition for ‘makeCluster’
    gap.default: no visible global function definition for ‘clusterEvalQ’
    gap.default: no visible global function definition for ‘clusterApply’
    gap.default: no visible global function definition for ‘clusterCall’
    gap.default: no visible global function definition for ‘stopCluster’
    lga.default: no visible global function definition for ‘makeCluster’
    lga.default: no visible global function definition for ‘clusterEvalQ’
    lga.default: no visible global function definition for ‘clusterApplyLB’
    lga.default: no visible global function definition for ‘stopCluster’
    rlga.default: no visible global function definition for ‘makeCluster’
    rlga.default: no visible global function definition for ‘clusterEvalQ’
    rlga.default: no visible global function definition for
     ‘clusterApplyLB’
    rlga.default: no visible global function definition for ‘stopCluster’
Flavors: r-devel-linux-x86_64-debian-clang, r-devel-linux-x86_64-debian-gcc, r-devel-linux-x86_64-fedora-clang, r-devel-linux-x86_64-fedora-gcc, r-devel-osx-x86_64-clang, r-devel-windows-ix86+x86_64