CRAN Package Check Results for Package lgarch

Last updated on 2015-07-29 06:47:49.

Flavor Version Tinstall Tcheck Ttotal Status Flags
r-devel-linux-x86_64-debian-clang 0.5 1.08 17.35 18.43 NOTE
r-devel-linux-x86_64-debian-gcc 0.5 1.11 16.70 17.81 NOTE
r-devel-linux-x86_64-fedora-clang 0.5 34.15 NOTE
r-devel-linux-x86_64-fedora-gcc 0.5 31.71 NOTE
r-devel-osx-x86_64-clang 0.5 30.02 OK
r-devel-windows-ix86+x86_64 0.5 5.00 36.00 41.00 NOTE
r-patched-linux-x86_64 0.5 1.04 18.38 19.42 OK
r-patched-solaris-sparc 0.5 221.40 OK
r-patched-solaris-x86 0.5 45.90 OK
r-release-linux-x86_64 0.5 1.06 17.06 18.12 OK
r-release-osx-x86_64-mavericks 0.5 OK
r-release-windows-ix86+x86_64 0.5 7.00 39.00 46.00 OK
r-oldrel-windows-ix86+x86_64 0.5 6.00 46.00 52.00 OK

Check Details

Version: 0.5
Check: R code for possible problems
Result: NOTE
    lgarch: no visible global function definition for ‘nlminb’
    lgarch: no visible global function definition for ‘var’
    lgarch: no visible global function definition for ‘optimHess’
    lgarchSim: no visible global function definition for ‘rnorm’
    logLik.lgarch: no visible global function definition for ‘dnorm’
    logLik.lgarch: no visible global function definition for ‘sd’
    logLik.mlgarch: no visible global function definition for ‘cor’
    mlgarch: no visible global function definition for ‘var’
    mlgarch: no visible global function definition for ‘nlminb’
    mlgarch: no visible global function definition for ‘optimHess’
    rmnorm: no visible global function definition for ‘rnorm’
    vcov.lgarch: no visible global function definition for ‘var’
    vcov.mlgarch: no visible global function definition for ‘var’
    Undefined global functions or variables:
     cor dnorm nlminb optimHess rnorm sd var
    Consider adding
     importFrom("stats", "cor", "dnorm", "nlminb", "optimHess", "rnorm",
     "sd", "var")
    to your NAMESPACE.
Flavors: r-devel-linux-x86_64-debian-clang, r-devel-linux-x86_64-debian-gcc, r-devel-linux-x86_64-fedora-clang, r-devel-linux-x86_64-fedora-gcc, r-devel-windows-ix86+x86_64