CRAN Package Check Results for Package lgarch

Last updated on 2015-05-23 05:47:53.

Flavor Version Tinstall Tcheck Ttotal Status Flags
r-devel-linux-x86_64-debian-clang 0.5 1.12 17.87 18.99 OK
r-devel-linux-x86_64-debian-gcc 0.5 1.02 17.28 18.30 OK
r-devel-linux-x86_64-fedora-clang 0.5 35.28 OK
r-devel-linux-x86_64-fedora-gcc 0.5 34.20 OK
r-devel-osx-x86_64-clang 0.5 35.30 OK
r-devel-windows-ix86+x86_64 0.5 6.00 33.00 39.00 OK
r-patched-linux-x86_64 0.5 1.07 17.99 19.06 OK
r-patched-solaris-sparc 0.5 224.40 OK
r-patched-solaris-x86 0.5 46.70 OK
r-release-linux-x86_64 0.5 1.03 17.15 18.18 OK
r-release-osx-x86_64-mavericks 0.5 OK
r-release-osx-x86_64-snowleopard 0.5 ERROR
r-release-windows-ix86+x86_64 0.5 6.00 34.00 40.00 OK
r-oldrel-windows-ix86+x86_64 0.5 6.00 40.00 46.00 OK

Check Details

Version: 0.5
Check: package dependencies
Result: ERROR
    Package required but not available: ‘zoo’
    
    See section ‘The DESCRIPTION file’ in the ‘Writing R Extensions’
    manual.
Flavor: r-release-osx-x86_64-snowleopard