CRAN Package Check Results for Package lgarch

Last updated on 2017-02-25 03:48:20.

Flavor Version Tinstall Tcheck Ttotal Status Flags
r-devel-linux-x86_64-debian-clang 0.6-2 1.38 20.71 22.08 NOTE
r-devel-linux-x86_64-debian-gcc 0.6-2 1.35 20.38 21.73 NOTE
r-devel-linux-x86_64-fedora-clang 0.6-2 38.23 NOTE --no-stop-on-test-error
r-devel-linux-x86_64-fedora-gcc 0.6-2 35.54 NOTE --no-stop-on-test-error
r-devel-macos-x86_64-clang 0.6-2 31.53 NOTE --no-stop-on-test-error
r-devel-windows-ix86+x86_64 0.6-2 16.00 64.00 80.00 OK
r-patched-linux-x86_64 0.6-2 1.12 16.55 17.68 OK
r-patched-solaris-sparc 0.6-2 205.00 OK
r-patched-solaris-x86 0.6-2 43.90 OK
r-release-linux-x86_64 0.6-2 1.11 16.26 17.37 OK
r-release-osx-x86_64-mavericks 0.6-2 OK
r-release-windows-ix86+x86_64 0.6-2 10.00 67.00 77.00 OK
r-oldrel-windows-ix86+x86_64 0.6-2 17.00 97.00 114.00 OK

Check Details

Version: 0.6-2
Check: compiled code
Result: NOTE
    File ‘lgarch/libs/lgarch.so’:
     Found no calls to: ‘R_registerRoutines’, ‘R_useDynamicSymbols’
    
    It is good practice to register native routines and to disable symbol
    search.
    
    See ‘Writing portable packages’ in the ‘Writing R Extensions’ manual.
Flavors: r-devel-linux-x86_64-debian-clang, r-devel-linux-x86_64-debian-gcc

Version: 0.6-2
Flags: --no-stop-on-test-error
Check: compiled code
Result: NOTE
    File ‘lgarch/libs/lgarch.so’:
     Found no calls to: ‘R_registerRoutines’, ‘R_useDynamicSymbols’
    
    It is good practice to register native routines and to disable symbol
    search.
    
    See ‘Writing portable packages’ in the ‘Writing R Extensions’ manual.
Flavors: r-devel-linux-x86_64-fedora-clang, r-devel-linux-x86_64-fedora-gcc, r-devel-macos-x86_64-clang