CRAN Package Check Results for Package lgarch

Last updated on 2018-01-18 04:47:53 CET.

Flavor Version Tinstall Tcheck Ttotal Status Flags
r-devel-linux-x86_64-debian-clang 0.6-2 1.84 29.81 31.65 NOTE
r-devel-linux-x86_64-debian-gcc 0.6-2 1.43 27.09 28.52 NOTE
r-devel-linux-x86_64-fedora-clang 0.6-2 37.90 NOTE
r-devel-linux-x86_64-fedora-gcc 0.6-2 37.53 NOTE
r-devel-windows-ix86+x86_64 0.6-2 8.00 57.00 65.00 OK
r-patched-linux-x86_64 0.6-2 1.92 32.48 34.40 NOTE
r-patched-solaris-x86 0.6-2 56.20 OK
r-release-linux-x86_64 0.6-2 1.61 32.27 33.88 NOTE
r-release-windows-ix86+x86_64 0.6-2 5.00 69.00 74.00 OK
r-release-osx-x86_64 0.6-2 OK
r-oldrel-windows-ix86+x86_64 0.6-2 7.00 65.00 72.00 OK
r-oldrel-osx-x86_64 0.6-2 OK

Check Details

Version: 0.6-2
Check: compiled code
Result: NOTE
    File ‘lgarch/libs/lgarch.so’:
     Found no calls to: ‘R_registerRoutines’, ‘R_useDynamicSymbols’
    
    It is good practice to register native routines and to disable symbol
    search.
    
    See ‘Writing portable packages’ in the ‘Writing R Extensions’ manual.
Flavors: r-devel-linux-x86_64-debian-clang, r-devel-linux-x86_64-debian-gcc, r-devel-linux-x86_64-fedora-clang, r-devel-linux-x86_64-fedora-gcc, r-patched-linux-x86_64, r-release-linux-x86_64