CRAN Package Check Results for Package lgarch

Last updated on 2017-05-26 20:47:39.

Flavor Version Tinstall Tcheck Ttotal Status Flags
r-devel-linux-x86_64-debian-clang 0.6-2 1.43 21.76 23.19 NOTE
r-devel-linux-x86_64-debian-gcc 0.6-2 1.44 21.00 22.44 NOTE
r-devel-linux-x86_64-fedora-clang 0.6-2 37.44 NOTE
r-devel-linux-x86_64-fedora-gcc 0.6-2 35.84 NOTE
r-devel-windows-ix86+x86_64 0.6-2 6.00 51.00 57.00 OK
r-patched-linux-x86_64 0.6-2 1.42 20.11 21.53 NOTE
r-patched-solaris-sparc 0.6-2 228.60 OK
r-patched-solaris-x86 0.6-2 49.20 OK
r-release-linux-x86_64 0.6-2 1.26 21.26 22.52 NOTE
r-release-windows-ix86+x86_64 0.6-2 5.00 50.00 55.00 OK
r-release-osx-x86_64 0.6-2 OK
r-oldrel-windows-ix86+x86_64 0.6-2 11.00 43.00 54.00 OK
r-oldrel-osx-x86_64 0.6-2 OK

Check Details

Version: 0.6-2
Check: compiled code
Result: NOTE
    File ‘lgarch/libs/lgarch.so’:
     Found no calls to: ‘R_registerRoutines’, ‘R_useDynamicSymbols’
    
    It is good practice to register native routines and to disable symbol
    search.
    
    See ‘Writing portable packages’ in the ‘Writing R Extensions’ manual.
Flavors: r-devel-linux-x86_64-debian-clang, r-devel-linux-x86_64-debian-gcc, r-devel-linux-x86_64-fedora-clang, r-devel-linux-x86_64-fedora-gcc, r-patched-linux-x86_64, r-release-linux-x86_64