CRAN Package Check Results for Package lgarch

Last updated on 2015-04-27 06:46:40.

Flavor Version Tinstall Tcheck Ttotal Status Flags
r-devel-linux-x86_64-debian-clang 0.5 1.05 17.64 18.69 OK
r-devel-linux-x86_64-debian-gcc 0.5 1.20 18.10 19.30 OK
r-devel-linux-x86_64-fedora-clang 0.5 36.16 OK
r-devel-linux-x86_64-fedora-gcc 0.5 33.47 OK
r-devel-osx-x86_64-clang 0.5 33.44 OK
r-devel-windows-ix86+x86_64 0.5 6.00 39.00 45.00 OK
r-patched-linux-x86_64 0.5 1.16 17.57 18.73 OK
r-patched-solaris-sparc 0.5 239.90 OK
r-patched-solaris-x86 0.5 46.90 OK
r-release-linux-x86_64 0.5 1.04 17.48 18.52 OK
r-release-osx-x86_64-mavericks 0.5 OK
r-release-osx-x86_64-snowleopard 0.5 ERROR
r-release-windows-ix86+x86_64 0.5 6.00 35.00 41.00 OK
r-oldrel-windows-ix86+x86_64 0.5 5.00 36.00 41.00 OK

Check Details

Version: 0.5
Check: package dependencies
Result: ERROR
    Package required but not available: ‘zoo’
    
    See section ‘The DESCRIPTION file’ in the ‘Writing R Extensions’
    manual.
Flavor: r-release-osx-x86_64-snowleopard