CRAN Package Check Results for Package lgarch

Last updated on 2016-05-05 20:47:57.

Flavor Version Tinstall Tcheck Ttotal Status Flags
r-devel-linux-x86_64-debian-gcc 0.6-2 1.22 17.36 18.58 OK
r-devel-linux-x86_64-fedora-clang 0.6-2 32.90 OK
r-devel-linux-x86_64-fedora-gcc 0.6-2 29.50 OK
r-devel-osx-x86_64-clang 0.6-2 35.09 OK
r-devel-windows-ix86+x86_64 0.6-2 7.00 4.00 11.00 ERROR
r-patched-linux-x86_64 0.6-2 1.08 16.63 17.71 OK
r-patched-solaris-sparc 0.6-2 201.10 OK
r-patched-solaris-x86 0.6-2 42.80 OK
r-release-linux-x86_64 0.6-2 1.06 17.07 18.13 OK
r-release-osx-x86_64-mavericks 0.6-2 OK
r-release-windows-ix86+x86_64 0.6-2 7.00 4.00 11.00 ERROR
r-oldrel-windows-ix86+x86_64 0.6-2 11.00 57.00 68.00 OK

Check Details

Version: 0.6-2
Check: whether package can be installed
Result: ERROR
    Installation failed.
Flavors: r-devel-windows-ix86+x86_64, r-release-windows-ix86+x86_64