CRAN Package Check Results for Package lgarch

Last updated on 2017-11-17 23:48:23.

Flavor Version Tinstall Tcheck Ttotal Status Flags
r-devel-linux-x86_64-debian-clang 0.6-2 1.26 20.80 22.05 NOTE
r-devel-linux-x86_64-debian-gcc 0.6-2 2.54 22.27 24.81 NOTE
r-devel-linux-x86_64-fedora-clang 0.6-2 36.16 NOTE
r-devel-linux-x86_64-fedora-gcc 0.6-2 35.00 NOTE
r-devel-windows-ix86+x86_64 0.6-2 8.00 72.00 80.00 OK
r-patched-linux-x86_64 0.6-2 3.31 21.12 24.44 NOTE
r-patched-solaris-x86 0.6-2 51.00 OK
r-release-linux-x86_64 0.6-2 1.29 21.47 22.76 NOTE
r-release-windows-ix86+x86_64 0.6-2 5.00 67.00 72.00 OK
r-release-osx-x86_64 0.6-2 OK
r-oldrel-windows-ix86+x86_64 0.6-2 5.00 55.00 60.00 OK
r-oldrel-osx-x86_64 0.6-2 OK

Check Details

Version: 0.6-2
Check: compiled code
Result: NOTE
    File ‘lgarch/libs/lgarch.so’:
     Found no calls to: ‘R_registerRoutines’, ‘R_useDynamicSymbols’
    
    It is good practice to register native routines and to disable symbol
    search.
    
    See ‘Writing portable packages’ in the ‘Writing R Extensions’ manual.
Flavors: r-devel-linux-x86_64-debian-clang, r-devel-linux-x86_64-debian-gcc, r-devel-linux-x86_64-fedora-clang, r-devel-linux-x86_64-fedora-gcc, r-patched-linux-x86_64, r-release-linux-x86_64