CRAN Package Check Results for Package lgarch

Last updated on 2017-07-26 12:48:29.

Flavor Version Tinstall Tcheck Ttotal Status Flags
r-devel-linux-x86_64-debian-clang 0.6-2 1.45 27.71 29.16 NOTE
r-devel-linux-x86_64-debian-gcc 0.6-2 1.28 27.23 28.51 NOTE
r-devel-linux-x86_64-fedora-clang 0.6-2 38.74 NOTE
r-devel-linux-x86_64-fedora-gcc 0.6-2 35.82 NOTE
r-devel-windows-ix86+x86_64 0.6-2 10.00 69.00 79.00 OK
r-patched-linux-x86_64 0.6-2 1.30 27.20 28.50 NOTE
r-patched-solaris-x86 0.6-2 49.80 OK
r-release-linux-x86_64 0.6-2 1.41 27.35 28.76 NOTE
r-release-windows-ix86+x86_64 0.6-2 5.00 65.00 70.00 OK
r-release-osx-x86_64 0.6-2 OK
r-oldrel-windows-ix86+x86_64 0.6-2 6.00 45.00 51.00 OK
r-oldrel-osx-x86_64 0.6-2 OK

Check Details

Version: 0.6-2
Check: compiled code
Result: NOTE
    File ‘lgarch/libs/lgarch.so’:
     Found no calls to: ‘R_registerRoutines’, ‘R_useDynamicSymbols’
    
    It is good practice to register native routines and to disable symbol
    search.
    
    See ‘Writing portable packages’ in the ‘Writing R Extensions’ manual.
Flavors: r-devel-linux-x86_64-debian-clang, r-devel-linux-x86_64-debian-gcc, r-devel-linux-x86_64-fedora-clang, r-devel-linux-x86_64-fedora-gcc, r-patched-linux-x86_64, r-release-linux-x86_64