CRAN Package Check Results for Package lgarch

Last updated on 2017-04-24 12:47:41.

Flavor Version Tinstall Tcheck Ttotal Status Flags
r-devel-linux-x86_64-debian-clang 0.6-2 1.39 21.32 22.71 NOTE
r-devel-linux-x86_64-debian-gcc 0.6-2 1.47 21.07 22.54 NOTE
r-devel-linux-x86_64-fedora-clang 0.6-2 37.26 NOTE --no-stop-on-test-error
r-devel-linux-x86_64-fedora-gcc 0.6-2 35.36 NOTE --no-stop-on-test-error
r-devel-windows-ix86+x86_64 0.6-2 10.00 62.00 72.00 OK
r-patched-linux-x86_64 0.6-2 1.37 20.88 22.25 NOTE
r-patched-solaris-sparc 0.6-2 228.60 OK
r-patched-solaris-x86 0.6-2 49.70 OK
r-release-linux-x86_64 0.6-2 1.31 21.26 22.57 NOTE
r-release-windows-ix86+x86_64 0.6-2 7.00 49.00 56.00 OK
r-release-osx-x86_64 0.6-2 OK
r-oldrel-windows-ix86+x86_64 0.6-2 7.00 43.00 50.00 OK
r-oldrel-osx-x86_64 0.6-2 OK

Check Details

Version: 0.6-2
Check: compiled code
Result: NOTE
    File ‘lgarch/libs/lgarch.so’:
     Found no calls to: ‘R_registerRoutines’, ‘R_useDynamicSymbols’
    
    It is good practice to register native routines and to disable symbol
    search.
    
    See ‘Writing portable packages’ in the ‘Writing R Extensions’ manual.
Flavors: r-devel-linux-x86_64-debian-clang, r-devel-linux-x86_64-debian-gcc, r-patched-linux-x86_64, r-release-linux-x86_64

Version: 0.6-2
Flags: --no-stop-on-test-error
Check: compiled code
Result: NOTE
    File ‘lgarch/libs/lgarch.so’:
     Found no calls to: ‘R_registerRoutines’, ‘R_useDynamicSymbols’
    
    It is good practice to register native routines and to disable symbol
    search.
    
    See ‘Writing portable packages’ in the ‘Writing R Extensions’ manual.
Flavors: r-devel-linux-x86_64-fedora-clang, r-devel-linux-x86_64-fedora-gcc