CRAN Package Check Results for Package lgarch

Last updated on 2017-03-27 18:49:53.

Flavor Version Tinstall Tcheck Ttotal Status Flags
r-devel-linux-x86_64-debian-clang 0.6-2 3.30 21.04 24.34 NOTE
r-devel-linux-x86_64-debian-gcc 0.6-2 1.27 20.31 21.58 NOTE
r-devel-linux-x86_64-fedora-clang 0.6-2 39.19 NOTE --no-stop-on-test-error
r-devel-linux-x86_64-fedora-gcc 0.6-2 35.39 NOTE --no-stop-on-test-error
r-devel-macos-x86_64-clang 0.6-2 30.87 NOTE --no-stop-on-test-error
r-devel-windows-ix86+x86_64 0.6-2 5.00 62.00 67.00 OK
r-patched-linux-x86_64 0.6-2 1.51 20.44 21.95 NOTE
r-patched-solaris-sparc 0.6-2 228.60 OK
r-patched-solaris-x86 0.6-2 53.70 OK
r-release-linux-x86_64 0.6-2 1.09 16.62 17.71 OK
r-release-osx-x86_64-mavericks 0.6-2 OK
r-release-windows-ix86+x86_64 0.6-2 10.00 46.00 56.00 OK
r-oldrel-windows-ix86+x86_64 0.6-2 6.00 48.00 54.00 OK

Check Details

Version: 0.6-2
Check: compiled code
Result: NOTE
    File ‘lgarch/libs/lgarch.so’:
     Found no calls to: ‘R_registerRoutines’, ‘R_useDynamicSymbols’
    
    It is good practice to register native routines and to disable symbol
    search.
    
    See ‘Writing portable packages’ in the ‘Writing R Extensions’ manual.
Flavors: r-devel-linux-x86_64-debian-clang, r-devel-linux-x86_64-debian-gcc, r-patched-linux-x86_64

Version: 0.6-2
Flags: --no-stop-on-test-error
Check: compiled code
Result: NOTE
    File ‘lgarch/libs/lgarch.so’:
     Found no calls to: ‘R_registerRoutines’, ‘R_useDynamicSymbols’
    
    It is good practice to register native routines and to disable symbol
    search.
    
    See ‘Writing portable packages’ in the ‘Writing R Extensions’ manual.
Flavors: r-devel-linux-x86_64-fedora-clang, r-devel-linux-x86_64-fedora-gcc, r-devel-macos-x86_64-clang