CRAN Package Check Results for Package lgarch

Last updated on 2015-09-03 22:48:01.

Flavor Version Tinstall Tcheck Ttotal Status Flags
r-devel-linux-x86_64-debian-clang 0.5 1.04 17.31 18.35 NOTE
r-devel-linux-x86_64-debian-gcc 0.5 0.95 16.25 17.20 NOTE
r-devel-linux-x86_64-fedora-clang 0.5 35.01 NOTE
r-devel-linux-x86_64-fedora-gcc 0.5 32.10 NOTE
r-devel-osx-x86_64-clang 0.5 30.60 OK
r-devel-windows-ix86+x86_64 0.5 6.00 50.00 56.00 NOTE
r-patched-linux-x86_64 0.5 1.09 17.19 18.28 OK
r-patched-solaris-sparc 0.5 221.40 OK
r-patched-solaris-x86 0.5 47.30 OK
r-release-linux-x86_64 0.5 1.10 17.54 18.64 OK
r-release-osx-x86_64-mavericks 0.5 OK
r-release-windows-ix86+x86_64 0.5 9.00 40.00 49.00 OK
r-oldrel-windows-ix86+x86_64 0.5 10.00 58.00 68.00 OK

Check Details

Version: 0.5
Check: R code for possible problems
Result: NOTE
    lgarch: no visible global function definition for ‘nlminb’
    lgarch: no visible global function definition for ‘var’
    lgarch: no visible global function definition for ‘optimHess’
    lgarchSim: no visible global function definition for ‘rnorm’
    logLik.lgarch: no visible global function definition for ‘dnorm’
    logLik.lgarch: no visible global function definition for ‘sd’
    logLik.mlgarch: no visible global function definition for ‘cor’
    mlgarch: no visible global function definition for ‘var’
    mlgarch: no visible global function definition for ‘nlminb’
    mlgarch: no visible global function definition for ‘optimHess’
    rmnorm: no visible global function definition for ‘rnorm’
    vcov.lgarch: no visible global function definition for ‘var’
    vcov.mlgarch: no visible global function definition for ‘var’
    Undefined global functions or variables:
     cor dnorm nlminb optimHess rnorm sd var
    Consider adding
     importFrom("stats", "cor", "dnorm", "nlminb", "optimHess", "rnorm",
     "sd", "var")
    to your NAMESPACE.
Flavors: r-devel-linux-x86_64-debian-clang, r-devel-linux-x86_64-debian-gcc, r-devel-linux-x86_64-fedora-clang, r-devel-linux-x86_64-fedora-gcc, r-devel-windows-ix86+x86_64