CRAN Package Check Results for Package lgarch

Last updated on 2017-09-25 14:47:06.

Flavor Version Tinstall Tcheck Ttotal Status Flags
r-devel-linux-x86_64-debian-clang 0.6-2 1.49 21.94 23.43 NOTE
r-devel-linux-x86_64-debian-gcc 0.6-2 1.40 20.68 22.07 NOTE
r-devel-linux-x86_64-fedora-clang 0.6-2 35.93 NOTE
r-devel-linux-x86_64-fedora-gcc 0.6-2 37.21 NOTE
r-devel-windows-ix86+x86_64 0.6-2 8.00 51.00 59.00 OK
r-patched-linux-x86_64 0.6-2 2.40 20.77 23.17 NOTE
r-patched-solaris-x86 0.6-2 51.30 OK
r-release-linux-x86_64 0.6-2 1.35 20.27 21.62 NOTE
r-release-windows-ix86+x86_64 0.6-2 6.00 43.00 49.00 OK
r-release-osx-x86_64 0.6-2 OK
r-oldrel-windows-ix86+x86_64 0.6-2 10.00 46.00 56.00 OK
r-oldrel-osx-x86_64 0.6-2 OK

Check Details

Version: 0.6-2
Check: compiled code
Result: NOTE
    File ‘lgarch/libs/lgarch.so’:
     Found no calls to: ‘R_registerRoutines’, ‘R_useDynamicSymbols’
    
    It is good practice to register native routines and to disable symbol
    search.
    
    See ‘Writing portable packages’ in the ‘Writing R Extensions’ manual.
Flavors: r-devel-linux-x86_64-debian-clang, r-devel-linux-x86_64-debian-gcc, r-devel-linux-x86_64-fedora-clang, r-devel-linux-x86_64-fedora-gcc, r-patched-linux-x86_64, r-release-linux-x86_64