CRAN Package Check Results for Package lgarch

Last updated on 2022-07-04 09:50:07 CEST.

Flavor Version Tinstall Tcheck Ttotal Status Flags
r-devel-linux-x86_64-debian-clang 0.6-2 4.61 38.05 42.66 OK
r-devel-linux-x86_64-debian-gcc 0.6-2 4.28 29.80 34.08 OK
r-devel-linux-x86_64-fedora-clang 0.6-2 61.43 NOTE
r-devel-linux-x86_64-fedora-gcc 0.6-2 60.86 NOTE
r-devel-windows-x86_64 0.6-2 9.00 67.00 76.00 OK
r-patched-linux-x86_64 0.6-2 5.96 36.04 42.00 OK
r-release-linux-x86_64 0.6-2 4.27 35.86 40.13 OK
r-release-macos-arm64 0.6-2 19.00 OK
r-release-macos-x86_64 0.6-2 30.00 OK
r-release-windows-x86_64 0.6-2 17.00 72.00 89.00 OK
r-oldrel-macos-arm64 0.6-2 22.00 OK
r-oldrel-macos-x86_64 0.6-2 37.00 OK
r-oldrel-windows-ix86+x86_64 0.6-2 11.00 66.00 77.00 OK

Check Details

Version: 0.6-2
Check: compiled code
Result: NOTE
    File ‘lgarch/libs/lgarch.so’:
     Found no calls to: ‘R_registerRoutines’, ‘R_useDynamicSymbols’
    
    It is good practice to register native routines and to disable symbol
    search.
    
    See ‘Writing portable packages’ in the ‘Writing R Extensions’ manual.
Flavors: r-devel-linux-x86_64-fedora-clang, r-devel-linux-x86_64-fedora-gcc