CRAN Package Check Results for Package lgarch

Last updated on 2018-05-21 23:50:58 CEST.

Flavor Version Tinstall Tcheck Ttotal Status Flags
r-devel-linux-x86_64-debian-clang 0.6-2 3.58 27.13 30.71 NOTE
r-devel-linux-x86_64-debian-gcc 0.6-2 2.96 23.60 26.56 NOTE
r-devel-linux-x86_64-fedora-clang 0.6-2 39.43 NOTE
r-devel-linux-x86_64-fedora-gcc 0.6-2 38.19 NOTE
r-devel-windows-ix86+x86_64 0.6-2 10.00 50.00 60.00 OK
r-patched-linux-x86_64 0.6-2 3.87 28.01 31.88 NOTE
r-patched-solaris-x86 0.6-2 55.50 OK
r-release-linux-x86_64 0.6-2 3.28 28.09 31.37 NOTE
r-release-windows-ix86+x86_64 0.6-2 11.00 65.00 76.00 OK
r-release-osx-x86_64 0.6-2 OK
r-oldrel-windows-ix86+x86_64 0.6-2 10.00 51.00 61.00 OK
r-oldrel-osx-x86_64 0.6-2 OK

Check Details

Version: 0.6-2
Check: compiled code
Result: NOTE
    File ‘lgarch/libs/lgarch.so’:
     Found no calls to: ‘R_registerRoutines’, ‘R_useDynamicSymbols’
    
    It is good practice to register native routines and to disable symbol
    search.
    
    See ‘Writing portable packages’ in the ‘Writing R Extensions’ manual.
Flavors: r-devel-linux-x86_64-debian-clang, r-devel-linux-x86_64-debian-gcc, r-devel-linux-x86_64-fedora-clang, r-devel-linux-x86_64-fedora-gcc, r-patched-linux-x86_64, r-release-linux-x86_64