CRAN Package Check Results for Package lgcp

Last updated on 2016-02-11 15:46:52.

Flavor Version Tinstall Tcheck Ttotal Status Flags
r-devel-linux-x86_64-debian-gcc 1.3-14 8.92 147.50 156.41 OK
r-devel-linux-x86_64-fedora-clang 1.3-14 293.30 OK
r-devel-linux-x86_64-fedora-gcc 1.3-14 281.70 OK
r-devel-osx-x86_64-clang 1.3-14 317.98 OK
r-devel-windows-ix86+x86_64 1.3-14 32.00 311.00 343.00 NOTE
r-patched-linux-x86_64 1.3-14 10.77 157.45 168.23 OK
r-patched-solaris-sparc 1.3-14 1784.40 OK
r-patched-solaris-x86 1.3-14 405.50 OK
r-release-linux-x86_64 1.3-14 10.42 157.25 167.68 OK
r-release-osx-x86_64-mavericks 1.3-14 OK
r-release-windows-ix86+x86_64 1.3-14 42.00 239.00 281.00 NOTE
r-oldrel-windows-ix86+x86_64 1.3-14 49.00 287.00 336.00 OK

Check Details

Version: 1.3-14
Check: package dependencies
Result: NOTE
    Package suggested but not available for checking: 'gpclib'
Flavors: r-devel-windows-ix86+x86_64, r-release-windows-ix86+x86_64