CRAN Package Check Results for Package lgcp

Last updated on 2015-07-05 19:47:27.

Flavor Version Tinstall Tcheck Ttotal Status Flags
r-devel-linux-x86_64-debian-clang 1.3-9 9.87 150.07 159.94 NOTE
r-devel-linux-x86_64-debian-gcc 1.3-9 9.83 147.80 157.64 NOTE
r-devel-linux-x86_64-fedora-clang 1.3-9 313.87 NOTE
r-devel-linux-x86_64-fedora-gcc 1.3-9 296.61 NOTE
r-devel-osx-x86_64-clang 1.3-9 267.43 OK
r-devel-windows-ix86+x86_64 1.3-9 30.00 320.00 350.00 NOTE
r-patched-linux-x86_64 1.3-9 9.30 149.11 158.41 OK
r-patched-solaris-sparc 1.3-9 1901.20 OK
r-patched-solaris-x86 1.3-9 434.50 OK
r-release-linux-x86_64 1.3-9 9.35 148.43 157.78 OK
r-release-osx-x86_64-mavericks 1.3-9 OK
r-release-windows-ix86+x86_64 1.3-9 37.00 218.00 255.00 NOTE
r-oldrel-windows-ix86+x86_64 1.3-9 47.00 268.00 315.00 OK

Check Details

Version: 1.3-9
Check: R code for possible problems
Result: NOTE
    KinhomAverage: no visible global function definition for
     ‘txtProgressBar’
    KinhomAverage : <anonymous>: no visible global function definition for
     ‘setTxtProgressBar’
    MALAlgcpAggregateSpatial.PlusPars: no visible binding for global
     variable ‘quasipoisson’
    MALAlgcpMultitypeSpatial.PlusPars: no visible binding for global
     variable ‘quasipoisson’
    MALAlgcpSpatial.PlusPars: no visible binding for global variable
     ‘quasipoisson’
    MALAlgcpSpatioTemporal.PlusPars: no visible binding for global variable
     ‘quasipoisson’
    MALAlgcpSpatioTemporal.PlusPars: no visible global function definition
     for ‘txtProgressBar’
    MALAlgcpSpatioTemporal.PlusPars: no visible global function definition
     for ‘setTxtProgressBar’
    autocorr: no visible global function definition for ‘txtProgressBar’
    autocorr: no visible global function definition for ‘setTxtProgressBar’
    autocorrMultitype: no visible global function definition for
     ‘txtProgressBar’
    autocorrMultitype: no visible global function definition for
     ‘setTxtProgressBar’
    computeGradtruncSpatial: no visible global function definition for
     ‘txtProgressBar’
    computeGradtruncSpatial: no visible global function definition for
     ‘setTxtProgressBar’
    computeGradtruncSpatioTemporal: no visible global function definition
     for ‘txtProgressBar’
    computeGradtruncSpatioTemporal: no visible global function definition
     for ‘setTxtProgressBar’
    condProbs: no visible global function definition for ‘txtProgressBar’
    condProbs: no visible global function definition for
     ‘setTxtProgressBar’
    expectation.lgcpPredict: no visible global function definition for
     ‘txtProgressBar’
    expectation.lgcpPredict: no visible global function definition for
     ‘setTxtProgressBar’
    expectation.lgcpPredictSpatialOnlyPlusParameters: no visible global
     function definition for ‘txtProgressBar’
    expectation.lgcpPredictSpatialOnlyPlusParameters: no visible global
     function definition for ‘setTxtProgressBar’
    fftinterpolate.fromXYZ: no visible global function definition for
     ‘aggregate’
    gOverlay: no visible global function definition for ‘txtProgressBar’
    gOverlay: no visible global function definition for ‘setTxtProgressBar’
    getlgcpPredictSpatialINLA: no visible global function definition for
     ‘assignInNamespace’
    ginhomAverage: no visible global function definition for
     ‘txtProgressBar’
    ginhomAverage : <anonymous>: no visible global function definition for
     ‘setTxtProgressBar’
    image.lgcpgrid: no visible global function definition for
     ‘devAskNewPage’
    lambdaEst.ppp: no visible global function definition for ‘dev.off’
    lambdaEst.stppp: no visible global function definition for ‘dev.off’
    lgcpPredict: no visible global function definition for ‘object.size’
    lgcpPredict: no visible global function definition for ‘menu’
    lgcpPredictAggregateSpatialPlusPars: no visible global function
     definition for ‘object.size’
    lgcpPredictAggregateSpatialPlusPars: no visible global function
     definition for ‘menu’
    lgcpPredictMultitypeSpatialPlusPars: no visible global function
     definition for ‘object.size’
    lgcpPredictMultitypeSpatialPlusPars: no visible global function
     definition for ‘menu’
    lgcpPredictSpatial: no visible global function definition for
     ‘object.size’
    lgcpPredictSpatial: no visible global function definition for ‘menu’
    lgcpPredictSpatialPlusPars: no visible global function definition for
     ‘object.size’
    lgcpPredictSpatialPlusPars: no visible global function definition for
     ‘menu’
    lgcpPredictSpatioTemporalPlusPars: no visible global function
     definition for ‘object.size’
    lgcpPredictSpatioTemporalPlusPars: no visible global function
     definition for ‘menu’
    lgcpSim: no visible global function definition for ‘txtProgressBar’
    lgcpSim: no visible global function definition for ‘setTxtProgressBar’
    lgcpvignette: no visible global function definition for ‘browseURL’
    minimum.contrast: no visible global function definition for ‘tail’
    my.KinhomAverage: no visible global function definition for
     ‘txtProgressBar’
    my.KinhomAverage : <anonymous>: no visible global function definition
     for ‘setTxtProgressBar’
    my.ginhomAverage: no visible global function definition for
     ‘txtProgressBar’
    my.ginhomAverage : <anonymous>: no visible global function definition
     for ‘setTxtProgressBar’
    plot.lgcpAutocorr: no visible global function definition for
     ‘devAskNewPage’
    plot.lgcpPredict: no visible global function definition for
     ‘devAskNewPage’
    plot.lgcpQuantiles: no visible global function definition for
     ‘devAskNewPage’
    plot.mcmcdiag: no visible global function definition for ‘rainbow’
    plotExceed.array: no visible global function definition for
     ‘devAskNewPage’
    plotExceed.array: no visible global function definition for
     ‘heat.colors’
    print.stapp: no visible global function definition for ‘head’
    quantile.lgcpPredict: no visible global function definition for
     ‘txtProgressBar’
    quantile.lgcpPredict: no visible global function definition for
     ‘setTxtProgressBar’
    segProbs: no visible global function definition for ‘txtProgressBar’
    segProbs: no visible global function definition for ‘setTxtProgressBar’
    spatialparsEst: no visible global function definition for ‘dev.off’
    thetaEst: no visible global function definition for ‘dev.off’
    transblack: no visible global function definition for ‘rgb’
    transblue: no visible global function definition for ‘rgb’
    transgreen: no visible global function definition for ‘rgb’
    transred: no visible global function definition for ‘rgb’
    txtProgressBar2 : up1: no visible global function definition for
     ‘flush.console’
    txtProgressBar2 : up2: no visible global function definition for
     ‘flush.console’
    txtProgressBar2 : up3: no visible global function definition for
     ‘flush.console’
    txtProgressBar2 : kill: no visible global function definition for
     ‘flush.console’
    Undefined global functions or variables:
     aggregate assignInNamespace browseURL dev.off devAskNewPage
     flush.console head heat.colors menu object.size quasipoisson rainbow
     rgb setTxtProgressBar tail txtProgressBar
Flavors: r-devel-linux-x86_64-debian-clang, r-devel-linux-x86_64-debian-gcc, r-devel-linux-x86_64-fedora-clang, r-devel-linux-x86_64-fedora-gcc, r-devel-windows-ix86+x86_64

Version: 1.3-9
Check: package dependencies
Result: NOTE
    Package suggested but not available for checking: 'gpclib'
Flavors: r-devel-windows-ix86+x86_64, r-release-windows-ix86+x86_64