CRAN Package Check Results for Package lgcp

Last updated on 2015-05-04 17:47:33.

Flavor Version Tinstall Tcheck Ttotal Status Flags
r-devel-linux-x86_64-debian-clang 1.3-9 9.58 153.90 163.48 OK
r-devel-linux-x86_64-debian-gcc 1.3-9 9.04 145.38 154.42 OK
r-devel-linux-x86_64-fedora-clang 1.3-9 317.69 OK
r-devel-linux-x86_64-fedora-gcc 1.3-9 299.54 OK
r-devel-osx-x86_64-clang 1.3-9 266.52 OK
r-devel-windows-ix86+x86_64 1.3-9 28.00 215.00 243.00 NOTE
r-patched-linux-x86_64 1.3-9 9.13 144.70 153.83 OK
r-patched-solaris-sparc 1.3-9 1941.40 OK
r-patched-solaris-x86 1.3-9 424.00 OK
r-release-linux-x86_64 1.3-9 9.18 148.53 157.72 OK
r-release-osx-x86_64-mavericks 1.3-9 ERROR
r-release-osx-x86_64-snowleopard 1.3-9 ERROR
r-release-windows-ix86+x86_64 1.3-9 30.00 206.00 236.00 NOTE
r-oldrel-windows-ix86+x86_64 1.3-9 28.00 282.00 310.00 OK

Check Details

Version: 1.3-9
Check: package dependencies
Result: NOTE
    Package suggested but not available for checking: 'gpclib'
Flavors: r-devel-windows-ix86+x86_64, r-release-windows-ix86+x86_64

Version: 1.3-9
Check: whether package can be installed
Result: ERROR
    Installation failed.
Flavor: r-release-osx-x86_64-mavericks

Version: 1.3-9
Check: package dependencies
Result: ERROR
    Packages required but not available: ‘raster’ ‘fields’ ‘rgeos’
    
    See section ‘The DESCRIPTION file’ in the ‘Writing R Extensions’
    manual.
Flavor: r-release-osx-x86_64-snowleopard