CRAN Package Check Results for Package lgcp

Last updated on 2017-03-27 17:47:32.

Flavor Version Tinstall Tcheck Ttotal Status Flags
r-devel-linux-x86_64-debian-clang 1.3-15 3.52 4.72 8.23 ERROR
r-devel-linux-x86_64-debian-gcc 1.3-15 3.50 4.46 7.95 ERROR
r-devel-linux-x86_64-fedora-clang 1.3-15 326.03 OK --no-stop-on-test-error
r-devel-linux-x86_64-fedora-gcc 1.3-15 318.19 OK --no-stop-on-test-error
r-devel-macos-x86_64-clang 1.3-15 251.78 OK --no-stop-on-test-error
r-devel-windows-ix86+x86_64 1.3-15 7.00 4.00 11.00 ERROR
r-patched-linux-x86_64 1.3-15 3.80 4.98 8.78 ERROR
r-patched-solaris-sparc 1.3-15 18.40 ERROR
r-patched-solaris-x86 1.3-15 4.00 ERROR
r-release-linux-x86_64 1.3-15 3.28 4.05 7.33 ERROR
r-release-osx-x86_64-mavericks 1.3-15 WARN
r-release-windows-ix86+x86_64 1.3-15 10.00 6.00 16.00 ERROR
r-oldrel-windows-ix86+x86_64 1.3-15 35.00 240.00 275.00 NOTE

Check Details

Version: 1.3-15
Check: whether package can be installed
Result: ERROR
    Installation failed.
Flavors: r-devel-linux-x86_64-debian-clang, r-devel-linux-x86_64-debian-gcc, r-devel-windows-ix86+x86_64, r-patched-linux-x86_64, r-release-linux-x86_64, r-release-windows-ix86+x86_64

Version: 1.3-15
Check: package dependencies
Result: ERROR
    Package required but not available: ‘RandomFields’
    
    See section ‘The DESCRIPTION file’ in the ‘Writing R Extensions’
    manual.
Flavors: r-patched-solaris-sparc, r-patched-solaris-x86

Version: 1.3-15
Check: dependencies in R code
Result: NOTE
    Invalid MIT-MAGIC-COOKIE-1 key
Flavor: r-release-osx-x86_64-mavericks

Version: 1.3-15
Check: S3 generic/method consistency
Result: WARN
    Invalid MIT-MAGIC-COOKIE-1 key
    See section ‘Generic functions and methods’ in the ‘Writing R
    Extensions’ manual.
Flavor: r-release-osx-x86_64-mavericks

Version: 1.3-15
Check: replacement functions
Result: WARN
    Invalid MIT-MAGIC-COOKIE-1 key
    The argument of a replacement function which corresponds to the right
    hand side must be named ‘value’.
Flavor: r-release-osx-x86_64-mavericks

Version: 1.3-15
Check: foreign function calls
Result: NOTE
    Invalid MIT-MAGIC-COOKIE-1 key
    See chapter ‘System and foreign language interfaces’ in the ‘Writing R
    Extensions’ manual.
Flavor: r-release-osx-x86_64-mavericks

Version: 1.3-15
Check: R code for possible problems
Result: NOTE
    Invalid MIT-MAGIC-COOKIE-1 key
Flavor: r-release-osx-x86_64-mavericks

Version: 1.3-15
Check: for missing documentation entries
Result: WARN
    Invalid MIT-MAGIC-COOKIE-1 key
    All user-level objects in a package should have documentation entries.
    See chapter ‘Writing R documentation files’ in the ‘Writing R
    Extensions’ manual.
Flavor: r-release-osx-x86_64-mavericks

Version: 1.3-15
Check: for code/documentation mismatches
Result: WARN
    Invalid MIT-MAGIC-COOKIE-1 key
    Invalid MIT-MAGIC-COOKIE-1 key
    Invalid MIT-MAGIC-COOKIE-1 key
Flavor: r-release-osx-x86_64-mavericks

Version: 1.3-15
Check: Rd \usage sections
Result: NOTE
    Invalid MIT-MAGIC-COOKIE-1 key
    The \usage entries for S3 methods should use the \method markup and not
    their full name.
    See chapter ‘Writing R documentation files’ in the ‘Writing R
    Extensions’ manual.
Flavor: r-release-osx-x86_64-mavericks

Version: 1.3-15
Check: package dependencies
Result: NOTE
    Package suggested but not available for checking: 'gpclib'
Flavor: r-oldrel-windows-ix86+x86_64