CRAN Package Check Results for Package lgcp

Last updated on 2016-08-28 09:50:36.

Flavor Version Tinstall Tcheck Ttotal Status Flags
r-devel-linux-x86_64-debian-clang 1.3-15 9.64 158.73 168.37 OK
r-devel-linux-x86_64-debian-gcc 1.3-15 9.91 157.59 167.50 OK
r-devel-linux-x86_64-fedora-clang 1.3-15 306.15 OK
r-devel-linux-x86_64-fedora-gcc 1.3-15 291.88 OK
r-devel-osx-x86_64-clang 1.3-15 251.03 OK
r-devel-windows-ix86+x86_64 1.3-15 39.00 309.00 348.00 OK
r-patched-linux-x86_64 1.3-15 8.57 152.81 161.39 OK
r-patched-solaris-sparc 1.3-15 2223.90 OK
r-patched-solaris-x86 1.3-15 381.60 OK
r-release-linux-x86_64 1.3-15 9.47 157.81 167.28 OK
r-release-osx-x86_64-mavericks 1.3-15 WARN
r-release-windows-ix86+x86_64 1.3-15 34.00 232.00 266.00 OK
r-oldrel-windows-ix86+x86_64 1.3-15 31.00 339.00 370.00 NOTE

Check Details

Version: 1.3-15
Check: dependencies in R code
Result: NOTE
    Invalid MIT-MAGIC-COOKIE-1 key
Flavor: r-release-osx-x86_64-mavericks

Version: 1.3-15
Check: S3 generic/method consistency
Result: WARN
    Invalid MIT-MAGIC-COOKIE-1 key
    See section ‘Generic functions and methods’ in the ‘Writing R
    Extensions’ manual.
Flavor: r-release-osx-x86_64-mavericks

Version: 1.3-15
Check: replacement functions
Result: WARN
    Invalid MIT-MAGIC-COOKIE-1 key
    The argument of a replacement function which corresponds to the right
    hand side must be named ‘value’.
Flavor: r-release-osx-x86_64-mavericks

Version: 1.3-15
Check: foreign function calls
Result: NOTE
    Invalid MIT-MAGIC-COOKIE-1 key
    See chapter ‘System and foreign language interfaces’ in the ‘Writing R
    Extensions’ manual.
Flavor: r-release-osx-x86_64-mavericks

Version: 1.3-15
Check: R code for possible problems
Result: NOTE
    Invalid MIT-MAGIC-COOKIE-1 key
Flavor: r-release-osx-x86_64-mavericks

Version: 1.3-15
Check: for missing documentation entries
Result: WARN
    Invalid MIT-MAGIC-COOKIE-1 key
    All user-level objects in a package should have documentation entries.
    See chapter ‘Writing R documentation files’ in the ‘Writing R
    Extensions’ manual.
Flavor: r-release-osx-x86_64-mavericks

Version: 1.3-15
Check: for code/documentation mismatches
Result: WARN
    Invalid MIT-MAGIC-COOKIE-1 key
    Invalid MIT-MAGIC-COOKIE-1 key
    Invalid MIT-MAGIC-COOKIE-1 key
Flavor: r-release-osx-x86_64-mavericks

Version: 1.3-15
Check: Rd \usage sections
Result: NOTE
    Invalid MIT-MAGIC-COOKIE-1 key
    The \usage entries for S3 methods should use the \method markup and not
    their full name.
    See chapter ‘Writing R documentation files’ in the ‘Writing R
    Extensions’ manual.
Flavor: r-release-osx-x86_64-mavericks

Version: 1.3-15
Check: package dependencies
Result: NOTE
    Package suggested but not available for checking: 'gpclib'
Flavor: r-oldrel-windows-ix86+x86_64