CRAN Package Check Results for Package lgcp

Last updated on 2015-03-06 23:48:21.

Flavor Version Tinstall Tcheck Ttotal Status Flags
r-devel-linux-x86_64-debian-clang 1.3-9 9.34 149.28 158.62 OK
r-devel-linux-x86_64-debian-gcc 1.3-9 9.15 143.98 153.13 OK
r-devel-linux-x86_64-fedora-clang 1.3-9 311.53 OK
r-devel-linux-x86_64-fedora-gcc 1.3-9 295.06 OK
r-devel-osx-x86_64-clang 1.3-9 279.13 OK
r-devel-windows-ix86+x86_64 1.3-9 44.00 212.00 256.00 NOTE
r-patched-linux-x86_64 1.3-9 12.23 185.92 198.16 OK
r-patched-solaris-sparc 1.3-9 2535.60 OK
r-patched-solaris-x86 1.3-9 571.60 OK
r-release-linux-ix86 1.3-9 16.98 214.16 231.14 OK
r-release-linux-x86_64 1.3-9 12.36 187.31 199.67 OK
r-release-osx-x86_64-mavericks 1.3-9 ERROR
r-release-osx-x86_64-snowleopard 1.3-9 OK
r-release-windows-ix86+x86_64 1.3-9 29.00 255.00 284.00 OK
r-oldrel-windows-ix86+x86_64 1.3-9 10.00 1.00 11.00 ERROR

Check Details

Version: 1.3-9
Check: package dependencies
Result: NOTE
    Package suggested but not available for checking: 'gpclib'
Flavor: r-devel-windows-ix86+x86_64

Version: 1.3-9
Check: package dependencies
Result: ERROR
    Package required but not available: ‘rgeos’
    
    Package suggested but not available for checking: ‘rgdal’
    
    See section ‘The DESCRIPTION file’ in the ‘Writing R Extensions’
    manual.
Flavor: r-release-osx-x86_64-mavericks

Version: 1.3-9
Check: package dependencies
Result: ERROR
    Package required and available but unsuitable version: 'spatstat'
    
    See the information on DESCRIPTION files in the chapter 'Creating R
    packages' of the 'Writing R Extensions' manual.
Flavor: r-oldrel-windows-ix86+x86_64