CRAN Package Check Results for Package lgcp

Last updated on 2014-04-23 07:55:01.

Flavor Version Tinstall Tcheck Ttotal Status Flags
r-devel-linux-x86_64-debian-clang 1.3-4 12.79 190.52 203.30 OK
r-devel-linux-x86_64-debian-gcc 1.3-4 12.60 190.47 203.07 OK
r-devel-linux-x86_64-fedora-clang 1.3-4 451.63 OK
r-devel-linux-x86_64-fedora-gcc 1.3-4 434.81 OK
r-devel-osx-x86_64-clang 1.3-4 336.63 OK
r-devel-osx-x86_64-gcc 1.3-4 ERROR
r-devel-windows-ix86+x86_64 1.3-4 29.00 241.00 270.00 NOTE
r-patched-linux-x86_64 1.3-4 12.98 194.76 207.74 OK
r-patched-solaris-sparc 1.3-4 2387.70 OK
r-patched-solaris-x86 1.3-4 591.80 OK
r-release-linux-ix86 1.3-4 18.00 285.00 303.00 OK
r-release-linux-x86_64 1.3-4 12.55 195.28 207.83 OK
r-release-osx-x86_64-mavericks 1.3-4 ERROR
r-release-osx-x86_64-snowleopard 1.3-4 OK
r-release-windows-ix86+x86_64 1.3-4 27.00 253.00 280.00 OK
r-oldrel-windows-ix86+x86_64 1.3-4 29.00 227.00 256.00 OK

Check Details

Version: 1.3-4
Check: package dependencies
Result: ERROR
    Packages required but not available:
     ‘raster’ ‘RandomFields’ ‘fields’ ‘maptools’ ‘rgeos’
    
    See the information on DESCRIPTION files in the chapter ‘Creating R
    packages’ of the ‘Writing R Extensions’ manual.
Flavor: r-devel-osx-x86_64-gcc

Version: 1.3-4
Check: package dependencies
Result: NOTE
    Package suggested but not available for checking: 'gpclib'
Flavor: r-devel-windows-ix86+x86_64

Version: 1.3-4
Check: package dependencies
Result: ERROR
    Packages required but not available: ‘ncdf’ ‘maptools’ ‘rgeos’
    
    Package suggested but not available for checking: ‘rgdal’
    
    See the information on DESCRIPTION files in the chapter ‘Creating R
    packages’ of the ‘Writing R Extensions’ manual.
Flavor: r-release-osx-x86_64-mavericks