CRAN Package Check Results for Package lgcp

Last updated on 2016-04-29 19:49:51.

Flavor Version Tinstall Tcheck Ttotal Status Flags
r-devel-linux-x86_64-debian-gcc 1.3-14 9.45 152.61 162.06 OK
r-devel-linux-x86_64-fedora-clang 1.3-14 294.77 OK
r-devel-linux-x86_64-fedora-gcc 1.3-14 206.61 OK
r-devel-osx-x86_64-clang 1.3-14 320.97 OK
r-devel-windows-ix86+x86_64 1.3-14 25.00 232.00 257.00 OK
r-patched-linux-x86_64 1.3-14 9.23 146.18 155.41 OK
r-patched-solaris-sparc 1.3-14 1797.30 OK
r-patched-solaris-x86 1.3-14 386.20 OK
r-release-linux-x86_64 1.3-14 10.08 161.46 171.54 OK
r-release-osx-x86_64-mavericks 1.3-14 OK
r-release-windows-ix86+x86_64 1.3-14 29.00 225.00 254.00 NOTE
r-oldrel-windows-ix86+x86_64 1.3-14 51.00 376.00 427.00 OK

Check Details

Version: 1.3-14
Check: package dependencies
Result: NOTE
    Package suggested but not available for checking: 'gpclib'
Flavor: r-release-windows-ix86+x86_64