Last updated on 2023-12-07 23:10:11 CET.
Flavor | Version | Tinstall | Tcheck | Ttotal | Status | Flags |
---|---|---|---|---|---|---|
r-devel-linux-x86_64-debian-clang | 2.0 | 61.92 | 645.63 | 707.55 | NOTE | |
r-devel-linux-x86_64-debian-gcc | 2.0 | 51.35 | 473.34 | 524.69 | NOTE | |
r-devel-linux-x86_64-fedora-clang | 2.0 | 952.39 | OK | |||
r-devel-linux-x86_64-fedora-gcc | 2.0 | 947.18 | OK | |||
r-devel-windows-x86_64 | 2.0 | 54.00 | 448.00 | 502.00 | OK | |
r-patched-linux-x86_64 | 2.0 | 73.28 | 624.01 | 697.29 | OK | |
r-release-linux-x86_64 | 2.0 | 62.88 | 600.60 | 663.48 | OK | |
r-release-macos-arm64 | 2.0 | 268.00 | OK | |||
r-release-macos-x86_64 | 2.0 | 528.00 | OK | |||
r-release-windows-x86_64 | 2.0 | 72.00 | 609.00 | 681.00 | OK | |
r-oldrel-macos-arm64 | 2.0 | 270.00 | OK | |||
r-oldrel-macos-x86_64 | 2.0 | 456.00 | OK | |||
r-oldrel-windows-x86_64 | 2.0 | 72.00 | 507.00 | 579.00 | OK |
Version: 2.0
Check: Rd files
Result: NOTE
checkRd: (-1) GaussianPrior.Rd:24: Lost braces
24 | \link{LogGaussianPrior}, link{PriorSpec.list}
| ^
checkRd: (-1) LogGaussianPrior.Rd:24: Lost braces
24 | \link{GaussianPrior}, link{PriorSpec.list}
| ^
checkRd: (-1) initialiseAMCMC.Rd:20: Lost braces
20 | lgcp vignette, code{vignette("lgcp")}, for further details on writing adaptive MCMC schemes.
| ^
checkRd: (-1) lgcpPredictAggregateSpatialPlusPars.Rd:120: Lost braces
120 | link{chooseCellWidth}, \link{getpolyol}, \link{guessinterp}, \link{getZmat},
| ^
checkRd: (-1) lgcpPredictMultitypeSpatialPlusPars.Rd:112: Lost braces
112 | link{chooseCellWidth}, \link{getpolyol}, \link{guessinterp}, \link{getZmat},
| ^
checkRd: (-1) lgcpPredictSpatialPlusPars.Rd:107: Lost braces
107 | link{chooseCellWidth}, \link{getpolyol}, \link{guessinterp}, \link{getZmat},
| ^
checkRd: (-1) lgcpPredictSpatioTemporalPlusPars.Rd:128: Lost braces
128 | link{chooseCellWidth}, \link{getpolyol}, \link{guessinterp}, \link{getZmat},
| ^
checkRd: (-1) spatialAtRisk.Rd:61: Lost braces
61 | \link{selectObsWindow} \link{lgcpPredict}, link{lgcpSim}, \link{spatialAtRisk.default}, \link{spatialAtRisk.fromXYZ}, \link{spatialAtRisk.im}, \link{spatialAtRisk.function}, \link{spatialAtRisk.SpatialGridDataFrame}, \link{spatialAtRisk.SpatialPolygonsDataFrame}, \link{spatialAtRisk.bivden}
| ^
checkRd: (-1) spatialAtRisk.SpatialGridDataFrame.Rd:25: Lost braces
25 | \link{lgcpPredict}, link{lgcpSim}, \link{spatialAtRisk.default}, \link{spatialAtRisk.fromXYZ}, \link{spatialAtRisk.im}, \link{spatialAtRisk.function}, \link{spatialAtRisk.SpatialPolygonsDataFrame}, \link{spatialAtRisk.bivden}
| ^
checkRd: (-1) spatialAtRisk.SpatialPolygonsDataFrame.Rd:25: Lost braces
25 | \link{lgcpPredict}, link{lgcpSim}, \link{spatialAtRisk.default}, \link{spatialAtRisk.fromXYZ}, \link{spatialAtRisk.im}, \link{spatialAtRisk.function}, \link{spatialAtRisk.SpatialGridDataFrame}, \link{spatialAtRisk.bivden}
| ^
checkRd: (-1) spatialAtRisk.bivden.Rd:25: Lost braces
25 | \link{lgcpPredict}, link{lgcpSim}, \link{spatialAtRisk.default}, \link{spatialAtRisk.fromXYZ}, \link{spatialAtRisk.im}, \link{spatialAtRisk.function}, \link{spatialAtRisk.SpatialGridDataFrame}, \link{spatialAtRisk.SpatialPolygonsDataFrame}
| ^
checkRd: (-1) spatialAtRisk.default.Rd:26: Lost braces
26 | \link{lgcpPredict}, link{lgcpSim}, \link{spatialAtRisk.fromXYZ}, \link{spatialAtRisk.im}, \link{spatialAtRisk.function}, \link{spatialAtRisk.SpatialGridDataFrame}, \link{spatialAtRisk.SpatialPolygonsDataFrame}, \link{spatialAtRisk.bivden}, \code{xvals}, \code{yvals}, \code{zvals}
| ^
checkRd: (-1) spatialAtRisk.fromXYZ.Rd:30: Lost braces
30 | \link{lgcpPredict}, link{lgcpSim}, \link{spatialAtRisk.default}, \link{spatialAtRisk.im}, \link{spatialAtRisk.function}, \link{spatialAtRisk.SpatialGridDataFrame}, \link{spatialAtRisk.SpatialPolygonsDataFrame}, \link{spatialAtRisk.bivden}
| ^
checkRd: (-1) spatialAtRisk.function.Rd:30: Lost braces
30 | \link{lgcpPredict}, link{lgcpSim}, \link{spatialAtRisk.default}, \link{spatialAtRisk.fromXYZ}, \link{spatialAtRisk.im}, \link{spatialAtRisk.SpatialGridDataFrame}, \link{spatialAtRisk.SpatialPolygonsDataFrame}, \link{spatialAtRisk.bivden}
| ^
checkRd: (-1) spatialAtRisk.im.Rd:25: Lost braces
25 | \link{lgcpPredict}, link{lgcpSim}, \link{spatialAtRisk.default}, \link{spatialAtRisk.fromXYZ}, \link{spatialAtRisk.function}, \link{spatialAtRisk.SpatialGridDataFrame}, \link{spatialAtRisk.SpatialPolygonsDataFrame}, \link{spatialAtRisk.bivden}
| ^
checkRd: (-1) spatialAtRisk.lgcpgrid.Rd:27: Lost braces
27 | \link{lgcpPredict}, link{lgcpSim}, \link{spatialAtRisk.default}, \link{spatialAtRisk.fromXYZ}, \link{spatialAtRisk.im}, \link{spatialAtRisk.function}, \link{spatialAtRisk.SpatialGridDataFrame}, \link{spatialAtRisk.SpatialPolygonsDataFrame}
| ^
checkRd: (-1) updateAMCMC.Rd:20: Lost braces
20 | lgcp vignette, code{vignette("lgcp")}, for further details on writing adaptive MCMC schemes.
| ^
Flavors: r-devel-linux-x86_64-debian-clang, r-devel-linux-x86_64-debian-gcc