CRAN Package Check Results for Package lgcp

Last updated on 2017-01-17 23:49:21.

Flavor Version Tinstall Tcheck Ttotal Status Flags
r-devel-linux-x86_64-debian-clang 1.3-15 9.11 155.97 165.08 OK
r-devel-linux-x86_64-debian-gcc 1.3-15 9.49 152.92 162.41 OK
r-devel-linux-x86_64-fedora-clang 1.3-15 318.68 OK --no-stop-on-test-error
r-devel-linux-x86_64-fedora-gcc 1.3-15 323.29 OK --no-stop-on-test-error
r-devel-macos-x86_64-clang 1.3-15 254.47 OK --no-stop-on-test-error
r-devel-windows-ix86+x86_64 1.3-15 40.00 257.00 297.00 OK
r-patched-linux-x86_64 1.3-15 9.17 153.19 162.36 OK
r-patched-solaris-sparc 1.3-15 19.60 ERROR
r-patched-solaris-x86 1.3-15 3.60 ERROR
r-release-linux-x86_64 1.3-15 9.81 148.59 158.40 OK
r-release-osx-x86_64-mavericks 1.3-15 WARN
r-release-windows-ix86+x86_64 1.3-15 25.00 344.00 369.00 OK
r-oldrel-windows-ix86+x86_64 1.3-15 37.00 264.00 301.00 NOTE

Check Details

Version: 1.3-15
Check: package dependencies
Result: ERROR
    Package required but not available: ‘RandomFields’
    
    See section ‘The DESCRIPTION file’ in the ‘Writing R Extensions’
    manual.
Flavors: r-patched-solaris-sparc, r-patched-solaris-x86

Version: 1.3-15
Check: dependencies in R code
Result: NOTE
    Invalid MIT-MAGIC-COOKIE-1 key
Flavor: r-release-osx-x86_64-mavericks

Version: 1.3-15
Check: S3 generic/method consistency
Result: WARN
    Invalid MIT-MAGIC-COOKIE-1 key
    See section ‘Generic functions and methods’ in the ‘Writing R
    Extensions’ manual.
Flavor: r-release-osx-x86_64-mavericks

Version: 1.3-15
Check: replacement functions
Result: WARN
    Invalid MIT-MAGIC-COOKIE-1 key
    The argument of a replacement function which corresponds to the right
    hand side must be named ‘value’.
Flavor: r-release-osx-x86_64-mavericks

Version: 1.3-15
Check: foreign function calls
Result: NOTE
    Invalid MIT-MAGIC-COOKIE-1 key
    See chapter ‘System and foreign language interfaces’ in the ‘Writing R
    Extensions’ manual.
Flavor: r-release-osx-x86_64-mavericks

Version: 1.3-15
Check: R code for possible problems
Result: NOTE
    Invalid MIT-MAGIC-COOKIE-1 key
Flavor: r-release-osx-x86_64-mavericks

Version: 1.3-15
Check: for missing documentation entries
Result: WARN
    Invalid MIT-MAGIC-COOKIE-1 key
    All user-level objects in a package should have documentation entries.
    See chapter ‘Writing R documentation files’ in the ‘Writing R
    Extensions’ manual.
Flavor: r-release-osx-x86_64-mavericks

Version: 1.3-15
Check: for code/documentation mismatches
Result: WARN
    Invalid MIT-MAGIC-COOKIE-1 key
    Invalid MIT-MAGIC-COOKIE-1 key
    Invalid MIT-MAGIC-COOKIE-1 key
Flavor: r-release-osx-x86_64-mavericks

Version: 1.3-15
Check: Rd \usage sections
Result: NOTE
    Invalid MIT-MAGIC-COOKIE-1 key
    The \usage entries for S3 methods should use the \method markup and not
    their full name.
    See chapter ‘Writing R documentation files’ in the ‘Writing R
    Extensions’ manual.
Flavor: r-release-osx-x86_64-mavericks

Version: 1.3-15
Check: package dependencies
Result: NOTE
    Package suggested but not available for checking: 'gpclib'
Flavor: r-oldrel-windows-ix86+x86_64