CRAN Package Check Results for Package lgcp

Last updated on 2014-08-01 08:49:45.

Flavor Version Tinstall Tcheck Ttotal Status Flags
r-devel-linux-x86_64-debian-clang 1.3-6 12.40 184.08 196.48 OK
r-devel-linux-x86_64-debian-gcc 1.3-6 12.02 180.10 192.12 OK
r-devel-linux-x86_64-fedora-clang 1.3-6 454.60 OK
r-devel-linux-x86_64-fedora-gcc 1.3-6 427.40 OK
r-devel-osx-x86_64-clang 1.3-6 353.69 OK
r-devel-windows-ix86+x86_64 1.3-6 33.00 239.00 272.00 NOTE
r-patched-linux-x86_64 1.3-6 11.89 182.35 194.24 OK
r-patched-solaris-sparc 1.3-6 2505.20 OK
r-patched-solaris-x86 1.3-6 586.00 OK
r-release-linux-ix86 1.3-6 14.01 217.12 231.13 OK
r-release-linux-x86_64 1.3-6 12.22 185.38 197.60 OK
r-release-osx-x86_64-mavericks 1.3-6 ERROR
r-release-osx-x86_64-snowleopard 1.3-6 OK
r-release-windows-ix86+x86_64 1.3-6 41.00 346.00 387.00 OK
r-oldrel-windows-ix86+x86_64 1.3-6 33.00 321.00 354.00 OK

Check Details

Version: 1.3-6
Check: package dependencies
Result: NOTE
    Package suggested but not available for checking: 'gpclib'
Flavor: r-devel-windows-ix86+x86_64

Version: 1.3-6
Check: package dependencies
Result: ERROR
    Package required but not available: rgeos
    
    Package suggested but not available for checking: rgdal
    
    See the information on DESCRIPTION files in the chapter Creating R
    packages of the Writing R Extensions manual.
Flavor: r-release-osx-x86_64-mavericks