CRAN Package Check Results for Package lgcp

Last updated on 2017-04-27 11:53:40.

Flavor Version Tinstall Tcheck Ttotal Status Flags
r-devel-linux-x86_64-debian-clang 1.4 9.19 159.19 168.38 OK
r-devel-linux-x86_64-debian-gcc 1.4 9.41 155.40 164.81 OK
r-devel-linux-x86_64-fedora-clang 1.4 327.25 OK --no-stop-on-test-error
r-devel-linux-x86_64-fedora-gcc 1.4 318.69 OK --no-stop-on-test-error
r-devel-windows-ix86+x86_64 1.4 26.00 238.00 264.00 OK
r-patched-linux-x86_64 1.4 8.96 157.60 166.56 OK
r-patched-solaris-sparc 1.4 18.00 ERROR
r-patched-solaris-x86 1.4 4.20 ERROR
r-release-linux-x86_64 1.4 8.89 154.51 163.40 OK
r-release-windows-ix86+x86_64 1.4 28.00 240.00 268.00 OK
r-release-osx-x86_64 1.4 OK
r-oldrel-windows-ix86+x86_64 1.4 38.00 305.00 343.00 OK
r-oldrel-osx-x86_64 1.4 OK

Check Details

Version: 1.4
Check: package dependencies
Result: ERROR
    Package required but not available: ‘RandomFields’
    
    See section ‘The DESCRIPTION file’ in the ‘Writing R Extensions’
    manual.
Flavors: r-patched-solaris-sparc, r-patched-solaris-x86