CRAN Package Check Results for Package lgcp

Last updated on 2014-07-23 04:48:26.

Flavor Version Tinstall Tcheck Ttotal Status Flags
r-devel-linux-x86_64-debian-clang 1.3-6 12.43 180.38 192.81 OK
r-devel-linux-x86_64-debian-gcc 1.3-6 13.09 179.08 192.17 OK
r-devel-linux-x86_64-fedora-clang 1.3-6 462.85 OK
r-devel-linux-x86_64-fedora-gcc 1.3-6 432.78 OK
r-devel-osx-x86_64-clang 1.3-6 354.50 OK
r-devel-windows-ix86+x86_64 1.3-6 31.00 240.00 271.00 NOTE
r-patched-linux-x86_64 1.3-6 12.50 182.68 195.18 OK
r-patched-solaris-sparc 1.3-6 2201.70 OK
r-patched-solaris-x86 1.3-6 590.40 OK
r-release-linux-ix86 1.3-6 14.00 220.02 234.01 OK
r-release-linux-x86_64 1.3-6 11.85 187.72 199.57 OK
r-release-osx-x86_64-mavericks 1.3-6 ERROR
r-release-osx-x86_64-snowleopard 1.3-6 OK
r-release-windows-ix86+x86_64 1.3-6 30.00 255.00 285.00 OK
r-oldrel-windows-ix86+x86_64 1.3-6 28.00 232.00 260.00 OK

Check Details

Version: 1.3-6
Check: package dependencies
Result: NOTE
    Package suggested but not available for checking: 'gpclib'
Flavor: r-devel-windows-ix86+x86_64

Version: 1.3-6
Check: package dependencies
Result: ERROR
    Package required but not available: ‘rgeos’
    
    Package suggested but not available for checking: ‘rgdal’
    
    See the information on DESCRIPTION files in the chapter ‘Creating R
    packages’ of the ‘Writing R Extensions’ manual.
Flavor: r-release-osx-x86_64-mavericks