CRAN Package Check Results for Package lgcp

Last updated on 2014-09-19 03:47:17.

Flavor Version Tinstall Tcheck Ttotal Status Flags
r-devel-linux-x86_64-debian-clang 1.3-6 12.37 180.56 192.94 NOTE
r-devel-linux-x86_64-debian-gcc 1.3-6 11.62 176.46 188.08 NOTE
r-devel-linux-x86_64-fedora-clang 1.3-6 447.48 NOTE
r-devel-linux-x86_64-fedora-gcc 1.3-6 409.12 NOTE
r-devel-osx-x86_64-clang 1.3-6 345.32 NOTE
r-devel-windows-ix86+x86_64 1.3-6 32.00 225.00 257.00 NOTE
r-patched-linux-x86_64 1.3-6 12.40 192.04 204.44 NOTE
r-patched-solaris-sparc 1.3-6 2459.10 NOTE
r-patched-solaris-x86 1.3-6 605.30 NOTE
r-release-linux-ix86 1.3-6 15.12 231.52 246.63 OK
r-release-linux-x86_64 1.3-6 12.40 194.79 207.20 OK
r-release-osx-x86_64-mavericks 1.3-6 ERROR
r-release-osx-x86_64-snowleopard 1.3-6 OK
r-release-windows-ix86+x86_64 1.3-6 33.00 256.00 289.00 OK
r-oldrel-windows-ix86+x86_64 1.3-6 26.00 233.00 259.00 OK

Check Details

Version: 1.3-6
Check: dependencies in R code
Result: NOTE
    Package in Depends field not imported from: ‘tcltk’
     These packages need to be imported from (in the NAMESPACE file)
     for when this namespace is loaded but not attached.
    See the information on DESCRIPTION files in the chapter ‘Creating R
    packages’ of the ‘Writing R Extensions’ manual.
Flavors: r-devel-linux-x86_64-debian-clang, r-devel-linux-x86_64-debian-gcc, r-devel-linux-x86_64-fedora-clang, r-devel-linux-x86_64-fedora-gcc, r-devel-osx-x86_64-clang, r-devel-windows-ix86+x86_64, r-patched-linux-x86_64, r-patched-solaris-sparc, r-patched-solaris-x86

Version: 1.3-6
Check: R code for possible problems
Result: NOTE
    Cvb: no visible global function definition for ‘verifyclass’
    Cvb: no visible global function definition for ‘pairdist’
    KinhomAverage: no visible global function definition for ‘verifyclass’
    MALAlgcpMultitypeSpatial.PlusPars : <anonymous>: no visible global
     function definition for ‘variablesinformula’
    addTemporalCovariates: no visible global function definition for
     ‘variablesinformula’
    affine.fromXYZ: no visible global function definition for ‘interp.im’
    affine.fromXYZ: no visible global function definition for ‘im’
    affine.stppp: no visible global function definition for ‘affine.ppp’
    aggregateformulaList : <anonymous>: no visible global function
     definition for ‘termsinformula’
    as.im.fromFunction: no visible global function definition for ‘im’
    as.im.fromSPDF: no visible global function definition for ‘im’
    as.im.fromXYZ: no visible global function definition for ‘im’
    as.owinlist.SpatialPolygonsDataFrame: no visible global function
     definition for ‘spatstat.options’
    as.owinlist.SpatialPolygonsDataFrame: no visible global function
     definition for ‘simplify.owin’
    as.ppp.mstppp: no visible global function definition for ‘ppp’
    as.ppp.stppp: no visible global function definition for ‘ppp’
    as.stppp.stapp: no visible global function definition for ‘verifyclass’
    as.stppp.stapp: no visible global function definition for ‘inside.owin’
    as.stppp.stapp: no visible global function definition for ‘ppp’
    as.stppp.stapp: no visible global function definition for
     ‘spatstat.options’
    as.stppp.stapp: no visible global function definition for
     ‘setminus.owin’
    chooseCellwidth: no visible global function definition for
     ‘spatstat.options’
    chooseCellwidth: no visible global function definition for ‘ppp’
    cov.interp.fft: no visible global function definition for
     ‘variablesinformula’
    density.stppp: no visible global function definition for ‘density.ppp’
    discreteWindow.lgcpPredict: no visible global function definition for
     ‘inside.owin’
    dump2dir: no visible global function definition for ‘verifyclass’
    exceedProbsAggregated: no visible global function definition for
     ‘verifyclass’
    fftgrid: no visible global function definition for ‘verifyclass’
    fftgrid: no visible global function definition for ‘inside.owin’
    fftinterpolate.fromXYZ: no visible global function definition for
     ‘resample’
    genFFTgrid: no visible global function definition for ‘inside.owin’
    getRotation.stppp: no visible global function definition for
     ‘convexhull’
    getZmat: no visible global function definition for ‘spatstat.options’
    getZmat: no visible global function definition for ‘ppp’
    getpolyol: no visible global function definition for ‘spatstat.options’
    getpolyol: no visible global function definition for ‘ppp’
    ginhomAverage: no visible global function definition for ‘verifyclass’
    ginhomAverage: no visible global function definition for ‘pcfinhom’
    ginhomAverage : <anonymous>: no visible global function definition for
     ‘pcfinhom’
    gridInWindow: no visible global function definition for ‘inside.owin’
    lambdaEst.ppp: no visible global function definition for
     ‘resolve.2D.kernel’
    lambdaEst.stppp: no visible global function definition for
     ‘resolve.2D.kernel’
    lgcpForecast: no visible global function definition for ‘verifyclass’
    lgcpForecast: no visible global function definition for ‘inside.owin’
    lgcpPredict: no visible global function definition for ‘as.polygonal’
    lgcpPredict: no visible global function definition for ‘inside.owin’
    lgcpPredictAggregateSpatialPlusPars: no visible global function
     definition for ‘spatstat.options’
    lgcpPredictAggregateSpatialPlusPars: no visible global function
     definition for ‘ppp’
    lgcpPredictAggregateSpatialPlusPars: no visible global function
     definition for ‘as.polygonal’
    lgcpPredictMultitypeSpatialPlusPars: no visible global function
     definition for ‘as.polygonal’
    lgcpPredictMultitypeSpatialPlusPars : <anonymous>: no visible global
     function definition for ‘variablesinformula’
    lgcpPredictSpatial: no visible global function definition for
     ‘as.polygonal’
    lgcpPredictSpatial: no visible global function definition for
     ‘inside.owin’
    lgcpPredictSpatialPlusPars: no visible global function definition for
     ‘as.polygonal’
    lgcpPredictSpatioTemporalPlusPars: no visible global function
     definition for ‘as.polygonal’
    lgcpSim: no visible global function definition for ‘ppp’
    lgcpSim: no visible global function definition for ‘inside.owin’
    lgcpSimMultitypeSpatialCovariates: no visible global function
     definition for ‘ppp’
    lgcpSimSpatial: no visible global function definition for ‘ppp’
    lgcpSimSpatial: no visible global function definition for ‘inside.owin’
    lgcpSimSpatialCovariates: no visible global function definition for
     ‘ppp’
    lgcpgrid.list: no visible global function definition for ‘verifyclass’
    loc2poly: no visible global function definition for ‘owin’
    mcmcProgressTk : start: no visible global function definition for
     ‘tkProgressBar’
    mcmcProgressTk : update: no visible global function definition for
     ‘setTkProgressBar’
    minimum.contrast: no visible global function definition for ‘is.ppp’
    minimum.contrast: no visible global function definition for
     ‘as.rectangle’
    minimum.contrast: no visible global function definition for
     ‘is.polygonal’
    minimum.contrast: no visible global function definition for
     ‘is.rectangle’
    minimum.contrast: no visible global function definition for
     ‘is.multitype’
    minimum.contrast: no visible global function definition for ‘is.im’
    minimum.contrast : intens: no visible global function definition for
     ‘nearest.raster.point’
    minimum.contrast : intens: no visible global function definition for
     ‘as.mask’
    minimum.contrast: no visible global function definition for ‘pcf’
    minimum.contrast: no visible global function definition for ‘pcfinhom’
    minimum.contrast: no visible global function definition for ‘Kest’
    minimum.contrast: no visible global function definition for ‘rmax.rule’
    minimum.contrast: no visible global function definition for ‘area.owin’
    minimum.contrast: no visible global function definition for ‘Kinhom’
    minimum.contrast: no visible global function definition for ‘marks’
    minimum.contrast : <anonymous>: no visible global function definition
     for ‘nearest.raster.point’
    minimum.contrast : <anonymous>: no visible global function definition
     for ‘as.mask’
    minimum.contrast.spatiotemporal: no visible global function definition
     for ‘as.rectangle’
    minimum.contrast.spatiotemporal: no visible global function definition
     for ‘im’
    minimum.contrast.spatiotemporal: no visible global function definition
     for ‘is.im’
    mstppp.list: no visible global function definition for ‘inside.owin’
    mstppp.list: no visible global function definition for ‘ppp’
    muEst: no visible global function definition for ‘verifyclass’
    my.KinhomAverage: no visible global function definition for
     ‘verifyclass’
    my.ginhomAverage: no visible global function definition for
     ‘verifyclass’
    my.ginhomAverage: no visible global function definition for ‘pcfinhom’
    my.ginhomAverage : <anonymous>: no visible global function definition
     for ‘pcfinhom’
    osppp2latlon: no visible global function definition for
     ‘spatstat.options’
    osppp2latlon: no visible global function definition for ‘ppp’
    osppp2merc: no visible global function definition for
     ‘spatstat.options’
    osppp2merc: no visible global function definition for ‘ppp’
    raster.lgcpgrid: no visible global function definition for ‘brick’
    rescale.mstppp: no visible global function definition for ‘rescale.ppp’
    rescale.stppp: no visible global function definition for ‘rescale.ppp’
    spatialparsEst: no visible global function definition for ‘tkwinfo’
    spatialparsEst: no visible global function definition for
     ‘tkwm.geometry’
    stppp.list: no visible global function definition for ‘inside.owin’
    stppp.list: no visible global function definition for ‘ppp’
    thetaEst: no visible global function definition for ‘tclvalue’
Flavors: r-devel-linux-x86_64-debian-clang, r-devel-linux-x86_64-debian-gcc, r-devel-linux-x86_64-fedora-clang, r-devel-linux-x86_64-fedora-gcc, r-devel-osx-x86_64-clang, r-devel-windows-ix86+x86_64

Version: 1.3-6
Check: package dependencies
Result: NOTE
    Package suggested but not available for checking: 'gpclib'
Flavor: r-devel-windows-ix86+x86_64

Version: 1.3-6
Check: package dependencies
Result: ERROR
    Package required but not available: ‘rgeos’
    
    Package suggested but not available for checking: ‘rgdal’
    
    See the information on DESCRIPTION files in the chapter ‘Creating R
    packages’ of the ‘Writing R Extensions’ manual.
Flavor: r-release-osx-x86_64-mavericks