CRAN Package Check Results for Package lgcp

Last updated on 2018-04-25 08:51:25 CEST.

Flavor Version Tinstall Tcheck Ttotal Status Flags
r-devel-linux-x86_64-debian-clang 1.4 27.12 232.15 259.27 OK
r-devel-linux-x86_64-debian-gcc 1.4 21.89 184.47 206.36 OK
r-devel-linux-x86_64-fedora-clang 1.4 326.06 OK
r-devel-linux-x86_64-fedora-gcc 1.4 316.81 OK
r-devel-windows-ix86+x86_64 1.4 56.00 243.00 299.00 OK
r-patched-linux-x86_64 1.4 25.40 229.24 254.64 OK
r-patched-solaris-x86 1.4 466.40 OK
r-release-linux-x86_64 1.4 25.59 228.42 254.01 OK
r-release-windows-ix86+x86_64 1.4 56.00 243.00 299.00 OK
r-release-osx-x86_64 1.4 ERROR
r-oldrel-windows-ix86+x86_64 1.4 23.00 354.00 377.00 OK
r-oldrel-osx-x86_64 1.4 OK

Check Details

Version: 1.4
Check: package dependencies
Result: ERROR
    Package required but not available: ‘rpanel’
    
    See section ‘The DESCRIPTION file’ in the ‘Writing R Extensions’
    manual.
Flavor: r-release-osx-x86_64