CRAN Package Check Results for Package lgcp

Last updated on 2018-06-24 16:48:53 CEST.

Flavor Version Tinstall Tcheck Ttotal Status Flags
r-devel-linux-x86_64-debian-clang 1.5 33.94 278.62 312.56 OK
r-devel-linux-x86_64-debian-gcc 1.5 26.89 216.60 243.49 OK
r-devel-linux-x86_64-fedora-clang 1.5 367.76 OK
r-devel-linux-x86_64-fedora-gcc 1.5 353.21 OK
r-devel-windows-ix86+x86_64 1.5 61.00 303.00 364.00 OK
r-patched-linux-x86_64 1.5 30.96 236.71 267.67 OK
r-patched-solaris-x86 1.5 451.00 OK
r-release-linux-x86_64 1.5 29.89 234.43 264.32 OK
r-release-windows-ix86+x86_64 1.5 61.00 244.00 305.00 OK
r-release-osx-x86_64 1.5 ERROR
r-oldrel-windows-ix86+x86_64 1.5 38.00 258.00 296.00 OK
r-oldrel-osx-x86_64 1.5 OK

Check Details

Version: 1.5
Check: package dependencies
Result: ERROR
    Package required but not available: ‘rpanel’
    
    See section ‘The DESCRIPTION file’ in the ‘Writing R Extensions’
    manual.
Flavor: r-release-osx-x86_64