CRAN Package Check Results for Package lgr

Last updated on 2019-12-14 20:46:34 CET.

Flavor Version Tinstall Tcheck Ttotal Status Flags
r-devel-linux-x86_64-debian-clang 0.3.3 24.91 68.79 93.70 OK
r-devel-linux-x86_64-debian-gcc 0.3.3 23.02 55.20 78.22 OK
r-devel-linux-x86_64-fedora-clang 0.3.3 121.44 OK
r-devel-linux-x86_64-fedora-gcc 0.3.3 113.93 OK
r-devel-windows-ix86+x86_64 0.3.3 38.00 120.00 158.00 NOTE
r-devel-windows-ix86+x86_64-gcc8 0.3.3 35.00 133.00 168.00 NOTE
r-patched-linux-x86_64 0.3.3 22.06 63.84 85.90 OK
r-patched-solaris-x86 0.3.3 143.40 NOTE
r-release-linux-x86_64 0.3.3 20.36 64.28 84.64 OK
r-release-windows-ix86+x86_64 0.3.3 40.00 84.00 124.00 NOTE
r-release-osx-x86_64 0.3.3 OK
r-oldrel-windows-ix86+x86_64 0.3.3 24.00 76.00 100.00 NOTE
r-oldrel-osx-x86_64 0.3.3 OK

Check Details

Version: 0.3.3
Check: package dependencies
Result: NOTE
    Package suggested but not available for checking: 'rsyslog'
Flavors: r-devel-windows-ix86+x86_64, r-devel-windows-ix86+x86_64-gcc8, r-release-windows-ix86+x86_64, r-oldrel-windows-ix86+x86_64

Version: 0.3.3
Check: Rd cross-references
Result: NOTE
    Package unavailable to check Rd xrefs: 'rsyslog'
Flavors: r-devel-windows-ix86+x86_64, r-devel-windows-ix86+x86_64-gcc8, r-release-windows-ix86+x86_64, r-oldrel-windows-ix86+x86_64

Version: 0.3.3
Check: package dependencies
Result: NOTE
    Package suggested but not available for checking: ‘RPostgres’
Flavor: r-patched-solaris-x86