CRAN Package Check Results for Package lhs

Last updated on 2014-12-18 11:50:08.

Flavor Version Tinstall Tcheck Ttotal Status Flags
r-devel-linux-x86_64-debian-clang 0.10 2.39 12.31 14.70 OK
r-devel-linux-x86_64-debian-gcc 0.10 2.45 11.78 14.23 OK
r-devel-linux-x86_64-fedora-clang 0.10 31.47 OK
r-devel-linux-x86_64-fedora-gcc 0.10 28.41 OK
r-devel-osx-x86_64-clang 0.10 33.84 OK
r-devel-windows-ix86+x86_64 0.10 23.00 44.00 67.00 OK
r-patched-linux-x86_64 0.10 2.44 11.84 14.29 OK
r-patched-solaris-sparc 0.10 150.20 OK
r-patched-solaris-x86 0.10 40.70 OK
r-release-linux-ix86 0.10 3.39 18.79 22.18 OK
r-release-linux-x86_64 0.10 2.47 12.04 14.51 OK
r-release-osx-x86_64-mavericks 0.10 NOTE
r-release-windows-ix86+x86_64 0.10 13.00 31.00 44.00 OK
r-oldrel-windows-ix86+x86_64 0.10 12.00 24.00 36.00 OK

Check Details

Version: 0.10
Check: re-building of vignette outputs
Result: NOTE
    Error in re-building vignettes:
     ...
    Loading required package: lhs
    Error in texi2dvi(file = file, pdf = TRUE, clean = clean, quiet = quiet, :
     Running 'texi2dvi' on 'augmentLHS_Example.tex' failed.
    LaTeX errors:
    ! LaTeX Error: File `fullpage.sty' not found.
    
    Type X to quit or <RETURN> to proceed,
    or enter new name. (Default extension: sty)
    
    t/lhs/vignettes/augmentLHS_Example.tex:4: ==> Fatal error occurred, no output
    PDF file produced!
    Calls: buildVignettes -> texi2pdf -> texi2dvi
    Execution halted
Flavor: r-release-osx-x86_64-mavericks