CRAN Package Check Results for Package lhs

Last updated on 2015-07-03 21:46:35.

Flavor Version Tinstall Tcheck Ttotal Status Flags
r-devel-linux-x86_64-debian-clang 0.10 2.35 11.55 13.90 NOTE
r-devel-linux-x86_64-debian-gcc 0.10 2.38 10.85 13.23 NOTE
r-devel-linux-x86_64-fedora-clang 0.10 27.31 NOTE
r-devel-linux-x86_64-fedora-gcc 0.10 24.20 NOTE
r-devel-osx-x86_64-clang 0.10 27.49 NOTE
r-devel-windows-ix86+x86_64 0.10 22.00 36.00 58.00 NOTE
r-patched-linux-x86_64 0.10 2.37 11.42 13.79 NOTE
r-patched-solaris-sparc 0.10 182.70 NOTE
r-patched-solaris-x86 0.10 37.60 NOTE
r-release-linux-x86_64 0.10 2.45 11.26 13.71 NOTE
r-release-osx-x86_64-mavericks 0.10 NOTE
r-release-windows-ix86+x86_64 0.10 15.00 24.00 39.00 NOTE
r-oldrel-windows-ix86+x86_64 0.10 19.00 25.00 44.00 OK

Check Details

Version: 0.10
Check: DESCRIPTION meta-information
Result: NOTE
    Malformed Description field: should contain one or more complete sentences.
Flavors: r-devel-linux-x86_64-debian-clang, r-devel-linux-x86_64-debian-gcc, r-devel-linux-x86_64-fedora-clang, r-devel-linux-x86_64-fedora-gcc, r-devel-osx-x86_64-clang, r-devel-windows-ix86+x86_64, r-patched-linux-x86_64, r-patched-solaris-sparc, r-patched-solaris-x86, r-release-linux-x86_64, r-release-osx-x86_64-mavericks, r-release-windows-ix86+x86_64

Version: 0.10
Check: R code for possible problems
Result: NOTE
    augmentLHS: no visible global function definition for ‘runif’
    geneticLHS: no visible global function definition for ‘runif’
    geneticLHS: no visible global function definition for ‘dist’
    geneticLHS: no visible global function definition for ‘na.fail’
    improvedLHS: no visible global function definition for ‘runif’
    maximinLHS: no visible global function definition for ‘runif’
    optAugmentLHS: no visible global function definition for ‘runif’
    optAugmentLHS: no visible global function definition for ‘na.exclude’
    optAugmentLHS: no visible global function definition for ‘na.omit’
    optimumLHS: no visible global function definition for ‘runif’
    randomLHS : f: no visible global function definition for ‘runif’
    randomLHS : ranperm: no visible global function definition for ‘runif’
    randomLHS: no visible global function definition for ‘runif’
    runifint: no visible global function definition for ‘runif’
    Undefined global functions or variables:
     dist na.exclude na.fail na.omit runif
Flavors: r-devel-linux-x86_64-debian-clang, r-devel-linux-x86_64-debian-gcc, r-devel-linux-x86_64-fedora-clang, r-devel-linux-x86_64-fedora-gcc