CRAN Package Check Results for Package lhs

Last updated on 2015-04-20 02:48:36.

Flavor Version Tinstall Tcheck Ttotal Status Flags
r-devel-linux-x86_64-debian-clang 0.10 2.42 11.73 14.15 NOTE
r-devel-linux-x86_64-debian-gcc 0.10 2.41 11.59 14.00 NOTE
r-devel-linux-x86_64-fedora-clang 0.10 29.17 NOTE
r-devel-linux-x86_64-fedora-gcc 0.10 26.76 NOTE
r-devel-osx-x86_64-clang 0.10 29.42 NOTE
r-devel-windows-ix86+x86_64 0.10 14.00 31.00 45.00 NOTE
r-patched-linux-x86_64 0.10 2.44 11.58 14.02 NOTE
r-patched-solaris-sparc 0.10 178.70 NOTE
r-patched-solaris-x86 0.10 36.60 NOTE
r-release-linux-x86_64 0.10 2.42 12.19 14.61 NOTE
r-release-osx-x86_64-mavericks 0.10 NOTE
r-release-osx-x86_64-snowleopard 0.10 NOTE
r-release-windows-ix86+x86_64 0.10 10.00 26.00 36.00 NOTE
r-oldrel-windows-ix86+x86_64 0.10 19.00 25.00 44.00 OK

Check Details

Version: 0.10
Check: DESCRIPTION meta-information
Result: NOTE
    Malformed Description field: should contain one or more complete sentences.
Flavors: r-devel-linux-x86_64-debian-clang, r-devel-linux-x86_64-debian-gcc, r-devel-linux-x86_64-fedora-clang, r-devel-linux-x86_64-fedora-gcc, r-devel-osx-x86_64-clang, r-devel-windows-ix86+x86_64, r-patched-linux-x86_64, r-patched-solaris-sparc, r-patched-solaris-x86, r-release-linux-x86_64, r-release-osx-x86_64-mavericks, r-release-osx-x86_64-snowleopard, r-release-windows-ix86+x86_64