CRAN Package Check Results for Package lhs

Last updated on 2014-04-24 09:49:03.

Flavor Version Tinstall Tcheck Ttotal Status Flags
r-devel-linux-x86_64-debian-clang 0.10 2.22 11.26 13.47 OK
r-devel-linux-x86_64-debian-gcc 0.10 2.40 11.29 13.69 OK
r-devel-linux-x86_64-fedora-clang 0.10 28.12 OK
r-devel-linux-x86_64-fedora-gcc 0.10 26.52 OK
r-devel-osx-x86_64-clang 0.10 29.25 OK
r-devel-osx-x86_64-gcc 0.10 OK
r-devel-windows-ix86+x86_64 0.10 13.00 22.00 35.00 OK
r-patched-linux-x86_64 0.10 2.52 11.44 13.97 OK
r-patched-solaris-sparc 0.10 149.50 OK
r-patched-solaris-x86 0.10 39.50 OK
r-release-linux-ix86 0.10 4.00 25.00 29.00 OK
r-release-linux-x86_64 0.10 2.40 11.26 13.67 OK
r-release-osx-x86_64-mavericks 0.10 NOTE
r-release-windows-ix86+x86_64 0.10 22.00 31.00 53.00 OK
r-oldrel-windows-ix86+x86_64 0.10 12.00 24.00 36.00 OK

Check Details

Version: 0.10
Check: re-building of vignette outputs
Result: NOTE
    Error in re-building vignettes:
     ...
    Loading required package: lhs
    Error in texi2dvi(file = file, pdf = TRUE, clean = clean, quiet = quiet, :
     Running 'texi2dvi' on 'augmentLHS_Example.tex' failed.
    LaTeX errors:
    ! LaTeX Error: File `fullpage.sty' not found.
    
    Type X to quit or <RETURN> to proceed,
    or enter new name. (Default extension: sty)
    
    t/lhs/vignettes/augmentLHS_Example.tex:4: ==> Fatal error occurred, no output
    PDF file produced!
    Calls: buildVignettes -> texi2pdf -> texi2dvi
    Execution halted
Flavor: r-release-osx-x86_64-mavericks