CRAN Package Check Results for Package lhs

Last updated on 2017-02-20 10:48:37.

Flavor Version Tinstall Tcheck Ttotal Status Flags
r-devel-linux-x86_64-debian-clang 0.14 3.27 15.11 18.38 NOTE
r-devel-linux-x86_64-debian-gcc 0.14 2.78 14.73 17.51 NOTE
r-devel-linux-x86_64-fedora-clang 0.14 33.05 NOTE --no-stop-on-test-error
r-devel-linux-x86_64-fedora-gcc 0.14 29.46 NOTE --no-stop-on-test-error
r-devel-macos-x86_64-clang 0.14 28.97 NOTE --no-stop-on-test-error
r-devel-windows-ix86+x86_64 0.14 15.00 59.00 74.00 OK
r-patched-linux-x86_64 0.14 2.58 12.28 14.86 OK
r-patched-solaris-sparc 0.14 155.60 OK
r-patched-solaris-x86 0.14 36.80 OK
r-release-linux-x86_64 0.14 2.68 11.91 14.59 OK
r-release-osx-x86_64-mavericks 0.14 OK
r-release-windows-ix86+x86_64 0.14 27.00 45.00 72.00 OK
r-oldrel-windows-ix86+x86_64 0.14 28.00 48.00 76.00 OK

Check Details

Version: 0.14
Check: compiled code
Result: NOTE
    File ‘lhs/libs/lhs.so’:
     Found no calls to: ‘R_registerRoutines’, ‘R_useDynamicSymbols’
    
    It is good practice to register native routines and to disable symbol
    search.
    
    See ‘Writing portable packages’ in the ‘Writing R Extensions’ manual.
Flavors: r-devel-linux-x86_64-debian-clang, r-devel-linux-x86_64-debian-gcc

Version: 0.14
Flags: --no-stop-on-test-error
Check: compiled code
Result: NOTE
    File ‘lhs/libs/lhs.so’:
     Found no calls to: ‘R_registerRoutines’, ‘R_useDynamicSymbols’
    
    It is good practice to register native routines and to disable symbol
    search.
    
    See ‘Writing portable packages’ in the ‘Writing R Extensions’ manual.
Flavors: r-devel-linux-x86_64-fedora-clang, r-devel-linux-x86_64-fedora-gcc, r-devel-macos-x86_64-clang