CRAN Package Check Results for Package lhs

Last updated on 2017-03-23 23:50:51.

Flavor Version Tinstall Tcheck Ttotal Status Flags
r-devel-linux-x86_64-debian-clang 0.14 3.48 15.09 18.57 NOTE
r-devel-linux-x86_64-debian-gcc 0.14 2.96 14.76 17.73 NOTE
r-devel-linux-x86_64-fedora-clang 0.14 34.70 NOTE --no-stop-on-test-error
r-devel-linux-x86_64-fedora-gcc 0.14 29.85 NOTE --no-stop-on-test-error
r-devel-macos-x86_64-clang 0.14 27.60 NOTE --no-stop-on-test-error
r-devel-windows-ix86+x86_64 0.14 17.00 43.00 60.00 OK
r-patched-linux-x86_64 0.14 2.73 11.98 14.71 OK
r-patched-solaris-sparc 0.14 188.70 OK
r-patched-solaris-x86 0.14 45.60 OK
r-release-linux-x86_64 0.14 2.75 11.97 14.72 OK
r-release-osx-x86_64-mavericks 0.14 OK
r-release-windows-ix86+x86_64 0.14 27.00 45.00 72.00 OK
r-oldrel-windows-ix86+x86_64 0.14 28.00 48.00 76.00 OK

Check Details

Version: 0.14
Check: compiled code
Result: NOTE
    File ‘lhs/libs/lhs.so’:
     Found no calls to: ‘R_registerRoutines’, ‘R_useDynamicSymbols’
    
    It is good practice to register native routines and to disable symbol
    search.
    
    See ‘Writing portable packages’ in the ‘Writing R Extensions’ manual.
Flavors: r-devel-linux-x86_64-debian-clang, r-devel-linux-x86_64-debian-gcc

Version: 0.14
Flags: --no-stop-on-test-error
Check: compiled code
Result: NOTE
    File ‘lhs/libs/lhs.so’:
     Found no calls to: ‘R_registerRoutines’, ‘R_useDynamicSymbols’
    
    It is good practice to register native routines and to disable symbol
    search.
    
    See ‘Writing portable packages’ in the ‘Writing R Extensions’ manual.
Flavors: r-devel-linux-x86_64-fedora-clang, r-devel-linux-x86_64-fedora-gcc, r-devel-macos-x86_64-clang