CRAN Package Check Results for Package lhs

Last updated on 2015-05-29 23:47:51.

Flavor Version Tinstall Tcheck Ttotal Status Flags
r-devel-linux-x86_64-debian-clang 0.10 2.38 12.19 14.58 NOTE
r-devel-linux-x86_64-debian-gcc 0.10 2.40 12.02 14.42 NOTE
r-devel-linux-x86_64-fedora-clang 0.10 29.09 NOTE
r-devel-linux-x86_64-fedora-gcc 0.10 25.66 NOTE
r-devel-osx-x86_64-clang 0.10 32.51 NOTE
r-devel-windows-ix86+x86_64 0.10 16.00 24.00 40.00 NOTE
r-patched-linux-x86_64 0.10 2.37 11.64 14.01 NOTE
r-patched-solaris-sparc 0.10 182.70 NOTE
r-patched-solaris-x86 0.10 37.40 NOTE
r-release-linux-x86_64 0.10 2.38 11.30 13.68 NOTE
r-release-osx-x86_64-mavericks 0.10 NOTE
r-release-osx-x86_64-snowleopard 0.10 NOTE
r-release-windows-ix86+x86_64 0.10 10.00 26.00 36.00 NOTE
r-oldrel-windows-ix86+x86_64 0.10 19.00 25.00 44.00 OK

Check Details

Version: 0.10
Check: DESCRIPTION meta-information
Result: NOTE
    Malformed Description field: should contain one or more complete sentences.
Flavors: r-devel-linux-x86_64-debian-clang, r-devel-linux-x86_64-debian-gcc, r-devel-linux-x86_64-fedora-clang, r-devel-linux-x86_64-fedora-gcc, r-devel-osx-x86_64-clang, r-devel-windows-ix86+x86_64, r-patched-linux-x86_64, r-patched-solaris-sparc, r-patched-solaris-x86, r-release-linux-x86_64, r-release-osx-x86_64-mavericks, r-release-osx-x86_64-snowleopard, r-release-windows-ix86+x86_64