CRAN Package Check Results for Package lhs

Last updated on 2015-03-29 04:50:22.

Flavor Version Tinstall Tcheck Ttotal Status Flags
r-devel-linux-x86_64-debian-clang 0.10 2.34 11.49 13.82 NOTE
r-devel-linux-x86_64-debian-gcc 0.10 2.35 11.17 13.52 NOTE
r-devel-linux-x86_64-fedora-clang 0.10 29.74 NOTE
r-devel-linux-x86_64-fedora-gcc 0.10 26.92 NOTE
r-devel-osx-x86_64-clang 0.10 35.35 NOTE
r-prerel-windows-ix86+x86_64 0.10 20.00 23.00 43.00 NOTE
r-prerel-linux-x86_64 0.10 2.51 11.78 14.29 NOTE
r-prerel-solaris-sparc 0.10 178.70 NOTE
r-prerel-solaris-x86 0.10 36.90 NOTE
r-release-linux-x86_64 0.10 2.46 12.57 15.03 OK
r-release-osx-x86_64-mavericks 0.10 OK
r-release-windows-ix86+x86_64 0.10 19.00 25.00 44.00 OK
r-oldrel-windows-ix86+x86_64 0.10 12.00 24.00 36.00 OK

Check Details

Version: 0.10
Check: DESCRIPTION meta-information
Result: NOTE
    Malformed Description field: should contain one or more complete sentences.
Flavors: r-devel-linux-x86_64-debian-clang, r-devel-linux-x86_64-debian-gcc, r-devel-linux-x86_64-fedora-clang, r-devel-linux-x86_64-fedora-gcc, r-devel-osx-x86_64-clang, r-prerel-windows-ix86+x86_64, r-prerel-linux-x86_64, r-prerel-solaris-sparc, r-prerel-solaris-x86