CRAN Package Check Results for Package libamtrack

Last updated on 2018-05-22 05:49:30 CEST.

Flavor Version Tinstall Tcheck Ttotal Status Flags
r-devel-linux-x86_64-debian-clang 0.6.3 19.36 34.23 53.59 NOTE
r-devel-linux-x86_64-debian-gcc 0.6.3 25.50 29.27 54.77 NOTE
r-devel-linux-x86_64-fedora-clang 0.6.3 71.06 NOTE
r-devel-linux-x86_64-fedora-gcc 0.6.3 83.84 NOTE
r-devel-windows-ix86+x86_64 0.6.3 82.00 64.00 146.00 NOTE
r-patched-linux-x86_64 0.6.3 30.01 36.62 66.63 NOTE
r-patched-solaris-x86 0.6.3 105.40 NOTE
r-release-linux-x86_64 0.6.3 31.98 36.18 68.16 NOTE
r-release-windows-ix86+x86_64 0.6.3 89.00 83.00 172.00 NOTE
r-release-osx-x86_64 0.6.3 NOTE
r-oldrel-windows-ix86+x86_64 0.6.3 91.00 85.00 176.00 NOTE
r-oldrel-osx-x86_64 0.6.3 OK

Check Details

Version: 0.6.3
Check: compiled code
Result: NOTE
    File ‘libamtrack/libs/libamtrack.so’:
     Found no calls to: ‘R_registerRoutines’, ‘R_useDynamicSymbols’
    
    It is good practice to register native routines and to disable symbol
    search.
    
    See ‘Writing portable packages’ in the ‘Writing R Extensions’ manual.
Flavors: r-devel-linux-x86_64-debian-clang, r-devel-linux-x86_64-debian-gcc, r-devel-linux-x86_64-fedora-clang, r-devel-linux-x86_64-fedora-gcc, r-patched-linux-x86_64, r-release-linux-x86_64

Version: 0.6.3
Check: installed package size
Result: NOTE
     installed size is 26.1Mb
     sub-directories of 1Mb or more:
     extdata 1.7Mb
     libs 24.0Mb
Flavors: r-devel-linux-x86_64-fedora-gcc, r-devel-windows-ix86+x86_64, r-patched-solaris-x86, r-release-windows-ix86+x86_64, r-release-osx-x86_64, r-oldrel-windows-ix86+x86_64