CRAN Package Check Results for Package libamtrack

Last updated on 2016-05-27 06:46:52.

Flavor Version Tinstall Tcheck Ttotal Status Flags
r-devel-linux-x86_64-debian-gcc 0.6.3 21.04 22.67 43.71 NOTE
r-devel-linux-x86_64-fedora-clang 0.6.3 60.07 OK
r-devel-linux-x86_64-fedora-gcc 0.6.3 70.81 NOTE
r-devel-osx-x86_64-clang 0.6.3 64.98 OK
r-devel-windows-ix86+x86_64 0.6.3 51.00 52.00 103.00 NOTE
r-patched-linux-x86_64 0.6.3 19.70 22.27 41.97 NOTE
r-patched-solaris-sparc 0.6.3 440.20 NOTE
r-patched-solaris-x86 0.6.3 93.10 NOTE
r-release-linux-x86_64 0.6.3 19.95 22.14 42.09 NOTE
r-release-osx-x86_64-mavericks 0.6.3 OK
r-release-windows-ix86+x86_64 0.6.3 84.00 50.00 134.00 NOTE
r-oldrel-windows-ix86+x86_64 0.6.3 62.00 73.00 135.00 NOTE

Check Details

Version: 0.6.3
Check: installed package size
Result: NOTE
     installed size is 26.2Mb
     sub-directories of 1Mb or more:
     extdata 1.7Mb
     libs 24.1Mb
Flavors: r-devel-linux-x86_64-debian-gcc, r-devel-linux-x86_64-fedora-gcc, r-devel-windows-ix86+x86_64, r-patched-linux-x86_64, r-patched-solaris-sparc, r-patched-solaris-x86, r-release-linux-x86_64, r-release-windows-ix86+x86_64, r-oldrel-windows-ix86+x86_64