CRAN Package Check Results for Package libamtrack

Last updated on 2014-12-20 08:51:03.

Flavor Version Tinstall Tcheck Ttotal Status Flags
r-devel-linux-x86_64-debian-clang 0.5.5 8.32 23.14 31.47 WARN
r-devel-linux-x86_64-debian-gcc 0.5.5 21.28 21.67 42.94 NOTE
r-devel-linux-x86_64-fedora-clang 0.5.5 61.34 WARN
r-devel-linux-x86_64-fedora-gcc 0.5.5 75.06 NOTE
r-devel-osx-x86_64-clang 0.5.5 57.64 WARN
r-devel-windows-ix86+x86_64 0.5.5 49.00 49.00 98.00 NOTE
r-patched-linux-x86_64 0.5.5 20.66 24.59 45.25 NOTE
r-patched-solaris-sparc 0.5.5 462.20 NOTE
r-patched-solaris-x86 0.5.5 103.70 NOTE
r-release-linux-ix86 0.5.5 26.05 31.10 57.15 NOTE
r-release-linux-x86_64 0.5.5 20.33 22.74 43.06 NOTE
r-release-osx-x86_64-mavericks 0.5.5 ERROR
r-release-osx-x86_64-snowleopard 0.5.5 OK
r-release-windows-ix86+x86_64 0.5.5 49.00 50.00 99.00 NOTE
r-oldrel-windows-ix86+x86_64 0.5.5 47.00 59.00 106.00 NOTE

Check Details

Version: 0.5.5
Check: whether package can be installed
Result: WARN
    Found the following significant warnings:
     ./AT_DataStoppingPower.h:334:3: warning: flexible array initialization is a GNU extension [-Wgnu-flexible-array-initializer]
     ./AT_DataStoppingPower.h:475:3: warning: flexible array initialization is a GNU extension [-Wgnu-flexible-array-initializer]
     ./AT_DataStoppingPower.h:616:3: warning: flexible array initialization is a GNU extension [-Wgnu-flexible-array-initializer]
     ./AT_DataStoppingPower.h:757:3: warning: flexible array initialization is a GNU extension [-Wgnu-flexible-array-initializer]
     ./AT_DataStoppingPower.h:898:3: warning: flexible array initialization is a GNU extension [-Wgnu-flexible-array-initializer]
     ./AT_DataStoppingPower.h:1039:3: warning: flexible array initialization is a GNU extension [-Wgnu-flexible-array-initializer]
     ./AT_DataStoppingPower.h:1180:3: warning: flexible array initialization is a GNU extension [-Wgnu-flexible-array-initializer]
     ./AT_DataStoppingPower.h:1320:3: warning: flexible array initialization is a GNU extension [-Wgnu-flexible-array-initializer]
     ./AT_DataStoppingPower.h:1460:3: warning: flexible array initialization is a GNU extension [-Wgnu-flexible-array-initializer]
     ./AT_DataStoppingPower.h:2700:3: warning: flexible array initialization is a GNU extension [-Wgnu-flexible-array-initializer]
     ./AT_DataStoppingPower.h:2707:3: warning: flexible array initialization is a GNU extension [-Wgnu-flexible-array-initializer]
Flavors: r-devel-linux-x86_64-debian-clang, r-devel-linux-x86_64-fedora-clang, r-devel-osx-x86_64-clang

Version: 0.5.5
Check: R code for possible problems
Result: NOTE
    AT.SPC.convert.to.DDD: no visible global function definition for
     ‘xyplot’
    AT.SPC.export.DEDX: no visible global function definition for ‘xyplot’
Flavors: r-devel-linux-x86_64-debian-clang, r-devel-linux-x86_64-debian-gcc, r-devel-linux-x86_64-fedora-clang, r-devel-linux-x86_64-fedora-gcc, r-devel-osx-x86_64-clang, r-devel-windows-ix86+x86_64, r-patched-linux-x86_64, r-patched-solaris-sparc, r-patched-solaris-x86, r-release-linux-ix86, r-release-linux-x86_64, r-release-windows-ix86+x86_64

Version: 0.5.5
Check: installed package size
Result: NOTE
     installed size is 27.2Mb
     sub-directories of 1Mb or more:
     extdata 1.6Mb
     libs 25.3Mb
Flavors: r-devel-linux-x86_64-debian-gcc, r-devel-linux-x86_64-fedora-gcc, r-devel-windows-ix86+x86_64, r-patched-linux-x86_64, r-patched-solaris-sparc, r-patched-solaris-x86, r-release-linux-ix86, r-release-linux-x86_64, r-release-windows-ix86+x86_64, r-oldrel-windows-ix86+x86_64

Version: 0.5.5
Check: whether package can be installed
Result: ERROR
    Installation failed.
Flavor: r-release-osx-x86_64-mavericks