CRAN Package Check Results for Package libamtrack

Last updated on 2017-10-17 01:48:02.

Flavor Version Tinstall Tcheck Ttotal Status Flags
r-devel-linux-x86_64-debian-clang 0.6.3 12.25 26.78 39.03 NOTE
r-devel-linux-x86_64-debian-gcc 0.6.3 23.67 27.66 51.33 NOTE
r-devel-linux-x86_64-fedora-clang 0.6.3 65.27 NOTE
r-devel-linux-x86_64-fedora-gcc 0.6.3 80.30 NOTE
r-devel-windows-ix86+x86_64 0.6.3 65.00 62.00 127.00 NOTE
r-patched-linux-x86_64 0.6.3 21.43 25.87 47.29 NOTE
r-patched-solaris-x86 0.6.3 95.50 NOTE
r-release-linux-x86_64 0.6.3 21.65 26.44 48.08 NOTE
r-release-windows-ix86+x86_64 0.6.3 80.00 61.00 141.00 NOTE
r-release-osx-x86_64 0.6.3 OK
r-oldrel-windows-ix86+x86_64 0.6.3 84.00 70.00 154.00 NOTE
r-oldrel-osx-x86_64 0.6.3 OK

Check Details

Version: 0.6.3
Check: compiled code
Result: NOTE
    File ‘libamtrack/libs/libamtrack.so’:
     Found no calls to: ‘R_registerRoutines’, ‘R_useDynamicSymbols’
    
    It is good practice to register native routines and to disable symbol
    search.
    
    See ‘Writing portable packages’ in the ‘Writing R Extensions’ manual.
Flavors: r-devel-linux-x86_64-debian-clang, r-devel-linux-x86_64-debian-gcc, r-devel-linux-x86_64-fedora-clang, r-devel-linux-x86_64-fedora-gcc, r-patched-linux-x86_64, r-release-linux-x86_64

Version: 0.6.3
Check: installed package size
Result: NOTE
     installed size is 26.1Mb
     sub-directories of 1Mb or more:
     extdata 1.7Mb
     libs 24.0Mb
Flavors: r-devel-linux-x86_64-fedora-gcc, r-devel-windows-ix86+x86_64, r-patched-solaris-x86, r-release-windows-ix86+x86_64, r-oldrel-windows-ix86+x86_64