CRAN Package Check Results for Package libamtrack

Last updated on 2016-02-08 11:49:33.

Flavor Version Tinstall Tcheck Ttotal Status Flags
r-devel-linux-x86_64-debian-gcc 0.6.3 19.69 20.76 40.45 NOTE
r-devel-linux-x86_64-fedora-clang 0.6.3 55.33 OK
r-devel-linux-x86_64-fedora-gcc 0.6.3 70.25 NOTE
r-devel-osx-x86_64-clang 0.6.3 60.40 OK
r-devel-windows-ix86+x86_64 0.6.3 75.00 50.00 125.00 NOTE
r-patched-linux-x86_64 0.6.3 19.60 22.59 42.19 NOTE
r-patched-solaris-sparc 0.6.3 434.90 NOTE
r-patched-solaris-x86 0.6.3 91.50 NOTE
r-release-linux-x86_64 0.6.3 20.02 21.72 41.74 NOTE
r-release-osx-x86_64-mavericks 0.6.3 OK
r-release-windows-ix86+x86_64 0.6.3 68.00 54.00 122.00 NOTE
r-oldrel-windows-ix86+x86_64 0.6.3 83.00 59.00 142.00 NOTE

Check Details

Version: 0.6.3
Check: installed package size
Result: NOTE
     installed size is 26.1Mb
     sub-directories of 1Mb or more:
     extdata 1.7Mb
     libs 24.1Mb
Flavors: r-devel-linux-x86_64-debian-gcc, r-devel-linux-x86_64-fedora-gcc, r-devel-windows-ix86+x86_64, r-patched-linux-x86_64, r-patched-solaris-sparc, r-patched-solaris-x86, r-release-linux-x86_64, r-release-windows-ix86+x86_64, r-oldrel-windows-ix86+x86_64