CRAN Package Check Results for Package libamtrack

Last updated on 2017-04-27 11:53:40.

Flavor Version Tinstall Tcheck Ttotal Status Flags
r-devel-linux-x86_64-debian-clang 0.6.3 13.15 26.18 39.33 NOTE
r-devel-linux-x86_64-debian-gcc 0.6.3 21.20 25.48 46.69 NOTE
r-devel-linux-x86_64-fedora-clang 0.6.3 63.14 NOTE --no-stop-on-test-error
r-devel-linux-x86_64-fedora-gcc 0.6.3 76.88 NOTE --no-stop-on-test-error
r-devel-windows-ix86+x86_64 0.6.3 57.00 85.00 142.00 NOTE
r-patched-linux-x86_64 0.6.3 19.97 25.76 45.72 NOTE
r-patched-solaris-sparc 0.6.3 475.00 OK
r-patched-solaris-x86 0.6.3 96.00 NOTE
r-release-linux-x86_64 0.6.3 19.67 25.64 45.31 NOTE
r-release-windows-ix86+x86_64 0.6.3 60.00 58.00 118.00 NOTE
r-release-osx-x86_64 0.6.3 OK
r-oldrel-windows-ix86+x86_64 0.6.3 80.00 56.00 136.00 NOTE
r-oldrel-osx-x86_64 0.6.3 OK

Check Details

Version: 0.6.3
Check: compiled code
Result: NOTE
    File ‘libamtrack/libs/libamtrack.so’:
     Found no calls to: ‘R_registerRoutines’, ‘R_useDynamicSymbols’
    
    It is good practice to register native routines and to disable symbol
    search.
    
    See ‘Writing portable packages’ in the ‘Writing R Extensions’ manual.
Flavors: r-devel-linux-x86_64-debian-clang, r-devel-linux-x86_64-debian-gcc, r-patched-linux-x86_64, r-release-linux-x86_64

Version: 0.6.3
Flags: --no-stop-on-test-error
Check: compiled code
Result: NOTE
    File ‘libamtrack/libs/libamtrack.so’:
     Found no calls to: ‘R_registerRoutines’, ‘R_useDynamicSymbols’
    
    It is good practice to register native routines and to disable symbol
    search.
    
    See ‘Writing portable packages’ in the ‘Writing R Extensions’ manual.
Flavors: r-devel-linux-x86_64-fedora-clang, r-devel-linux-x86_64-fedora-gcc

Version: 0.6.3
Flags: --no-stop-on-test-error
Check: installed package size
Result: NOTE
     installed size is 26.1Mb
     sub-directories of 1Mb or more:
     extdata 1.7Mb
     libs 24.0Mb
Flavor: r-devel-linux-x86_64-fedora-gcc

Version: 0.6.3
Check: installed package size
Result: NOTE
     installed size is 5.9Mb
     sub-directories of 1Mb or more:
     extdata 1.7Mb
     libs 3.9Mb
Flavors: r-devel-windows-ix86+x86_64, r-patched-solaris-x86, r-release-windows-ix86+x86_64, r-oldrel-windows-ix86+x86_64