CRAN Package Check Results for Package libamtrack

Last updated on 2017-01-23 14:48:10.

Flavor Version Tinstall Tcheck Ttotal Status Flags
r-devel-linux-x86_64-debian-clang 0.6.3 12.73 25.20 37.93 OK
r-devel-linux-x86_64-debian-gcc 0.6.3 21.49 25.38 46.87 OK
r-devel-linux-x86_64-fedora-clang 0.6.3 61.46 OK --no-stop-on-test-error
r-devel-linux-x86_64-fedora-gcc 0.6.3 78.10 NOTE --no-stop-on-test-error
r-devel-macos-x86_64-clang 0.6.3 53.80 OK --no-stop-on-test-error
r-devel-windows-ix86+x86_64 0.6.3 50.00 60.00 110.00 NOTE
r-patched-linux-x86_64 0.6.3 19.40 21.61 41.01 OK
r-patched-solaris-sparc 0.6.3 450.90 NOTE
r-patched-solaris-x86 0.6.3 94.40 NOTE
r-release-linux-x86_64 0.6.3 19.89 21.98 41.88 OK
r-release-osx-x86_64-mavericks 0.6.3 OK
r-release-windows-ix86+x86_64 0.6.3 109.00 53.00 162.00 NOTE
r-oldrel-windows-ix86+x86_64 0.6.3 115.00 71.00 186.00 NOTE

Check Details

Version: 0.6.3
Flags: --no-stop-on-test-error
Check: installed package size
Result: NOTE
     installed size is 26.1Mb
     sub-directories of 1Mb or more:
     extdata 1.7Mb
     libs 24.0Mb
Flavor: r-devel-linux-x86_64-fedora-gcc

Version: 0.6.3
Check: installed package size
Result: NOTE
     installed size is 5.9Mb
     sub-directories of 1Mb or more:
     extdata 1.7Mb
     libs 3.8Mb
Flavors: r-devel-windows-ix86+x86_64, r-patched-solaris-sparc, r-patched-solaris-x86, r-release-windows-ix86+x86_64, r-oldrel-windows-ix86+x86_64