CRAN Package Check Results for Package libamtrack

Last updated on 2016-09-28 04:48:46.

Flavor Version Tinstall Tcheck Ttotal Status Flags
r-devel-linux-x86_64-debian-clang 0.6.3 12.41 22.14 34.55 OK
r-devel-linux-x86_64-debian-gcc 0.6.3 22.00 23.56 45.56 NOTE
r-devel-linux-x86_64-fedora-clang 0.6.3 59.76 OK
r-devel-linux-x86_64-fedora-gcc 0.6.3 74.27 NOTE
r-devel-macos-x86_64-clang 0.6.3 50.72 OK
r-devel-windows-ix86+x86_64 0.6.3 60.00 61.00 121.00 NOTE
r-patched-linux-x86_64 0.6.3 19.57 21.92 41.49 NOTE
r-patched-solaris-sparc 0.6.3 440.80 NOTE
r-patched-solaris-x86 0.6.3 89.40 NOTE
r-release-linux-x86_64 0.6.3 20.98 22.59 43.57 NOTE
r-release-osx-x86_64-mavericks 0.6.3 OK
r-release-windows-ix86+x86_64 0.6.3 64.00 50.00 114.00 NOTE
r-oldrel-windows-ix86+x86_64 0.6.3 85.00 76.00 161.00 NOTE

Check Details

Version: 0.6.3
Check: installed package size
Result: NOTE
     installed size is 26.2Mb
     sub-directories of 1Mb or more:
     extdata 1.7Mb
     libs 24.1Mb
Flavors: r-devel-linux-x86_64-debian-gcc, r-devel-linux-x86_64-fedora-gcc, r-devel-windows-ix86+x86_64, r-patched-linux-x86_64, r-patched-solaris-sparc, r-patched-solaris-x86, r-release-linux-x86_64, r-release-windows-ix86+x86_64, r-oldrel-windows-ix86+x86_64