CRAN Package Check Results for Package libamtrack

Last updated on 2017-08-17 20:46:45.

Flavor Version Tinstall Tcheck Ttotal Status Flags
r-devel-linux-x86_64-debian-clang 0.6.3 13.17 26.75 39.93 NOTE
r-devel-linux-x86_64-debian-gcc 0.6.3 21.32 25.83 47.15 NOTE
r-devel-linux-x86_64-fedora-clang 0.6.3 63.07 NOTE
r-devel-linux-x86_64-fedora-gcc 0.6.3 77.46 NOTE
r-devel-windows-ix86+x86_64 0.6.3 70.00 70.00 140.00 NOTE
r-patched-linux-x86_64 0.6.3 21.21 25.74 46.95 NOTE
r-patched-solaris-x86 0.6.3 94.70 NOTE
r-release-linux-x86_64 0.6.3 21.79 25.51 47.30 NOTE
r-release-windows-ix86+x86_64 0.6.3 61.00 65.00 126.00 NOTE
r-release-osx-x86_64 0.6.3 OK
r-oldrel-windows-ix86+x86_64 0.6.3 57.00 76.00 133.00 NOTE
r-oldrel-osx-x86_64 0.6.3 OK

Check Details

Version: 0.6.3
Check: compiled code
Result: NOTE
    File ‘libamtrack/libs/libamtrack.so’:
     Found no calls to: ‘R_registerRoutines’, ‘R_useDynamicSymbols’
    
    It is good practice to register native routines and to disable symbol
    search.
    
    See ‘Writing portable packages’ in the ‘Writing R Extensions’ manual.
Flavors: r-devel-linux-x86_64-debian-clang, r-devel-linux-x86_64-debian-gcc, r-devel-linux-x86_64-fedora-clang, r-devel-linux-x86_64-fedora-gcc, r-patched-linux-x86_64, r-release-linux-x86_64

Version: 0.6.3
Check: installed package size
Result: NOTE
     installed size is 26.1Mb
     sub-directories of 1Mb or more:
     extdata 1.7Mb
     libs 24.0Mb
Flavors: r-devel-linux-x86_64-fedora-gcc, r-devel-windows-ix86+x86_64, r-patched-solaris-x86, r-release-windows-ix86+x86_64, r-oldrel-windows-ix86+x86_64