CRAN Package Check Results for Package libamtrack

Last updated on 2017-12-17 04:47:05 CET.

Flavor Version Tinstall Tcheck Ttotal Status Flags
r-devel-linux-x86_64-debian-clang 0.6.3 15.47 42.54 58.01 NOTE
r-devel-linux-x86_64-debian-gcc 0.6.3 25.65 33.27 58.92 NOTE
r-devel-linux-x86_64-fedora-clang 0.6.3 66.06 NOTE
r-devel-linux-x86_64-fedora-gcc 0.6.3 80.43 NOTE
r-devel-windows-ix86+x86_64 0.6.3 62.00 61.00 123.00 NOTE
r-patched-linux-x86_64 0.6.3 28.10 40.20 68.30 NOTE
r-patched-solaris-x86 0.6.3 95.00 NOTE
r-release-linux-x86_64 0.6.3 27.97 40.20 68.17 NOTE
r-release-windows-ix86+x86_64 0.6.3 70.00 92.00 162.00 NOTE
r-release-osx-x86_64 0.6.3 OK
r-oldrel-windows-ix86+x86_64 0.6.3 89.00 85.00 174.00 NOTE
r-oldrel-osx-x86_64 0.6.3 OK

Check Details

Version: 0.6.3
Check: compiled code
Result: NOTE
    File ‘libamtrack/libs/libamtrack.so’:
     Found no calls to: ‘R_registerRoutines’, ‘R_useDynamicSymbols’
    
    It is good practice to register native routines and to disable symbol
    search.
    
    See ‘Writing portable packages’ in the ‘Writing R Extensions’ manual.
Flavors: r-devel-linux-x86_64-debian-clang, r-devel-linux-x86_64-debian-gcc, r-devel-linux-x86_64-fedora-clang, r-devel-linux-x86_64-fedora-gcc, r-patched-linux-x86_64, r-release-linux-x86_64

Version: 0.6.3
Check: installed package size
Result: NOTE
     installed size is 26.1Mb
     sub-directories of 1Mb or more:
     extdata 1.7Mb
     libs 24.0Mb
Flavors: r-devel-linux-x86_64-fedora-gcc, r-devel-windows-ix86+x86_64, r-patched-solaris-x86, r-release-windows-ix86+x86_64, r-oldrel-windows-ix86+x86_64