CRAN Package Check Results for Package libamtrack

Last updated on 2016-06-28 19:48:25.

Flavor Version Tinstall Tcheck Ttotal Status Flags
r-devel-linux-x86_64-debian-gcc 0.6.3 21.20 22.40 43.60 NOTE
r-devel-linux-x86_64-fedora-clang 0.6.3 57.76 OK
r-devel-linux-x86_64-fedora-gcc 0.6.3 70.91 NOTE
r-devel-osx-x86_64-clang 0.6.3 51.00 OK
r-devel-windows-ix86+x86_64 0.6.3 71.00 75.00 146.00 NOTE
r-patched-linux-x86_64 0.6.3 20.46 23.43 43.89 NOTE
r-patched-solaris-sparc 0.6.3 440.80 NOTE
r-patched-solaris-x86 0.6.3 93.60 NOTE
r-release-linux-x86_64 0.6.3 19.26 21.75 41.01 NOTE
r-release-osx-x86_64-mavericks 0.6.3 OK
r-release-windows-ix86+x86_64 0.6.3 65.00 70.00 135.00 NOTE
r-oldrel-windows-ix86+x86_64 0.6.3 83.00 54.00 137.00 NOTE

Check Details

Version: 0.6.3
Check: installed package size
Result: NOTE
     installed size is 26.2Mb
     sub-directories of 1Mb or more:
     extdata 1.7Mb
     libs 24.1Mb
Flavors: r-devel-linux-x86_64-debian-gcc, r-devel-linux-x86_64-fedora-gcc, r-devel-windows-ix86+x86_64, r-patched-linux-x86_64, r-patched-solaris-sparc, r-patched-solaris-x86, r-release-linux-x86_64, r-release-windows-ix86+x86_64, r-oldrel-windows-ix86+x86_64