CRAN Package Check Results for Package libamtrack

Last updated on 2015-08-30 19:47:06.

Flavor Version Tinstall Tcheck Ttotal Status Flags
r-devel-linux-x86_64-debian-clang 0.6.2 8.68 21.12 29.80 NOTE
r-devel-linux-x86_64-debian-gcc 0.6.2 20.01 20.92 40.93 NOTE
r-devel-linux-x86_64-fedora-clang 0.6.2 56.11 NOTE
r-devel-linux-x86_64-fedora-gcc 0.6.2 71.10 NOTE
r-devel-osx-x86_64-clang 0.6.2 52.76 OK
r-devel-windows-ix86+x86_64 0.6.2 98.00 53.00 151.00 NOTE
r-patched-linux-x86_64 0.6.2 20.12 21.36 41.48 NOTE
r-patched-solaris-sparc 0.6.2 452.00 NOTE
r-patched-solaris-x86 0.6.2 107.90 NOTE
r-release-linux-x86_64 0.6.2 19.64 21.65 41.28 NOTE
r-release-osx-x86_64-mavericks 0.6.2 OK
r-release-windows-ix86+x86_64 0.6.2 75.00 77.00 152.00 NOTE
r-oldrel-windows-ix86+x86_64 0.6.2 76.00 59.00 135.00 NOTE

Check Details

Version: 0.6.2
Check: R code for possible problems
Result: NOTE
    AT.CPPSC.alpha.and.beta: no visible global function definition for
     ‘nls’
    AT.CPPSC.alpha.and.beta: no visible global function definition for
     ‘coef’
    AT.SPC.get: no visible global function definition for ‘head’
    AT.SPC.get.list: no visible global function definition for ‘tail’
    AT.SPC.read: no visible global function definition for ‘unzip’
    AT.SPC.spectrum.at.depth.g.cm2: no visible global function definition
     for ‘approx’
    Undefined global functions or variables:
     approx coef head nls tail unzip
    Consider adding
     importFrom("stats", "approx", "coef", "nls")
     importFrom("utils", "head", "tail", "unzip")
    to your NAMESPACE.
Flavors: r-devel-linux-x86_64-debian-clang, r-devel-linux-x86_64-debian-gcc, r-devel-linux-x86_64-fedora-clang, r-devel-linux-x86_64-fedora-gcc, r-devel-windows-ix86+x86_64

Version: 0.6.2
Check: installed package size
Result: NOTE
     installed size is 26.1Mb
     sub-directories of 1Mb or more:
     extdata 1.7Mb
     libs 24.1Mb
Flavors: r-devel-linux-x86_64-debian-gcc, r-devel-linux-x86_64-fedora-gcc, r-devel-windows-ix86+x86_64, r-patched-linux-x86_64, r-patched-solaris-sparc, r-patched-solaris-x86, r-release-linux-x86_64, r-release-windows-ix86+x86_64, r-oldrel-windows-ix86+x86_64