CRAN Package Check Results for Package libamtrack

Last updated on 2017-03-27 18:49:53.

Flavor Version Tinstall Tcheck Ttotal Status Flags
r-devel-linux-x86_64-debian-clang 0.6.3 13.15 26.84 39.99 NOTE
r-devel-linux-x86_64-debian-gcc 0.6.3 21.64 25.28 46.92 NOTE
r-devel-linux-x86_64-fedora-clang 0.6.3 64.22 NOTE --no-stop-on-test-error
r-devel-linux-x86_64-fedora-gcc 0.6.3 77.06 NOTE --no-stop-on-test-error
r-devel-macos-x86_64-clang 0.6.3 53.67 NOTE --no-stop-on-test-error
r-devel-windows-ix86+x86_64 0.6.3 61.00 69.00 130.00 NOTE
r-patched-linux-x86_64 0.6.3 19.65 25.43 45.08 NOTE
r-patched-solaris-sparc 0.6.3 475.00 OK
r-patched-solaris-x86 0.6.3 102.70 NOTE
r-release-linux-x86_64 0.6.3 19.63 21.91 41.55 OK
r-release-osx-x86_64-mavericks 0.6.3 OK
r-release-windows-ix86+x86_64 0.6.3 99.00 55.00 154.00 NOTE
r-oldrel-windows-ix86+x86_64 0.6.3 68.00 55.00 123.00 NOTE

Check Details

Version: 0.6.3
Check: compiled code
Result: NOTE
    File ‘libamtrack/libs/libamtrack.so’:
     Found no calls to: ‘R_registerRoutines’, ‘R_useDynamicSymbols’
    
    It is good practice to register native routines and to disable symbol
    search.
    
    See ‘Writing portable packages’ in the ‘Writing R Extensions’ manual.
Flavors: r-devel-linux-x86_64-debian-clang, r-devel-linux-x86_64-debian-gcc, r-patched-linux-x86_64

Version: 0.6.3
Flags: --no-stop-on-test-error
Check: compiled code
Result: NOTE
    File ‘libamtrack/libs/libamtrack.so’:
     Found no calls to: ‘R_registerRoutines’, ‘R_useDynamicSymbols’
    
    It is good practice to register native routines and to disable symbol
    search.
    
    See ‘Writing portable packages’ in the ‘Writing R Extensions’ manual.
Flavors: r-devel-linux-x86_64-fedora-clang, r-devel-linux-x86_64-fedora-gcc, r-devel-macos-x86_64-clang

Version: 0.6.3
Flags: --no-stop-on-test-error
Check: installed package size
Result: NOTE
     installed size is 26.1Mb
     sub-directories of 1Mb or more:
     extdata 1.7Mb
     libs 24.0Mb
Flavor: r-devel-linux-x86_64-fedora-gcc

Version: 0.6.3
Check: installed package size
Result: NOTE
     installed size is 5.4Mb
     sub-directories of 1Mb or more:
     extdata 1.7Mb
     libs 3.4Mb
Flavors: r-devel-windows-ix86+x86_64, r-patched-solaris-x86, r-release-windows-ix86+x86_64, r-oldrel-windows-ix86+x86_64