CRAN Package Check Results for Package libbib

Last updated on 2022-01-22 21:53:47 CET.

Flavor Version Tinstall Tcheck Ttotal Status Flags
r-devel-linux-x86_64-debian-clang 1.6.2 5.53 58.47 64.00 OK
r-devel-linux-x86_64-debian-gcc 1.6.2 3.88 43.90 47.78 OK
r-devel-linux-x86_64-fedora-clang 1.6.2 77.14 NOTE
r-devel-linux-x86_64-fedora-gcc 1.6.2 64.10 NOTE
r-devel-windows-x86_64-new-UL 1.6.2 71.00 93.00 164.00 OK
r-devel-windows-x86_64-new-TK 1.6.2 NOTE
r-patched-linux-x86_64 1.6.2 5.73 54.78 60.51 OK
r-release-linux-x86_64 1.6.2 2.91 54.12 57.03 OK
r-release-macos-arm64 1.6.2 NOTE
r-release-macos-x86_64 1.6.2 NOTE
r-release-windows-ix86+x86_64 1.6.2 9.00 79.00 88.00 OK
r-oldrel-macos-x86_64 1.6.2 NOTE
r-oldrel-windows-ix86+x86_64 1.6.2 9.00 77.00 86.00 OK

Check Details

Version: 1.6.2
Check: data for non-ASCII characters
Result: NOTE
     Note: found 22 marked UTF-8 strings
Flavors: r-devel-linux-x86_64-fedora-clang, r-devel-linux-x86_64-fedora-gcc, r-devel-windows-x86_64-new-TK, r-release-macos-arm64, r-release-macos-x86_64, r-oldrel-macos-x86_64