CRAN Package Check Results for Package libgeos

Last updated on 2022-07-05 04:52:17 CEST.

Flavor Version Tinstall Tcheck Ttotal Status Flags
r-devel-linux-x86_64-debian-clang 3.10.0-1 654.98 25.70 680.68 OK
r-devel-linux-x86_64-debian-gcc 3.10.0-1 533.60 19.86 553.46 OK
r-devel-linux-x86_64-fedora-clang 3.10.0-1 1227.79 NOTE
r-devel-linux-x86_64-fedora-gcc 3.10.0-1 912.04 OK
r-devel-windows-x86_64 3.10.0-1 1486.00 142.00 1628.00 OK
r-patched-linux-x86_64 3.10.0-1 573.40 24.71 598.11 OK
r-release-linux-x86_64 3.10.0-1 568.09 24.76 592.85 OK
r-release-macos-arm64 3.10.0-1 238.00 NOTE
r-release-macos-x86_64 3.10.0-1 309.00 NOTE
r-release-windows-x86_64 3.10.0-1 1565.00 114.00 1679.00 OK
r-oldrel-macos-arm64 3.10.0-1 230.00 NOTE
r-oldrel-macos-x86_64 3.10.0-1 318.00 NOTE
r-oldrel-windows-ix86+x86_64 3.10.0-1 1543.00 106.00 1649.00 NOTE

Check Details

Version: 3.10.0-1
Check: installed package size
Result: NOTE
     installed size is 31.2Mb
     sub-directories of 1Mb or more:
     libs 31.0Mb
Flavors: r-devel-linux-x86_64-fedora-clang, r-release-macos-arm64, r-release-macos-x86_64, r-oldrel-macos-arm64, r-oldrel-macos-x86_64, r-oldrel-windows-ix86+x86_64