CRAN Package Check Results for Package librarysnapshot

Last updated on 2024-03-02 10:49:52 CET.

Flavor Version Tinstall Tcheck Ttotal Status Flags
r-devel-linux-x86_64-debian-clang 0.1.2 1.91 21.85 23.76 NOTE
r-devel-linux-x86_64-debian-gcc 0.1.2 1.40 16.80 18.20 NOTE
r-devel-linux-x86_64-fedora-clang 0.1.2 29.88 NOTE
r-devel-linux-x86_64-fedora-gcc 0.1.2 49.08 NOTE
r-devel-windows-x86_64 0.1.2 3.00 39.00 42.00 NOTE
r-patched-linux-x86_64 0.1.2 1.54 21.48 23.02 NOTE
r-release-linux-x86_64 0.1.2 1.70 21.21 22.91 NOTE
r-release-macos-arm64 0.1.2 35.00 NOTE
r-release-macos-x86_64 0.1.2 70.00 NOTE
r-release-windows-x86_64 0.1.2 3.00 38.00 41.00 NOTE
r-oldrel-macos-arm64 0.1.2 54.00 NOTE
r-oldrel-windows-x86_64 0.1.2 3.00 42.00 45.00 NOTE

Check Details

Version: 0.1.2
Check: LazyData
Result: NOTE 'LazyData' is specified without a 'data' directory Flavors: r-devel-linux-x86_64-debian-clang, r-devel-linux-x86_64-debian-gcc, r-devel-linux-x86_64-fedora-clang, r-devel-linux-x86_64-fedora-gcc, r-devel-windows-x86_64, r-patched-linux-x86_64, r-release-linux-x86_64, r-release-macos-arm64, r-release-macos-x86_64, r-release-windows-x86_64, r-oldrel-macos-arm64, r-oldrel-windows-x86_64