CRAN Package Check Results for Package lightgbm

Last updated on 2022-12-07 07:54:34 CET.

Flavor Version Tinstall Tcheck Ttotal Status Flags
r-devel-linux-x86_64-debian-clang 3.3.3 384.07 183.62 567.69 WARN
r-devel-linux-x86_64-debian-gcc 3.3.3 327.48 299.84 627.32 WARN
r-devel-linux-x86_64-fedora-clang 3.3.3 932.71 WARN
r-devel-linux-x86_64-fedora-gcc 3.3.3 783.12 WARN
r-devel-windows-x86_64 3.3.3 367.00 203.00 570.00 OK
r-patched-linux-x86_64 3.3.3 313.15 188.29 501.44 OK
r-release-linux-x86_64 3.3.3 329.79 178.16 507.95 OK
r-release-macos-arm64 3.3.3 251.00 NOTE
r-release-macos-x86_64 3.3.3 261.00 NOTE
r-release-windows-x86_64 3.3.3 343.00 206.00 549.00 OK
r-oldrel-macos-arm64 3.3.3 237.00 NOTE
r-oldrel-macos-x86_64 3.3.3 258.00 NOTE
r-oldrel-windows-ix86+x86_64 3.3.3 788.00 247.00 1035.00 NOTE

Check Details

Version: 3.3.3
Check: compiled code
Result: WARN
    File 'lightgbm/libs/lightgbm.so':
     Found '__vsprintf_chk', possibly from 'vsprintf' (C)
     Objects: 'boosting/boosting.o', 'boosting/gbdt.o',
     'boosting/gbdt_model_text.o', 'boosting/prediction_early_stop.o',
     'io/bin.o', 'io/config.o', 'io/config_auto.o', 'io/dataset.o',
     'io/dataset_loader.o', 'io/json11.o', 'io/metadata.o',
     'io/parser.o', 'io/train_share_states.o', 'io/tree.o',
     'metric/dcg_calculator.o', 'metric/metric.o',
     'objective/objective_function.o', 'network/linkers_socket.o',
     'network/network.o', 'treelearner/data_parallel_tree_learner.o',
     'treelearner/feature_parallel_tree_learner.o',
     'treelearner/linear_tree_learner.o',
     'treelearner/serial_tree_learner.o',
     'treelearner/tree_learner.o',
     'treelearner/voting_parallel_tree_learner.o', 'c_api.o',
     'lightgbm_R.o'
    
    Compiled code should not call entry points which might terminate R nor
    write to stdout/stderr instead of to the console, nor use Fortran I/O
    nor system RNGs nor [v]sprintf.
    
    See 'Writing portable packages' in the 'Writing R Extensions' manual.
Flavors: r-devel-linux-x86_64-debian-clang, r-devel-linux-x86_64-debian-gcc, r-devel-linux-x86_64-fedora-gcc

Version: 3.3.3
Check: installed package size
Result: NOTE
     installed size is 5.8Mb
     sub-directories of 1Mb or more:
     libs 5.2Mb
Flavors: r-devel-linux-x86_64-fedora-clang, r-release-macos-arm64, r-release-macos-x86_64, r-oldrel-macos-arm64, r-oldrel-macos-x86_64, r-oldrel-windows-ix86+x86_64

Version: 3.3.3
Check: compiled code
Result: WARN
    File ‘lightgbm/libs/lightgbm.so’:
     Found ‘vsprintf’, possibly from ‘vsprintf’ (C)
     Objects: ‘boosting/boosting.o’, ‘boosting/gbdt.o’,
     ‘boosting/gbdt_model_text.o’, ‘boosting/prediction_early_stop.o’,
     ‘io/bin.o’, ‘io/config.o’, ‘io/config_auto.o’, ‘io/dataset.o’,
     ‘io/dataset_loader.o’, ‘io/json11.o’, ‘io/metadata.o’,
     ‘io/parser.o’, ‘io/train_share_states.o’, ‘io/tree.o’,
     ‘metric/dcg_calculator.o’, ‘metric/metric.o’,
     ‘objective/objective_function.o’, ‘network/linkers_socket.o’,
     ‘network/network.o’, ‘treelearner/data_parallel_tree_learner.o’,
     ‘treelearner/feature_parallel_tree_learner.o’,
     ‘treelearner/linear_tree_learner.o’,
     ‘treelearner/serial_tree_learner.o’,
     ‘treelearner/tree_learner.o’,
     ‘treelearner/voting_parallel_tree_learner.o’, ‘c_api.o’,
     ‘lightgbm_R.o’
    
    Compiled code should not call entry points which might terminate R nor
    write to stdout/stderr instead of to the console, nor use Fortran I/O
    nor system RNGs nor [v]sprintf.
    
    See ‘Writing portable packages’ in the ‘Writing R Extensions’ manual.
Flavor: r-devel-linux-x86_64-fedora-clang