CRAN Package Check Results for Package lightgbm

Last updated on 2021-12-06 03:53:02 CET.

Flavor Version Tinstall Tcheck Ttotal Status Flags
r-devel-linux-x86_64-debian-clang 3.3.1 342.22 166.04 508.26 OK
r-devel-linux-x86_64-debian-gcc 3.3.1 281.03 256.62 537.65 OK
r-devel-linux-x86_64-fedora-clang 3.3.1 942.41 NOTE
r-devel-linux-x86_64-fedora-gcc 3.3.1 684.32 OK
r-devel-windows-x86_64-new-UL 3.3.1 408.00 258.00 666.00 OK
r-devel-windows-x86_64-new-TK 3.3.1 OK
r-devel-windows-x86_64-old 3.3.1 384.00 120.00 504.00 OK
r-patched-linux-x86_64 3.3.1 322.73 141.21 463.94 OK
r-release-linux-x86_64 3.3.1 326.70 152.39 479.09 OK
r-release-macos-arm64 3.3.1 NOTE
r-release-macos-x86_64 3.3.1 NOTE
r-release-windows-ix86+x86_64 3.3.1 783.00 251.00 1034.00 NOTE
r-oldrel-macos-x86_64 3.3.1 NOTE
r-oldrel-windows-ix86+x86_64 3.3.1 772.00 232.00 1004.00 NOTE

Check Details

Version: 3.3.1
Check: installed package size
Result: NOTE
     installed size is 44.4Mb
     sub-directories of 1Mb or more:
     libs 43.8Mb
Flavors: r-devel-linux-x86_64-fedora-clang, r-release-macos-arm64, r-release-macos-x86_64, r-release-windows-ix86+x86_64, r-oldrel-macos-x86_64, r-oldrel-windows-ix86+x86_64