CRAN Package Check Results for Package likeLTD

Last updated on 2015-07-03 16:47:24.

Flavor Version Tinstall Tcheck Ttotal Status Flags
r-devel-linux-x86_64-debian-clang 5.5.0 2.32 58.71 61.02 NOTE
r-devel-linux-x86_64-debian-gcc 5.5.0 2.32 58.86 61.18 NOTE
r-devel-linux-x86_64-fedora-clang 5.5.0 120.71 NOTE
r-devel-linux-x86_64-fedora-gcc 5.5.0 184.50 NOTE
r-devel-osx-x86_64-clang 5.5.0 105.69 OK
r-devel-windows-ix86+x86_64 5.5.0 13.00 125.00 138.00 NOTE
r-patched-linux-x86_64 5.5.0 2.66 59.68 62.34 OK
r-patched-solaris-sparc 5.5.0 873.50 OK
r-patched-solaris-x86 5.5.0 156.30 OK
r-release-linux-x86_64 5.5.0 2.42 59.68 62.11 OK
r-release-osx-x86_64-mavericks 5.5.0 OK
r-release-windows-ix86+x86_64 5.5.0 18.00 120.00 138.00 OK
r-oldrel-windows-ix86+x86_64 5.5.0 16.00 154.00 170.00 OK

Check Details

Version: 5.5.0
Check: R code for possible problems
Result: NOTE
    evaluate: no visible global function definition for ‘sd’
    initial.arguments: no visible global function definition for ‘runif’
    interim: no visible global function definition for ‘write.table’
    load.allele.database: Error while checking: invalid ‘envir’ argument
    load.linkage.info: Error while checking: invalid ‘envir’ argument
    penalties: no visible global function definition for ‘dnorm’
    penalties: no visible global function definition for ‘dgamma’
    plotLikelihood.2d: no visible global function definition for
     ‘getFromNamespace’
    queried.vs.known: no visible global function definition for
     ‘read.table’
    read.csp.profile: no visible global function definition for
     ‘read.table’
    read.known.profiles: no visible global function definition for
     ‘read.table’
    read.unc.profile: no visible global function definition for
     ‘read.table’
    relistArguments: no visible global function definition for ‘relist’
    system.info: no visible global function definition for ‘sessionInfo’
    Undefined global functions or variables:
     dgamma dnorm getFromNamespace read.table relist runif sd sessionInfo
     write.table
Flavors: r-devel-linux-x86_64-debian-clang, r-devel-linux-x86_64-debian-gcc, r-devel-linux-x86_64-fedora-clang, r-devel-linux-x86_64-fedora-gcc, r-devel-windows-ix86+x86_64