CRAN Package Check Results for Package likeLTD

Last updated on 2015-01-29 16:48:29.

Flavor Version Tinstall Tcheck Ttotal Status Flags
r-devel-linux-x86_64-debian-clang 5.4.0 2.51 62.03 64.54 NOTE
r-devel-linux-x86_64-debian-gcc 5.4.0 2.42 59.21 61.62 NOTE
r-devel-linux-x86_64-fedora-clang 5.4.0 128.05 NOTE
r-devel-linux-x86_64-fedora-gcc 5.4.0 198.96 NOTE
r-devel-osx-x86_64-clang 5.4.0 125.74 NOTE
r-devel-windows-ix86+x86_64 5.4.0 19.00 117.00 136.00 NOTE
r-patched-linux-x86_64 5.4.0 2.88 70.12 73.00 NOTE
r-patched-solaris-sparc 5.4.0 983.00 NOTE
r-patched-solaris-x86 5.4.0 257.50 NOTE
r-release-linux-ix86 5.4.0 3.78 711.65 715.42 NOTE
r-release-linux-x86_64 5.4.0 2.86 70.60 73.45 NOTE
r-release-osx-x86_64-mavericks 5.4.0 NOTE
r-release-osx-x86_64-snowleopard 5.4.0 OK
r-release-windows-ix86+x86_64 5.4.0 15.00 142.00 157.00 NOTE
r-oldrel-windows-ix86+x86_64 5.4.0 17.00 140.00 157.00 OK

Check Details

Version: 5.4.0
Check: R code for possible problems
Result: NOTE
    plotLikelihood.2d: no visible global function definition for ‘aes’
    plotLikelihood.2d: no visible global function definition for ‘xlab’
    plotLikelihood.2d: no visible global function definition for ‘ylab’
    plotLikelihood.2d: no visible global function definition for
     ‘geom_tile’
    plotLikelihood.2d: no visible global function definition for ‘labs’
    plotLikelihood.2d: no visible binding for global variable
     ‘stat_contour’
    unattributable.plot.maker: no visible global function definition for
     ‘aes’
    unattributable.plot.maker: no visible global function definition for
     ‘geom_bar’
    unattributable.plot.maker: no visible global function definition for
     ‘scale_fill_grey’
Flavors: r-devel-linux-x86_64-debian-clang, r-devel-linux-x86_64-debian-gcc, r-devel-linux-x86_64-fedora-clang, r-devel-linux-x86_64-fedora-gcc, r-devel-osx-x86_64-clang, r-devel-windows-ix86+x86_64, r-patched-linux-x86_64, r-patched-solaris-sparc, r-patched-solaris-x86, r-release-linux-ix86, r-release-linux-x86_64, r-release-osx-x86_64-mavericks, r-release-windows-ix86+x86_64