CRAN Package Check Results for Package likeLTD

Last updated on 2014-09-02 15:48:59.

Flavor Version Tinstall Tcheck Ttotal Status Flags
r-devel-linux-x86_64-debian-clang 5.4.0 2.76 62.61 65.37 NOTE
r-devel-linux-x86_64-debian-gcc 5.4.0 2.88 61.37 64.25 NOTE
r-devel-linux-x86_64-fedora-clang 5.4.0 146.64 NOTE
r-devel-linux-x86_64-fedora-gcc 5.4.0 212.51 NOTE
r-devel-osx-x86_64-clang 5.4.0 123.91 NOTE
r-devel-windows-ix86+x86_64 5.4.0 15.00 136.00 151.00 NOTE
r-patched-linux-x86_64 5.4.0 2.86 66.13 69.00 OK
r-patched-solaris-sparc 5.4.0 847.30 OK
r-patched-solaris-x86 5.4.0 225.50 OK
r-release-linux-ix86 5.4.0 3.97 823.90 827.86 OK
r-release-linux-x86_64 5.4.0 2.89 66.77 69.66 OK
r-release-osx-x86_64-mavericks 5.4.0 OK
r-release-osx-x86_64-snowleopard 5.4.0 OK
r-release-windows-ix86+x86_64 5.4.0 15.00 132.00 147.00 OK
r-oldrel-windows-ix86+x86_64 5.4.0 15.00 140.00 155.00 OK

Check Details

Version: 5.4.0
Check: R code for possible problems
Result: NOTE
    plotLikelihood.2d: no visible global function definition for ‘aes’
    plotLikelihood.2d: no visible global function definition for ‘xlab’
    plotLikelihood.2d: no visible global function definition for ‘ylab’
    plotLikelihood.2d: no visible global function definition for
     ‘geom_tile’
    plotLikelihood.2d: no visible global function definition for ‘labs’
    plotLikelihood.2d: no visible binding for global variable
     ‘stat_contour’
    unattributable.plot.maker: no visible global function definition for
     ‘aes’
    unattributable.plot.maker: no visible global function definition for
     ‘geom_bar’
    unattributable.plot.maker: no visible global function definition for
     ‘scale_fill_grey’
Flavors: r-devel-linux-x86_64-debian-clang, r-devel-linux-x86_64-debian-gcc, r-devel-linux-x86_64-fedora-clang, r-devel-linux-x86_64-fedora-gcc, r-devel-osx-x86_64-clang, r-devel-windows-ix86+x86_64