CRAN Package Check Results for Package likeLTD

Last updated on 2017-02-21 03:49:30.

Flavor Version Tinstall Tcheck Ttotal Status Flags
r-devel-linux-x86_64-debian-clang 6.1.1 7.35 54.12 61.48 NOTE
r-devel-linux-x86_64-debian-gcc 6.1.1 6.65 53.73 60.38 NOTE
r-devel-linux-x86_64-fedora-clang 6.1.1 113.49 NOTE --no-stop-on-test-error
r-devel-linux-x86_64-fedora-gcc 6.1.1 104.38 NOTE --no-stop-on-test-error
r-devel-macos-x86_64-clang 6.1.1 86.40 NOTE --no-stop-on-test-error
r-devel-windows-ix86+x86_64 6.1.1 37.00 136.00 173.00 OK
r-patched-linux-x86_64 6.1.1 6.44 52.47 58.91 OK
r-patched-solaris-sparc 6.1.1 654.70 OK
r-patched-solaris-x86 6.1.1 153.90 OK
r-release-linux-x86_64 6.1.1 6.05 51.39 57.44 OK
r-release-osx-x86_64-mavericks 6.1.1 OK
r-release-windows-ix86+x86_64 6.1.1 28.00 141.00 169.00 OK
r-oldrel-windows-ix86+x86_64 6.1.1 23.00 98.00 121.00 OK

Check Details

Version: 6.1.1
Check: compiled code
Result: NOTE
    File ‘likeLTD/libs/likeLTD.so’:
     Found no call to: ‘R_useDynamicSymbols’
    
    It is good practice to register native routines and to disable symbol
    search.
    
    See ‘Writing portable packages’ in the ‘Writing R Extensions’ manual.
Flavors: r-devel-linux-x86_64-debian-clang, r-devel-linux-x86_64-debian-gcc

Version: 6.1.1
Flags: --no-stop-on-test-error
Check: compiled code
Result: NOTE
    File ‘likeLTD/libs/likeLTD.so’:
     Found no call to: ‘R_useDynamicSymbols’
    
    It is good practice to register native routines and to disable symbol
    search.
    
    See ‘Writing portable packages’ in the ‘Writing R Extensions’ manual.
Flavors: r-devel-linux-x86_64-fedora-clang, r-devel-linux-x86_64-fedora-gcc, r-devel-macos-x86_64-clang