CRAN Package Check Results for Package likeLTD

Last updated on 2017-03-25 15:47:53.

Flavor Version Tinstall Tcheck Ttotal Status Flags
r-devel-linux-x86_64-debian-clang 6.1.1 7.21 56.33 63.54 NOTE
r-devel-linux-x86_64-debian-gcc 6.1.1 6.59 52.20 58.79 NOTE
r-devel-linux-x86_64-fedora-clang 6.1.1 115.03 NOTE --no-stop-on-test-error
r-devel-linux-x86_64-fedora-gcc 6.1.1 106.12 NOTE --no-stop-on-test-error
r-devel-macos-x86_64-clang 6.1.1 85.37 NOTE --no-stop-on-test-error
r-patched-linux-x86_64 6.1.1 6.35 53.42 59.78 NOTE
r-patched-solaris-sparc 6.1.1 639.90 OK
r-patched-solaris-x86 6.1.1 150.90 OK
r-release-linux-x86_64 6.1.1 6.02 50.96 56.98 OK
r-release-osx-x86_64-mavericks 6.1.1 OK
r-release-windows-ix86+x86_64 6.1.1 37.00 96.00 133.00 OK
r-oldrel-windows-ix86+x86_64 6.1.1 23.00 108.00 131.00 OK

Check Details

Version: 6.1.1
Check: compiled code
Result: NOTE
    File ‘likeLTD/libs/likeLTD.so’:
     Found no call to: ‘R_useDynamicSymbols’
    
    It is good practice to register native routines and to disable symbol
    search.
    
    See ‘Writing portable packages’ in the ‘Writing R Extensions’ manual.
Flavors: r-devel-linux-x86_64-debian-clang, r-devel-linux-x86_64-debian-gcc, r-patched-linux-x86_64

Version: 6.1.1
Flags: --no-stop-on-test-error
Check: compiled code
Result: NOTE
    File ‘likeLTD/libs/likeLTD.so’:
     Found no call to: ‘R_useDynamicSymbols’
    
    It is good practice to register native routines and to disable symbol
    search.
    
    See ‘Writing portable packages’ in the ‘Writing R Extensions’ manual.
Flavors: r-devel-linux-x86_64-fedora-clang, r-devel-linux-x86_64-fedora-gcc, r-devel-macos-x86_64-clang