CRAN Package Check Results for Package likeLTD

Last updated on 2016-05-29 03:48:23.

Flavor Version Tinstall Tcheck Ttotal Status Flags
r-devel-linux-x86_64-debian-gcc 6.0.4 6.96 52.04 59.00 OK
r-devel-linux-x86_64-fedora-clang 6.0.4 111.17 OK
r-devel-linux-x86_64-fedora-gcc 6.0.4 93.69 OK
r-devel-osx-x86_64-clang 6.0.4 104.86 OK
r-devel-windows-ix86+x86_64 6.0.4 19.00 85.00 104.00 OK
r-patched-linux-x86_64 6.0.4 6.10 51.68 57.78 OK
r-patched-solaris-sparc 6.0.4 625.60 OK
r-patched-solaris-x86 6.0.4 139.20 OK
r-release-linux-x86_64 6.0.4 6.14 51.43 57.57 OK
r-release-osx-x86_64-mavericks 6.0.4 WARN
r-release-windows-ix86+x86_64 6.0.4 32.00 85.00 117.00 OK
r-oldrel-windows-ix86+x86_64 6.0.4 22.00 104.00 126.00 OK

Check Details

Version: 6.0.4
Check: dependencies in R code
Result: NOTE
    Invalid MIT-MAGIC-COOKIE-1 key
Flavor: r-release-osx-x86_64-mavericks

Version: 6.0.4
Check: S3 generic/method consistency
Result: WARN
    Invalid MIT-MAGIC-COOKIE-1 key
    See section ‘Generic functions and methods’ in the ‘Writing R
    Extensions’ manual.
Flavor: r-release-osx-x86_64-mavericks

Version: 6.0.4
Check: replacement functions
Result: WARN
    Invalid MIT-MAGIC-COOKIE-1 key
    The argument of a replacement function which corresponds to the right
    hand side must be named ‘value’.
Flavor: r-release-osx-x86_64-mavericks

Version: 6.0.4
Check: foreign function calls
Result: NOTE
    Invalid MIT-MAGIC-COOKIE-1 key
    See chapter ‘System and foreign language interfaces’ in the ‘Writing R
    Extensions’ manual.
Flavor: r-release-osx-x86_64-mavericks

Version: 6.0.4
Check: R code for possible problems
Result: NOTE
    Invalid MIT-MAGIC-COOKIE-1 key
Flavor: r-release-osx-x86_64-mavericks

Version: 6.0.4
Check: for missing documentation entries
Result: WARN
    Invalid MIT-MAGIC-COOKIE-1 key
    All user-level objects in a package should have documentation entries.
    See chapter ‘Writing R documentation files’ in the ‘Writing R
    Extensions’ manual.
Flavor: r-release-osx-x86_64-mavericks

Version: 6.0.4
Check: for code/documentation mismatches
Result: WARN
    Invalid MIT-MAGIC-COOKIE-1 key
    Invalid MIT-MAGIC-COOKIE-1 key
    Invalid MIT-MAGIC-COOKIE-1 key
Flavor: r-release-osx-x86_64-mavericks

Version: 6.0.4
Check: Rd \usage sections
Result: NOTE
    Invalid MIT-MAGIC-COOKIE-1 key
    The \usage entries for S3 methods should use the \method markup and not
    their full name.
    See chapter ‘Writing R documentation files’ in the ‘Writing R
    Extensions’ manual.
Flavor: r-release-osx-x86_64-mavericks