CRAN Package Check Results for Package likeLTD

Last updated on 2015-09-04 11:47:40.

Flavor Version Tinstall Tcheck Ttotal Status Flags
r-devel-linux-x86_64-debian-clang 5.5.0 2.20 58.20 60.40 NOTE
r-devel-linux-x86_64-debian-gcc 5.5.0 2.86 56.95 59.81 NOTE
r-devel-linux-x86_64-fedora-clang 5.5.0 187.52 NOTE
r-devel-linux-x86_64-fedora-gcc 5.5.0 160.51 NOTE
r-devel-osx-x86_64-clang 5.5.0 97.91 OK
r-devel-windows-ix86+x86_64 5.5.0 14.00 126.00 140.00 NOTE
r-patched-linux-x86_64 5.5.0 2.71 60.16 62.87 OK
r-patched-solaris-sparc 5.5.0 704.40 OK
r-patched-solaris-x86 5.5.0 160.00 OK
r-release-linux-x86_64 5.5.0 2.48 60.69 63.17 OK
r-release-osx-x86_64-mavericks 5.5.0 OK
r-release-windows-ix86+x86_64 5.5.0 18.00 127.00 145.00 OK
r-oldrel-windows-ix86+x86_64 5.5.0 18.00 211.00 229.00 OK

Check Details

Version: 5.5.0
Check: R code for possible problems
Result: NOTE
    evaluate: no visible global function definition for ‘sd’
    initial.arguments: no visible global function definition for ‘runif’
    interim: no visible global function definition for ‘write.table’
    load.allele.database: no visible global function definition for ‘data’
    load.allele.database: no visible global function definition for
     ‘read.table’
    load.linkage.info: no visible global function definition for ‘data’
    load.linkage.info: no visible global function definition for
     ‘read.table’
    penalties: no visible global function definition for ‘dnorm’
    penalties: no visible global function definition for ‘dgamma’
    plotLikelihood.2d: no visible global function definition for
     ‘getFromNamespace’
    queried.vs.known: no visible global function definition for
     ‘read.table’
    read.csp.profile: no visible global function definition for
     ‘read.table’
    read.known.profiles: no visible global function definition for
     ‘read.table’
    read.unc.profile: no visible global function definition for
     ‘read.table’
    relistArguments: no visible global function definition for ‘relist’
    system.info: no visible global function definition for ‘sessionInfo’
    Undefined global functions or variables:
     data dgamma dnorm getFromNamespace read.table relist runif sd
     sessionInfo write.table
    Consider adding
     importFrom("stats", "dgamma", "dnorm", "runif", "sd")
     importFrom("utils", "data", "getFromNamespace", "read.table", "relist",
     "sessionInfo", "write.table")
    to your NAMESPACE.
Flavors: r-devel-linux-x86_64-debian-clang, r-devel-linux-x86_64-debian-gcc, r-devel-linux-x86_64-fedora-clang, r-devel-linux-x86_64-fedora-gcc, r-devel-windows-ix86+x86_64