CRAN Package Check Results for Package likeLTD

Last updated on 2014-12-21 03:48:18.

Flavor Version Tinstall Tcheck Ttotal Status Flags
r-devel-linux-x86_64-debian-clang 5.4.0 2.84 67.08 69.92 NOTE
r-devel-linux-x86_64-debian-gcc 5.4.0 2.82 67.19 70.01 NOTE
r-devel-linux-x86_64-fedora-clang 5.4.0 144.02 NOTE
r-devel-linux-x86_64-fedora-gcc 5.4.0 173.09 NOTE
r-devel-osx-x86_64-clang 5.4.0 126.53 NOTE
r-devel-windows-ix86+x86_64 5.4.0 15.00 128.00 143.00 NOTE
r-patched-linux-x86_64 5.4.0 2.92 67.86 70.78 NOTE
r-patched-solaris-sparc 5.4.0 974.20 NOTE
r-patched-solaris-x86 5.4.0 264.30 NOTE
r-release-linux-ix86 5.4.0 3.73 728.54 732.28 NOTE
r-release-linux-x86_64 5.4.0 2.85 68.99 71.84 NOTE
r-release-osx-x86_64-mavericks 5.4.0 OK
r-release-osx-x86_64-snowleopard 5.4.0 OK
r-release-windows-ix86+x86_64 5.4.0 17.00 142.00 159.00 NOTE
r-oldrel-windows-ix86+x86_64 5.4.0 16.00 146.00 162.00 OK

Check Details

Version: 5.4.0
Check: R code for possible problems
Result: NOTE
    plotLikelihood.2d: no visible global function definition for ‘aes’
    plotLikelihood.2d: no visible global function definition for ‘xlab’
    plotLikelihood.2d: no visible global function definition for ‘ylab’
    plotLikelihood.2d: no visible global function definition for
     ‘geom_tile’
    plotLikelihood.2d: no visible global function definition for ‘labs’
    plotLikelihood.2d: no visible binding for global variable
     ‘stat_contour’
    unattributable.plot.maker: no visible global function definition for
     ‘aes’
    unattributable.plot.maker: no visible global function definition for
     ‘geom_bar’
    unattributable.plot.maker: no visible global function definition for
     ‘scale_fill_grey’
Flavors: r-devel-linux-x86_64-debian-clang, r-devel-linux-x86_64-debian-gcc, r-devel-linux-x86_64-fedora-clang, r-devel-linux-x86_64-fedora-gcc, r-devel-osx-x86_64-clang, r-devel-windows-ix86+x86_64, r-patched-linux-x86_64, r-patched-solaris-sparc, r-patched-solaris-x86, r-release-linux-ix86, r-release-linux-x86_64, r-release-windows-ix86+x86_64