CRAN Package Check Results for Package likeLTD

Last updated on 2015-04-19 17:48:39.

Flavor Version Tinstall Tcheck Ttotal Status Flags
r-devel-linux-x86_64-debian-clang 5.5.0 2.43 58.19 60.62 OK
r-devel-linux-x86_64-debian-gcc 5.5.0 2.44 57.29 59.73 OK
r-devel-linux-x86_64-fedora-clang 5.5.0 120.32 OK
r-devel-linux-x86_64-fedora-gcc 5.5.0 184.02 OK
r-devel-osx-x86_64-clang 5.5.0 101.68 OK
r-devel-windows-ix86+x86_64 5.5.0 17.00 151.00 168.00 OK
r-patched-linux-x86_64 5.5.0 2.40 58.25 60.65 OK
r-patched-solaris-sparc 5.5.0 786.40 OK
r-patched-solaris-x86 5.5.0 228.80 OK
r-release-linux-x86_64 5.5.0 2.33 59.60 61.92 OK
r-release-osx-x86_64-mavericks 5.5.0 OK
r-release-osx-x86_64-snowleopard 5.5.0 ERROR
r-release-windows-ix86+x86_64 5.5.0 9.00 110.00 119.00 OK
r-oldrel-windows-ix86+x86_64 5.5.0 18.00 192.00 210.00 OK

Check Details

Version: 5.5.0
Check: package dependencies
Result: ERROR
    Package required but not available: ‘ggplot2’
    
    Package suggested but not available for checking: ‘scales’
    
    See section ‘The DESCRIPTION file’ in the ‘Writing R Extensions’
    manual.
Flavor: r-release-osx-x86_64-snowleopard