CRAN Package Check Results for Package likeLTD

Last updated on 2014-10-24 19:47:43.

Flavor Version Tinstall Tcheck Ttotal Status Flags
r-devel-linux-x86_64-debian-clang 5.4.0 2.68 66.36 69.04 NOTE
r-devel-linux-x86_64-debian-gcc 5.4.0 2.75 70.30 73.05 NOTE
r-devel-linux-x86_64-fedora-clang 5.4.0 138.91 NOTE
r-devel-linux-x86_64-fedora-gcc 5.4.0 213.08 NOTE
r-devel-osx-x86_64-clang 5.4.0 125.56 NOTE
r-devel-windows-ix86+x86_64 5.4.0 16.00 130.00 146.00 NOTE
r-patched-linux-x86_64 5.4.0 2.85 67.60 70.45 NOTE
r-patched-solaris-sparc 5.4.0 974.20 NOTE
r-patched-solaris-x86 5.4.0 255.20 NOTE
r-release-linux-ix86 5.4.0 3.93 843.29 847.22 OK
r-release-linux-x86_64 5.4.0 2.91 69.64 72.55 OK
r-release-osx-x86_64-mavericks 5.4.0 OK
r-release-osx-x86_64-snowleopard 5.4.0 OK
r-release-windows-ix86+x86_64 5.4.0 15.00 132.00 147.00 OK
r-oldrel-windows-ix86+x86_64 5.4.0 15.00 135.00 150.00 OK

Check Details

Version: 5.4.0
Check: R code for possible problems
Result: NOTE
    plotLikelihood.2d: no visible global function definition for ‘aes’
    plotLikelihood.2d: no visible global function definition for ‘xlab’
    plotLikelihood.2d: no visible global function definition for ‘ylab’
    plotLikelihood.2d: no visible global function definition for
     ‘geom_tile’
    plotLikelihood.2d: no visible global function definition for ‘labs’
    plotLikelihood.2d: no visible binding for global variable
     ‘stat_contour’
    unattributable.plot.maker: no visible global function definition for
     ‘aes’
    unattributable.plot.maker: no visible global function definition for
     ‘geom_bar’
    unattributable.plot.maker: no visible global function definition for
     ‘scale_fill_grey’
Flavors: r-devel-linux-x86_64-debian-clang, r-devel-linux-x86_64-debian-gcc, r-devel-linux-x86_64-fedora-clang, r-devel-linux-x86_64-fedora-gcc, r-devel-osx-x86_64-clang, r-devel-windows-ix86+x86_64, r-patched-linux-x86_64, r-patched-solaris-sparc, r-patched-solaris-x86