CRAN Package Check Results for Package likeLTD

Last updated on 2016-09-29 20:47:19.

Flavor Version Tinstall Tcheck Ttotal Status Flags
r-devel-linux-x86_64-debian-clang 6.1.0 7.02 56.36 63.37 OK
r-devel-linux-x86_64-debian-gcc 6.1.0 6.49 56.36 62.85 OK
r-devel-linux-x86_64-fedora-clang 6.1.0 111.02 OK
r-devel-linux-x86_64-fedora-gcc 6.1.0 96.50 OK
r-devel-macos-x86_64-clang 6.1.0 79.10 OK
r-devel-windows-ix86+x86_64 6.1.0 35.00 110.00 145.00 OK
r-patched-linux-x86_64 6.1.0 6.14 52.53 58.68 OK
r-patched-solaris-sparc 6.1.0 634.30 OK
r-patched-solaris-x86 6.1.0 139.10 OK
r-release-linux-x86_64 6.1.0 6.68 52.98 59.67 OK
r-release-osx-x86_64-mavericks 6.1.0 WARN
r-release-windows-ix86+x86_64 6.1.0 19.00 79.00 98.00 OK
r-oldrel-windows-ix86+x86_64 6.1.0 30.00 133.00 163.00 OK

Check Details

Version: 6.1.0
Check: dependencies in R code
Result: NOTE
    Invalid MIT-MAGIC-COOKIE-1 key
Flavor: r-release-osx-x86_64-mavericks

Version: 6.1.0
Check: S3 generic/method consistency
Result: WARN
    Invalid MIT-MAGIC-COOKIE-1 key
    See section ‘Generic functions and methods’ in the ‘Writing R
    Extensions’ manual.
Flavor: r-release-osx-x86_64-mavericks

Version: 6.1.0
Check: replacement functions
Result: WARN
    Invalid MIT-MAGIC-COOKIE-1 key
    The argument of a replacement function which corresponds to the right
    hand side must be named ‘value’.
Flavor: r-release-osx-x86_64-mavericks

Version: 6.1.0
Check: foreign function calls
Result: NOTE
    Invalid MIT-MAGIC-COOKIE-1 key
    See chapter ‘System and foreign language interfaces’ in the ‘Writing R
    Extensions’ manual.
Flavor: r-release-osx-x86_64-mavericks

Version: 6.1.0
Check: R code for possible problems
Result: NOTE
    Invalid MIT-MAGIC-COOKIE-1 key
Flavor: r-release-osx-x86_64-mavericks

Version: 6.1.0
Check: for missing documentation entries
Result: WARN
    Invalid MIT-MAGIC-COOKIE-1 key
    All user-level objects in a package should have documentation entries.
    See chapter ‘Writing R documentation files’ in the ‘Writing R
    Extensions’ manual.
Flavor: r-release-osx-x86_64-mavericks

Version: 6.1.0
Check: for code/documentation mismatches
Result: WARN
    Invalid MIT-MAGIC-COOKIE-1 key
    Invalid MIT-MAGIC-COOKIE-1 key
    Invalid MIT-MAGIC-COOKIE-1 key
Flavor: r-release-osx-x86_64-mavericks

Version: 6.1.0
Check: Rd \usage sections
Result: NOTE
    Invalid MIT-MAGIC-COOKIE-1 key
    The \usage entries for S3 methods should use the \method markup and not
    their full name.
    See chapter ‘Writing R documentation files’ in the ‘Writing R
    Extensions’ manual.
Flavor: r-release-osx-x86_64-mavericks