CRAN Package Check Results for Package likeLTD

Last updated on 2016-08-30 17:47:48.

Flavor Version Tinstall Tcheck Ttotal Status Flags
r-devel-linux-x86_64-debian-clang 6.1.0 6.83 52.59 59.42 OK
r-devel-linux-x86_64-debian-gcc 6.1.0 6.68 54.39 61.07 OK
r-devel-linux-x86_64-fedora-clang 6.1.0 107.81 OK
r-devel-linux-x86_64-fedora-gcc 6.1.0 97.33 OK
r-devel-osx-x86_64-clang 6.1.0 82.21 OK
r-devel-windows-ix86+x86_64 6.1.0 37.00 144.00 181.00 OK
r-patched-linux-x86_64 6.1.0 6.32 52.76 59.07 OK
r-patched-solaris-sparc 6.1.0 634.30 OK
r-patched-solaris-x86 6.1.0 142.40 OK
r-release-linux-x86_64 6.1.0 6.05 53.07 59.12 OK
r-release-osx-x86_64-mavericks 6.1.0 WARN
r-release-windows-ix86+x86_64 6.1.0 23.00 107.00 130.00 OK
r-oldrel-windows-ix86+x86_64 6.1.0 37.00 144.00 181.00 OK

Check Details

Version: 6.1.0
Check: dependencies in R code
Result: NOTE
    Invalid MIT-MAGIC-COOKIE-1 key
Flavor: r-release-osx-x86_64-mavericks

Version: 6.1.0
Check: S3 generic/method consistency
Result: WARN
    Invalid MIT-MAGIC-COOKIE-1 key
    See section ‘Generic functions and methods’ in the ‘Writing R
    Extensions’ manual.
Flavor: r-release-osx-x86_64-mavericks

Version: 6.1.0
Check: replacement functions
Result: WARN
    Invalid MIT-MAGIC-COOKIE-1 key
    The argument of a replacement function which corresponds to the right
    hand side must be named ‘value’.
Flavor: r-release-osx-x86_64-mavericks

Version: 6.1.0
Check: foreign function calls
Result: NOTE
    Invalid MIT-MAGIC-COOKIE-1 key
    See chapter ‘System and foreign language interfaces’ in the ‘Writing R
    Extensions’ manual.
Flavor: r-release-osx-x86_64-mavericks

Version: 6.1.0
Check: R code for possible problems
Result: NOTE
    Invalid MIT-MAGIC-COOKIE-1 key
Flavor: r-release-osx-x86_64-mavericks

Version: 6.1.0
Check: for missing documentation entries
Result: WARN
    Invalid MIT-MAGIC-COOKIE-1 key
    All user-level objects in a package should have documentation entries.
    See chapter ‘Writing R documentation files’ in the ‘Writing R
    Extensions’ manual.
Flavor: r-release-osx-x86_64-mavericks

Version: 6.1.0
Check: for code/documentation mismatches
Result: WARN
    Invalid MIT-MAGIC-COOKIE-1 key
    Invalid MIT-MAGIC-COOKIE-1 key
    Invalid MIT-MAGIC-COOKIE-1 key
Flavor: r-release-osx-x86_64-mavericks

Version: 6.1.0
Check: Rd \usage sections
Result: NOTE
    Invalid MIT-MAGIC-COOKIE-1 key
    The \usage entries for S3 methods should use the \method markup and not
    their full name.
    See chapter ‘Writing R documentation files’ in the ‘Writing R
    Extensions’ manual.
Flavor: r-release-osx-x86_64-mavericks