CRAN Package Check Results for Package likeLTD

Last updated on 2017-10-17 14:46:37.

Flavor Version Tinstall Tcheck Ttotal Status Flags
r-devel-linux-x86_64-debian-clang 6.2.1 8.00 57.69 65.69 OK
r-devel-linux-x86_64-debian-gcc 6.2.1 8.78 57.94 66.71 OK
r-devel-linux-x86_64-fedora-clang 6.2.1 119.90 OK
r-devel-linux-x86_64-fedora-gcc 6.2.1 112.11 OK
r-devel-windows-ix86+x86_64 6.2.1 21.00 100.00 121.00 OK
r-patched-linux-x86_64 6.2.1 7.09 54.17 61.25 OK
r-patched-solaris-x86 6.2.1 144.70 OK
r-release-linux-x86_64 6.2.1 6.93 55.33 62.27 OK
r-release-windows-ix86+x86_64 6.2.1 33.00 125.00 158.00 OK
r-release-osx-x86_64 6.2.1 NOTE
r-oldrel-windows-ix86+x86_64 6.2.1 36.00 159.00 195.00 OK
r-oldrel-osx-x86_64 6.2.1 OK

Check Details

Version: 6.2.1
Check: re-building of vignette outputs
Result: NOTE
    Error in re-building vignettes:
     ...
    Loading required package: parallel
    
    DEoptim package
    Differential Evolution algorithm in R
    Authors: D. Ardia, K. Mullen, B. Peterson and J. Ulrich
    
    Loading required package: ggplot2
    Loading required package: gtools
    Loading required package: rtf
    Error in texi2dvi(file = file, pdf = TRUE, clean = clean, quiet = quiet, :
     Running 'texi2dvi' on 'usage.tex' failed.
    LaTeX errors:
    ! LaTeX Error: File `fullpage.sty' not found.
    
    Type X to quit or <RETURN> to proceed,
    or enter new name. (Default extension: sty)
    
    ! Emergency stop.
    <read *>
    
    l.5 ^^M
    
    ! ==> Fatal error occurred, no output PDF file produced!
    Calls: buildVignettes -> texi2pdf -> texi2dvi
    Execution halted
Flavor: r-release-osx-x86_64