CRAN Package Check Results for Package likeLTD

Last updated on 2017-12-17 23:53:10 CET.

Flavor Version Tinstall Tcheck Ttotal Status Flags
r-devel-linux-x86_64-debian-clang 6.2.1 10.18 76.30 86.48 OK
r-devel-linux-x86_64-debian-gcc OK
r-devel-linux-x86_64-fedora-clang 6.2.1 117.10 OK
r-devel-linux-x86_64-fedora-gcc 6.2.1 108.90 OK
r-devel-windows-ix86+x86_64 6.2.1 23.00 95.00 118.00 OK
r-patched-linux-x86_64 6.2.1 9.51 88.87 98.38 OK
r-patched-solaris-x86 6.2.1 140.10 OK
r-release-linux-x86_64 6.2.1 9.07 84.86 93.93 OK
r-release-windows-ix86+x86_64 6.2.1 22.00 96.00 118.00 OK
r-release-osx-x86_64 6.2.1 NOTE
r-oldrel-windows-ix86+x86_64 6.2.1 35.00 123.00 158.00 OK
r-oldrel-osx-x86_64 6.2.1 OK

Check Details

Version: 6.2.1
Check: re-building of vignette outputs
Result: NOTE
    Error in re-building vignettes:
     ...
    Loading required package: parallel
    
    DEoptim package
    Differential Evolution algorithm in R
    Authors: D. Ardia, K. Mullen, B. Peterson and J. Ulrich
    
    Loading required package: ggplot2
    Loading required package: gtools
    Loading required package: rtf
    Error in texi2dvi(file = file, pdf = TRUE, clean = clean, quiet = quiet, :
     Running 'texi2dvi' on 'usage.tex' failed.
    LaTeX errors:
    ! LaTeX Error: File `fullpage.sty' not found.
    
    Type X to quit or <RETURN> to proceed,
    or enter new name. (Default extension: sty)
    
    ! Emergency stop.
    <read *>
    
    l.5 ^^M
    
    ! ==> Fatal error occurred, no output PDF file produced!
    Calls: buildVignettes -> texi2pdf -> texi2dvi
    Execution halted
Flavor: r-release-osx-x86_64