CRAN Package Check Results for Package likeLTD

Last updated on 2017-08-20 05:47:10.

Flavor Version Tinstall Tcheck Ttotal Status Flags
r-devel-linux-x86_64-debian-clang 6.2.1 7.67 57.91 65.57 OK
r-devel-linux-x86_64-debian-gcc 6.2.1 6.94 57.17 64.11 OK
r-devel-linux-x86_64-fedora-clang 6.2.1 119.09 OK
r-devel-linux-x86_64-fedora-gcc 6.2.1 108.18 OK
r-devel-windows-ix86+x86_64 6.2.1 21.00 90.00 111.00 OK
r-patched-linux-x86_64 6.2.1 6.99 56.76 63.75 OK
r-patched-solaris-x86 6.2.1 141.50 OK
r-release-linux-x86_64 6.2.1 6.57 57.84 64.41 OK
r-release-windows-ix86+x86_64 6.2.1 37.00 119.00 156.00 OK
r-release-osx-x86_64 6.2.1 NOTE
r-oldrel-windows-ix86+x86_64 6.2.1 24.00 125.00 149.00 OK
r-oldrel-osx-x86_64 6.2.1 OK

Check Details

Version: 6.2.1
Check: re-building of vignette outputs
Result: NOTE
    Error in re-building vignettes:
     ...
    Loading required package: parallel
    
    DEoptim package
    Differential Evolution algorithm in R
    Authors: D. Ardia, K. Mullen, B. Peterson and J. Ulrich
    
    Loading required package: ggplot2
    Loading required package: gtools
    Loading required package: rtf
    Error in texi2dvi(file = file, pdf = TRUE, clean = clean, quiet = quiet, :
     Running 'texi2dvi' on 'usage.tex' failed.
    LaTeX errors:
    ! LaTeX Error: File `fullpage.sty' not found.
    
    Type X to quit or <RETURN> to proceed,
    or enter new name. (Default extension: sty)
    
    ! Emergency stop.
    <read *>
    
    l.5 ^^M
    
    ! ==> Fatal error occurred, no output PDF file produced!
    Calls: buildVignettes -> texi2pdf -> texi2dvi
    Execution halted
Flavor: r-release-osx-x86_64