CRAN Package Check Results for Package likeLTD

Last updated on 2015-03-01 03:48:38.

Flavor Version Tinstall Tcheck Ttotal Status Flags
r-devel-linux-x86_64-debian-clang 5.4.0 2.25 58.83 61.08 NOTE
r-devel-linux-x86_64-debian-gcc 5.4.0 2.26 57.52 59.78 NOTE
r-devel-linux-x86_64-fedora-clang 5.4.0 119.43 NOTE
r-devel-linux-x86_64-fedora-gcc 5.4.0 170.17 NOTE
r-devel-osx-x86_64-clang 5.4.0 107.77 NOTE
r-devel-windows-ix86+x86_64 5.4.0 18.00 116.00 134.00 NOTE
r-patched-linux-x86_64 5.4.0 3.28 71.95 75.23 NOTE
r-patched-solaris-sparc 5.4.0 983.00 NOTE
r-patched-solaris-x86 5.4.0 271.40 NOTE
r-release-linux-ix86 5.4.0 3.75 678.54 682.28 NOTE
r-release-linux-x86_64 5.4.0 3.35 69.80 73.15 NOTE
r-release-osx-x86_64-mavericks 5.4.0 NOTE
r-release-osx-x86_64-snowleopard 5.4.0 OK
r-release-windows-ix86+x86_64 5.4.0 16.00 140.00 156.00 NOTE
r-oldrel-windows-ix86+x86_64 5.4.0 15.00 146.00 161.00 OK

Check Details

Version: 5.4.0
Check: DESCRIPTION meta-information
Result: NOTE
    Malformed Title field: should not end in a period.
Flavors: r-devel-linux-x86_64-debian-clang, r-devel-linux-x86_64-debian-gcc, r-devel-linux-x86_64-fedora-clang, r-devel-linux-x86_64-fedora-gcc, r-devel-osx-x86_64-clang, r-devel-windows-ix86+x86_64

Version: 5.4.0
Check: R code for possible problems
Result: NOTE
    plotLikelihood.2d: no visible global function definition for ‘aes’
    plotLikelihood.2d: no visible global function definition for ‘xlab’
    plotLikelihood.2d: no visible global function definition for ‘ylab’
    plotLikelihood.2d: no visible global function definition for
     ‘geom_tile’
    plotLikelihood.2d: no visible global function definition for ‘labs’
    plotLikelihood.2d: no visible binding for global variable
     ‘stat_contour’
    unattributable.plot.maker: no visible global function definition for
     ‘aes’
    unattributable.plot.maker: no visible global function definition for
     ‘geom_bar’
    unattributable.plot.maker: no visible global function definition for
     ‘scale_fill_grey’
Flavors: r-devel-linux-x86_64-debian-clang, r-devel-linux-x86_64-debian-gcc, r-devel-linux-x86_64-fedora-clang, r-devel-linux-x86_64-fedora-gcc, r-devel-osx-x86_64-clang, r-devel-windows-ix86+x86_64, r-patched-linux-x86_64, r-patched-solaris-sparc, r-patched-solaris-x86, r-release-linux-ix86, r-release-linux-x86_64, r-release-osx-x86_64-mavericks, r-release-windows-ix86+x86_64