CRAN Package Check Results for Package likeLTD

Last updated on 2015-05-29 19:47:31.

Flavor Version Tinstall Tcheck Ttotal Status Flags
r-devel-linux-x86_64-debian-clang 5.5.0 2.33 59.04 61.37 OK
r-devel-linux-x86_64-debian-gcc 5.5.0 2.68 59.90 62.58 OK
r-devel-linux-x86_64-fedora-clang 5.5.0 121.99 OK
r-devel-linux-x86_64-fedora-gcc 5.5.0 184.68 OK
r-devel-osx-x86_64-clang 5.5.0 104.15 OK
r-devel-windows-ix86+x86_64 5.5.0 13.00 122.00 135.00 OK
r-patched-linux-x86_64 5.5.0 2.40 59.45 61.85 OK
r-patched-solaris-sparc 5.5.0 873.50 OK
r-patched-solaris-x86 5.5.0 239.70 OK
r-release-linux-x86_64 5.5.0 2.37 58.61 60.98 OK
r-release-osx-x86_64-mavericks 5.5.0 OK
r-release-osx-x86_64-snowleopard 5.5.0 ERROR
r-release-windows-ix86+x86_64 5.5.0 13.00 128.00 141.00 OK
r-oldrel-windows-ix86+x86_64 5.5.0 18.00 164.00 182.00 OK

Check Details

Version: 5.5.0
Check: package dependencies
Result: ERROR
    Package required but not available: ‘ggplot2’
    
    Package suggested but not available for checking: ‘scales’
    
    See section ‘The DESCRIPTION file’ in the ‘Writing R Extensions’
    manual.
Flavor: r-release-osx-x86_64-snowleopard