CRAN Package Check Results for Package likeLTD

Last updated on 2017-04-30 23:51:36.

Flavor Version Tinstall Tcheck Ttotal Status Flags
r-devel-linux-x86_64-debian-clang 6.2.0 7.58 56.12 63.70 OK
r-devel-linux-x86_64-debian-gcc 6.2.0 6.72 56.49 63.22 OK
r-devel-linux-x86_64-fedora-clang 6.2.0 119.29 OK --no-stop-on-test-error
r-devel-linux-x86_64-fedora-gcc 6.2.0 108.79 OK --no-stop-on-test-error
r-devel-windows-ix86+x86_64 6.2.0 25.00 133.00 158.00 OK
r-patched-linux-x86_64 6.2.0 6.52 53.60 60.11 OK
r-patched-solaris-sparc 6.2.0 594.90 OK
r-patched-solaris-x86 6.2.0 136.40 OK
r-release-linux-x86_64 6.2.0 6.25 54.13 60.38 OK
r-release-windows-ix86+x86_64 6.2.0 35.00 132.00 167.00 OK
r-release-osx-x86_64 6.2.0 NOTE
r-oldrel-windows-ix86+x86_64 6.2.0 37.00 120.00 157.00 OK
r-oldrel-osx-x86_64 6.2.0 OK

Check Details

Version: 6.2.0
Check: re-building of vignette outputs
Result: NOTE
    Error in re-building vignettes:
     ...
    Loading required package: parallel
    
    DEoptim package
    Differential Evolution algorithm in R
    Authors: D. Ardia, K. Mullen, B. Peterson and J. Ulrich
    
    Loading required package: ggplot2
    Loading required package: gtools
    Loading required package: rtf
    Error in texi2dvi(file = file, pdf = TRUE, clean = clean, quiet = quiet, :
     Running 'texi2dvi' on 'usage.tex' failed.
    LaTeX errors:
    ! LaTeX Error: File `fullpage.sty' not found.
    
    Type X to quit or <RETURN> to proceed,
    or enter new name. (Default extension: sty)
    
    ! Emergency stop.
    <read *>
    
    l.5 ^^M
    
    ! ==> Fatal error occurred, no output PDF file produced!
    Calls: buildVignettes -> texi2pdf -> texi2dvi
    Execution halted
Flavor: r-release-osx-x86_64