CRAN Package Check Results for Package likeLTD

Last updated on 2014-11-24 03:49:09.

Flavor Version Tinstall Tcheck Ttotal Status Flags
r-devel-linux-x86_64-debian-clang 5.4.0 2.72 65.61 68.34 NOTE
r-devel-linux-x86_64-debian-gcc 5.4.0 2.82 67.78 70.60 NOTE
r-devel-linux-x86_64-fedora-clang 5.4.0 138.86 NOTE
r-devel-linux-x86_64-fedora-gcc 5.4.0 206.08 NOTE
r-devel-osx-x86_64-clang 5.4.0 128.38 NOTE
r-devel-windows-ix86+x86_64 5.4.0 15.00 136.00 151.00 NOTE
r-patched-linux-x86_64 5.4.0 2.83 67.47 70.30 NOTE
r-patched-solaris-sparc 5.4.0 974.20 NOTE
r-patched-solaris-x86 5.4.0 265.90 NOTE
r-release-linux-ix86 5.4.0 3.85 745.67 749.52 NOTE
r-release-linux-x86_64 5.4.0 2.82 66.92 69.73 NOTE
r-release-osx-x86_64-mavericks 5.4.0 OK
r-release-osx-x86_64-snowleopard 5.4.0 OK
r-release-windows-ix86+x86_64 5.4.0 16.00 136.00 152.00 NOTE
r-oldrel-windows-ix86+x86_64 5.4.0 16.00 145.00 161.00 OK

Check Details

Version: 5.4.0
Check: R code for possible problems
Result: NOTE
    plotLikelihood.2d: no visible global function definition for ‘aes’
    plotLikelihood.2d: no visible global function definition for ‘xlab’
    plotLikelihood.2d: no visible global function definition for ‘ylab’
    plotLikelihood.2d: no visible global function definition for
     ‘geom_tile’
    plotLikelihood.2d: no visible global function definition for ‘labs’
    plotLikelihood.2d: no visible binding for global variable
     ‘stat_contour’
    unattributable.plot.maker: no visible global function definition for
     ‘aes’
    unattributable.plot.maker: no visible global function definition for
     ‘geom_bar’
    unattributable.plot.maker: no visible global function definition for
     ‘scale_fill_grey’
Flavors: r-devel-linux-x86_64-debian-clang, r-devel-linux-x86_64-debian-gcc, r-devel-linux-x86_64-fedora-clang, r-devel-linux-x86_64-fedora-gcc, r-devel-osx-x86_64-clang, r-devel-windows-ix86+x86_64, r-patched-linux-x86_64, r-patched-solaris-sparc, r-patched-solaris-x86, r-release-linux-ix86, r-release-linux-x86_64, r-release-windows-ix86+x86_64