CRAN Package Check Results for Package likeLTD

Last updated on 2014-04-23 12:48:21.

Flavor Version Tinstall Tcheck Ttotal Status Flags
r-devel-linux-x86_64-debian-clang 5.3.2 2.88 63.16 66.03 OK
r-devel-linux-x86_64-debian-gcc 5.3.2 2.83 61.38 64.21 OK
r-devel-linux-x86_64-fedora-clang 5.3.2 134.95 OK
r-devel-linux-x86_64-fedora-gcc 5.3.2 203.24 OK
r-devel-osx-x86_64-clang 5.3.2 113.83 OK
r-devel-osx-x86_64-gcc 5.3.2 ERROR
r-devel-windows-ix86+x86_64 5.3.2 13.00 156.00 169.00 OK
r-patched-linux-x86_64 5.3.2 2.84 62.16 65.00 OK
r-patched-solaris-sparc 5.3.2 707.10 OK
r-patched-solaris-x86 5.3.2 190.20 OK
r-release-linux-ix86 5.3.2 6.00 955.00 961.00 OK
r-release-linux-x86_64 5.3.2 3.01 61.68 64.69 OK
r-release-osx-x86_64-mavericks 5.3.2 WARN
r-release-osx-x86_64-snowleopard 5.3.2 OK
r-release-windows-ix86+x86_64 5.3.2 12.00 136.00 148.00 OK
r-oldrel-windows-ix86+x86_64 5.3.2 17.00 153.00 170.00 OK

Check Details

Version: 5.3.2
Check: package dependencies
Result: ERROR
    Package required but not available: ‘ggplot2’
    
    Package suggested but not available for checking: ‘scales’
    
    See the information on DESCRIPTION files in the chapter ‘Creating R
    packages’ of the ‘Writing R Extensions’ manual.
Flavor: r-devel-osx-x86_64-gcc

Version: 5.3.2
Check: PDF version of manual
Result: WARNING
    LaTeX errors when creating PDF version.
    This typically indicates Rd problems.
    LaTeX errors found:
    ! LaTeX Error: File `upquote.sty' not found.
    
    Type X to quit or <RETURN> to proceed,
    or enter new name. (Default extension: sty)
    
    badef0/Rd2.tex:8: ==> Fatal error occurred, no output PDF file produced!
Flavor: r-release-osx-x86_64-mavericks