CRAN Package Check Results for Package likelihood

Last updated on 2015-07-01 16:47:27.

Flavor Version Tinstall Tcheck Ttotal Status Flags
r-devel-linux-x86_64-debian-clang 1.7 0.79 19.40 20.19 NOTE
r-devel-linux-x86_64-debian-gcc 1.7 0.74 18.54 19.28 NOTE
r-devel-linux-x86_64-fedora-clang 1.7 37.45 NOTE
r-devel-linux-x86_64-fedora-gcc 1.7 35.32 NOTE
r-devel-osx-x86_64-clang 1.7 35.92 OK
r-devel-windows-ix86+x86_64 1.7 6.00 33.00 39.00 NOTE
r-patched-linux-x86_64 1.7 0.82 19.14 19.95 OK
r-patched-solaris-sparc 1.7 249.50 OK
r-patched-solaris-x86 1.7 49.10 OK
r-release-linux-x86_64 1.7 0.77 19.55 20.32 OK
r-release-osx-x86_64-mavericks 1.7 OK
r-release-windows-ix86+x86_64 1.7 4.00 31.00 35.00 OK
r-oldrel-windows-ix86+x86_64 1.7 6.00 44.00 50.00 OK

Check Details

Version: 1.7
Check: R code for possible problems
Result: NOTE
    anneal: no visible global function definition for ‘plot’
    anneal: no visible global function definition for ‘layout’
    anneal: no visible global function definition for ‘runif’
    anneal: no visible binding for global variable ‘dbeta’
    anneal: no visible binding for global variable ‘dbinom’
    anneal: no visible binding for global variable ‘dcauchy’
    anneal: no visible binding for global variable ‘dchisq’
    anneal: no visible binding for global variable ‘dnorm’
    anneal: no visible binding for global variable ‘dexp’
    anneal: no visible binding for global variable ‘df’
    anneal: no visible binding for global variable ‘dgamma’
    anneal: no visible binding for global variable ‘dgeom’
    anneal: no visible binding for global variable ‘dhyper’
    anneal: no visible binding for global variable ‘dlnorm’
    anneal: no visible binding for global variable ‘dlogis’
    anneal: no visible binding for global variable ‘dnbinom’
    anneal: no visible binding for global variable ‘dpois’
    anneal: no visible binding for global variable ‘dt’
    anneal: no visible binding for global variable ‘dunif’
    anneal: no visible binding for global variable ‘dweibull’
    anneal: no visible binding for global variable ‘dwilcox’
    likdisplay: no visible global function definition for ‘dev.cur’
    likdisplay: no visible global function definition for ‘plot’
    likdisplay: no visible global function definition for ‘par’
    likdisplay: no visible global function definition for ‘text’
    predicted_results: no visible binding for global variable ‘pdf’
    write_results: no visible binding for global variable ‘var’
Flavors: r-devel-linux-x86_64-debian-clang, r-devel-linux-x86_64-debian-gcc, r-devel-linux-x86_64-fedora-clang, r-devel-linux-x86_64-fedora-gcc, r-devel-windows-ix86+x86_64