CRAN Package Check Results for Package likelihood

Last updated on 2015-09-02 00:47:43.

Flavor Version Tinstall Tcheck Ttotal Status Flags
r-devel-linux-x86_64-debian-clang 1.7 0.71 18.74 19.44 NOTE
r-devel-linux-x86_64-debian-gcc 1.7 0.76 19.96 20.73 NOTE
r-devel-linux-x86_64-fedora-clang 1.7 38.03 NOTE
r-devel-linux-x86_64-fedora-gcc 1.7 34.97 NOTE
r-devel-osx-x86_64-clang 1.7 33.60 OK
r-devel-windows-ix86+x86_64 1.7 4.00 43.00 47.00 NOTE
r-patched-linux-x86_64 1.7 0.78 19.70 20.48 OK
r-patched-solaris-sparc 1.7 243.10 OK
r-patched-solaris-x86 1.7 50.50 OK
r-release-linux-x86_64 1.7 0.80 19.76 20.56 OK
r-release-osx-x86_64-mavericks 1.7 OK
r-release-windows-ix86+x86_64 1.7 5.00 36.00 41.00 OK
r-oldrel-windows-ix86+x86_64 1.7 5.00 46.00 51.00 OK

Check Details

Version: 1.7
Check: R code for possible problems
Result: NOTE
    anneal: no visible global function definition for ‘plot’
    anneal: no visible global function definition for ‘layout’
    anneal: no visible global function definition for ‘runif’
    anneal: no visible binding for global variable ‘dbeta’
    anneal: no visible binding for global variable ‘dbinom’
    anneal: no visible binding for global variable ‘dcauchy’
    anneal: no visible binding for global variable ‘dchisq’
    anneal: no visible binding for global variable ‘dnorm’
    anneal: no visible binding for global variable ‘dexp’
    anneal: no visible binding for global variable ‘df’
    anneal: no visible binding for global variable ‘dgamma’
    anneal: no visible binding for global variable ‘dgeom’
    anneal: no visible binding for global variable ‘dhyper’
    anneal: no visible binding for global variable ‘dlnorm’
    anneal: no visible binding for global variable ‘dlogis’
    anneal: no visible binding for global variable ‘dnbinom’
    anneal: no visible binding for global variable ‘dpois’
    anneal: no visible binding for global variable ‘dt’
    anneal: no visible binding for global variable ‘dunif’
    anneal: no visible binding for global variable ‘dweibull’
    anneal: no visible binding for global variable ‘dwilcox’
    likdisplay: no visible global function definition for ‘dev.cur’
    likdisplay: no visible global function definition for ‘plot’
    likdisplay: no visible global function definition for ‘par’
    likdisplay: no visible global function definition for ‘text’
    predicted_results: no visible binding for global variable ‘pdf’
    write_results: no visible binding for global variable ‘var’
    Undefined global functions or variables:
     dbeta dbinom dcauchy dchisq dev.cur dexp df dgamma dgeom dhyper
     dlnorm dlogis dnbinom dnorm dpois dt dunif dweibull dwilcox layout
     par pdf plot runif text var
    Consider adding
     importFrom("grDevices", "dev.cur", "pdf")
     importFrom("graphics", "layout", "par", "plot", "text")
     importFrom("stats", "dbeta", "dbinom", "dcauchy", "dchisq", "dexp",
     "df", "dgamma", "dgeom", "dhyper", "dlnorm", "dlogis",
     "dnbinom", "dnorm", "dpois", "dt", "dunif", "dweibull",
     "dwilcox", "runif", "var")
    to your NAMESPACE.
Flavors: r-devel-linux-x86_64-debian-clang, r-devel-linux-x86_64-debian-gcc, r-devel-linux-x86_64-fedora-clang, r-devel-linux-x86_64-fedora-gcc, r-devel-windows-ix86+x86_64