CRAN Package Check Results for Package likelihood

Last updated on 2014-04-19 09:52:22.

Flavor Version Tinstall Tcheck Ttotal Status Flags
r-devel-linux-x86_64-debian-clang 1.5 0.95 31.33 32.28 NOTE
r-devel-linux-x86_64-debian-gcc 1.5 0.93 32.37 33.30 NOTE
r-devel-linux-x86_64-fedora-clang 1.5 63.96 NOTE
r-devel-linux-x86_64-fedora-gcc 1.5 60.43 NOTE
r-devel-macosx-x86_64-clang 1.5 52.66 NOTE
r-devel-macosx-x86_64-gcc 1.5 NOTE
r-devel-windows-ix86+x86_64 1.5 3.00 68.00 71.00 NOTE
r-patched-linux-x86_64 1.5 0.92 31.83 32.76 NOTE
r-patched-solaris-sparc 1.5 350.30 NOTE
r-patched-solaris-x86 1.5 71.90 NOTE
r-release-linux-ix86 1.5 3.00 48.00 51.00 NOTE
r-release-linux-x86_64 1.5 0.90 30.98 31.88 NOTE
r-release-macosx-x86_64 1.5 OK
r-release-windows-ix86+x86_64 1.5 5.00 46.00 51.00 NOTE
r-oldrel-windows-ix86+x86_64 1.5 3.00 48.00 51.00 NOTE

Check Details

Version: 1.5
Check: dependencies in R code
Result: NOTE
    Package in Depends field not imported from: ‘nlme’
     These packages need to be imported from (in the NAMESPACE file)
     for when this namespace is loaded but not attached.
    See the information on DESCRIPTION files in the chapter ‘Creating R
    packages’ of the ‘Writing R Extensions’ manual.
Flavors: r-devel-linux-x86_64-debian-clang, r-devel-linux-x86_64-debian-gcc, r-devel-linux-x86_64-fedora-clang, r-devel-linux-x86_64-fedora-gcc, r-devel-macosx-x86_64-clang, r-devel-macosx-x86_64-gcc, r-devel-windows-ix86+x86_64, r-patched-linux-x86_64, r-patched-solaris-sparc, r-patched-solaris-x86, r-release-linux-ix86, r-release-linux-x86_64, r-release-windows-ix86+x86_64, r-oldrel-windows-ix86+x86_64

Version: 1.5
Check: top-level files
Result: NOTE
    Non-standard file/directory found at top level:
     ‘COPYRIGHT’
    Copyright information should be in file inst/COPYRIGHTS
Flavors: r-devel-linux-x86_64-fedora-clang, r-devel-linux-x86_64-fedora-gcc