CRAN Package Check Results for Package likert

Last updated on 2016-05-29 03:48:23.

Flavor Version Tinstall Tcheck Ttotal Status Flags
r-devel-linux-x86_64-debian-gcc 1.3.3 1.55 23.75 25.30 OK
r-devel-linux-x86_64-fedora-clang 1.3.3 47.95 NOTE
r-devel-linux-x86_64-fedora-gcc 1.3.3 42.87 NOTE
r-devel-osx-x86_64-clang 1.3.3 53.10 NOTE
r-devel-windows-ix86+x86_64 1.3.3 4.00 49.00 53.00 OK
r-patched-linux-x86_64 1.3.3 1.42 23.33 24.75 OK
r-patched-solaris-sparc 1.3.3 278.30 NOTE
r-patched-solaris-x86 1.3.3 63.50 NOTE
r-release-linux-x86_64 1.3.3 1.32 23.17 24.49 OK
r-release-osx-x86_64-mavericks 1.3.3 NOTE
r-release-windows-ix86+x86_64 1.3.3 9.00 50.00 59.00 OK
r-oldrel-windows-ix86+x86_64 1.3.3 6.00 52.00 58.00 NOTE

Check Details

Version: 1.3.3
Check: data for non-ASCII characters
Result: NOTE
     Note: found 7 marked UTF-8 strings
Flavors: r-devel-linux-x86_64-fedora-clang, r-devel-linux-x86_64-fedora-gcc, r-devel-osx-x86_64-clang, r-patched-solaris-sparc, r-patched-solaris-x86, r-release-osx-x86_64-mavericks, r-oldrel-windows-ix86+x86_64