CRAN Package Check Results for Package likert

Last updated on 2017-02-27 23:48:11.

Flavor Version Tinstall Tcheck Ttotal Status Flags
r-devel-linux-x86_64-debian-clang 1.3.5 1.51 27.41 28.92 OK
r-devel-linux-x86_64-debian-gcc 1.3.5 1.46 27.60 29.07 OK
r-devel-linux-x86_64-fedora-clang 1.3.5 53.63 NOTE --no-stop-on-test-error
r-devel-linux-x86_64-fedora-gcc 1.3.5 52.35 NOTE --no-stop-on-test-error
r-devel-macos-x86_64-clang 1.3.5 46.24 NOTE --no-stop-on-test-error
r-devel-windows-ix86+x86_64 1.3.5 13.00 136.00 149.00 OK
r-patched-linux-x86_64 1.3.5 1.44 24.12 25.56 OK
r-patched-solaris-sparc 1.3.5 282.20 NOTE
r-patched-solaris-x86 1.3.5 69.80 NOTE
r-release-linux-x86_64 1.3.5 1.44 24.56 26.00 OK
r-release-osx-x86_64-mavericks 1.3.5 NOTE
r-release-windows-ix86+x86_64 1.3.5 8.00 71.00 79.00 OK
r-oldrel-windows-ix86+x86_64 1.3.5 5.00 80.00 85.00 NOTE

Check Details

Version: 1.3.5
Flags: --no-stop-on-test-error
Check: data for non-ASCII characters
Result: NOTE
     Note: found 7 marked UTF-8 strings
Flavors: r-devel-linux-x86_64-fedora-clang, r-devel-linux-x86_64-fedora-gcc, r-devel-macos-x86_64-clang

Version: 1.3.5
Check: data for non-ASCII characters
Result: NOTE
     Note: found 7 marked UTF-8 strings
Flavors: r-patched-solaris-sparc, r-patched-solaris-x86, r-release-osx-x86_64-mavericks, r-oldrel-windows-ix86+x86_64