CRAN Package Check Results for Package likert

Last updated on 2017-04-26 21:47:20.

Flavor Version Tinstall Tcheck Ttotal Status Flags
r-devel-linux-x86_64-debian-clang 1.3.5 1.82 29.23 31.05 OK
r-devel-linux-x86_64-debian-gcc 1.3.5 1.66 29.04 30.71 OK
r-devel-linux-x86_64-fedora-clang 1.3.5 56.79 NOTE --no-stop-on-test-error
r-devel-linux-x86_64-fedora-gcc 1.3.5 54.42 NOTE --no-stop-on-test-error
r-devel-windows-ix86+x86_64 1.3.5 8.00 63.00 71.00 OK
r-patched-linux-x86_64 1.3.5 1.84 29.98 31.82 OK
r-patched-solaris-sparc 1.3.5 317.90 NOTE
r-patched-solaris-x86 1.3.5 76.90 NOTE
r-release-linux-x86_64 1.3.5 1.80 29.91 31.71 OK
r-release-windows-ix86+x86_64 1.3.5 7.00 60.00 67.00 OK
r-release-osx-x86_64 1.3.5 NOTE
r-oldrel-windows-ix86+x86_64 1.3.5 5.00 76.00 81.00 OK
r-oldrel-osx-x86_64 1.3.5 NOTE

Check Details

Version: 1.3.5
Flags: --no-stop-on-test-error
Check: data for non-ASCII characters
Result: NOTE
     Note: found 7 marked UTF-8 strings
Flavors: r-devel-linux-x86_64-fedora-clang, r-devel-linux-x86_64-fedora-gcc

Version: 1.3.5
Check: data for non-ASCII characters
Result: NOTE
     Note: found 7 marked UTF-8 strings
Flavors: r-patched-solaris-sparc, r-patched-solaris-x86, r-release-osx-x86_64, r-oldrel-osx-x86_64

Version: 1.3.5
Check: package dependencies
Result: NOTE
    Package suggested but not available for checking: ‘devtools’
Flavor: r-release-osx-x86_64