CRAN Package Check Results for Package likert

Last updated on 2016-07-30 23:47:33.

Flavor Version Tinstall Tcheck Ttotal Status Flags
r-devel-linux-x86_64-debian-clang 1.3.3 1.48 23.95 25.43 OK
r-devel-linux-x86_64-debian-gcc 1.3.3 1.33 23.71 25.04 OK
r-devel-linux-x86_64-fedora-clang 1.3.3 45.16 NOTE
r-devel-linux-x86_64-fedora-gcc 1.3.3 42.01 NOTE
r-devel-osx-x86_64-clang 1.3.3 38.97 NOTE
r-devel-windows-ix86+x86_64 1.3.3 5.00 49.00 54.00 OK
r-patched-linux-x86_64 1.3.3 1.40 23.28 24.68 OK
r-patched-solaris-sparc 1.3.3 281.50 NOTE
r-patched-solaris-x86 1.3.3 62.00 NOTE
r-release-linux-x86_64 1.3.3 1.96 27.87 29.82 OK
r-release-osx-x86_64-mavericks 1.3.3 NOTE
r-release-windows-ix86+x86_64 1.3.3 7.00 60.00 67.00 OK
r-oldrel-windows-ix86+x86_64 1.3.3 9.00 66.00 75.00 NOTE

Check Details

Version: 1.3.3
Check: data for non-ASCII characters
Result: NOTE
     Note: found 7 marked UTF-8 strings
Flavors: r-devel-linux-x86_64-fedora-clang, r-devel-linux-x86_64-fedora-gcc, r-devel-osx-x86_64-clang, r-patched-solaris-sparc, r-patched-solaris-x86, r-release-osx-x86_64-mavericks, r-oldrel-windows-ix86+x86_64