CRAN Package Check Results for Package likert

Last updated on 2016-04-29 03:53:21.

Flavor Version Tinstall Tcheck Ttotal Status Flags
r-devel-linux-x86_64-debian-gcc 1.3.3 1.54 23.56 25.11 OK
r-devel-linux-x86_64-fedora-clang 1.3.3 44.88 NOTE
r-devel-linux-x86_64-fedora-gcc 1.3.3 42.14 NOTE
r-devel-osx-x86_64-clang 1.3.3 52.68 NOTE
r-devel-windows-ix86+x86_64 1.3.3 5.00 51.00 56.00 OK
r-patched-linux-x86_64 1.3.3 1.49 23.29 24.78 OK
r-patched-solaris-sparc 1.3.3 278.60 NOTE
r-patched-solaris-x86 1.3.3 63.90 NOTE
r-release-linux-x86_64 1.3.3 1.76 27.74 29.51 NOTE
r-release-osx-x86_64-mavericks 1.3.3 NOTE
r-release-windows-ix86+x86_64 1.3.3 5.00 48.00 53.00 NOTE
r-oldrel-windows-ix86+x86_64 1.3.3 14.00 96.00 110.00 NOTE

Check Details

Version: 1.3.3
Check: data for non-ASCII characters
Result: NOTE
     Note: found 7 marked UTF-8 strings
Flavors: r-devel-linux-x86_64-fedora-clang, r-devel-linux-x86_64-fedora-gcc, r-devel-osx-x86_64-clang, r-patched-solaris-sparc, r-patched-solaris-x86, r-release-linux-x86_64, r-release-osx-x86_64-mavericks, r-release-windows-ix86+x86_64, r-oldrel-windows-ix86+x86_64