CRAN Package Check Results for Package likert

Last updated on 2014-10-20 11:48:35.

Flavor Version Tinstall Tcheck Ttotal Status Flags
r-devel-linux-x86_64-debian-clang 1.2 1.82 37.98 39.80 NOTE
r-devel-linux-x86_64-debian-gcc 1.2 1.98 38.48 40.46 NOTE
r-devel-linux-x86_64-fedora-clang 1.2 46.07 NOTE
r-devel-linux-x86_64-fedora-gcc 1.2 43.80 NOTE
r-devel-osx-x86_64-clang 1.2 156.32 NOTE
r-devel-windows-ix86+x86_64 1.2 9.00 65.00 74.00 NOTE
r-patched-linux-x86_64 1.2 1.94 38.29 40.23 NOTE
r-patched-solaris-sparc 1.2 414.10 NOTE
r-patched-solaris-x86 1.2 101.70 NOTE
r-release-osx-x86_64-mavericks 1.2 NOTE
r-release-osx-x86_64-snowleopard 1.2 NOTE
r-release-windows-ix86+x86_64 1.2 8.00 62.00 70.00 NOTE
r-oldrel-windows-ix86+x86_64 1.2 8.00 69.00 77.00 NOTE

Check Details

Version: 1.2
Check: data for non-ASCII characters
Result: NOTE
     Note: found 7 marked UTF-8 strings
Flavors: r-devel-linux-x86_64-debian-clang, r-devel-linux-x86_64-debian-gcc, r-devel-linux-x86_64-fedora-clang, r-devel-linux-x86_64-fedora-gcc, r-devel-osx-x86_64-clang, r-devel-windows-ix86+x86_64, r-patched-linux-x86_64, r-patched-solaris-sparc, r-patched-solaris-x86, r-release-osx-x86_64-mavericks, r-release-osx-x86_64-snowleopard, r-release-windows-ix86+x86_64, r-oldrel-windows-ix86+x86_64