CRAN Package Check Results for Package likert

Last updated on 2017-08-18 02:49:05.

Flavor Version Tinstall Tcheck Ttotal Status Flags
r-devel-linux-x86_64-debian-clang 1.3.5 1.63 31.60 33.23 OK
r-devel-linux-x86_64-debian-gcc 1.3.5 1.77 29.00 30.76 OK
r-devel-linux-x86_64-fedora-clang 1.3.5 58.78 NOTE
r-devel-linux-x86_64-fedora-gcc 1.3.5 55.37 NOTE
r-devel-windows-ix86+x86_64 1.3.5 5.00 59.00 64.00 OK
r-patched-linux-x86_64 1.3.5 1.73 29.98 31.70 OK
r-patched-solaris-x86 1.3.5 77.90 NOTE
r-release-linux-x86_64 1.3.5 1.70 30.19 31.89 OK
r-release-windows-ix86+x86_64 1.3.5 6.00 56.00 62.00 OK
r-release-osx-x86_64 1.3.5 NOTE
r-oldrel-windows-ix86+x86_64 1.3.5 5.00 50.00 55.00 OK
r-oldrel-osx-x86_64 1.3.5 NOTE

Check Details

Version: 1.3.5
Check: data for non-ASCII characters
Result: NOTE
     Note: found 7 marked UTF-8 strings
Flavors: r-devel-linux-x86_64-fedora-clang, r-devel-linux-x86_64-fedora-gcc, r-patched-solaris-x86, r-release-osx-x86_64, r-oldrel-osx-x86_64

Version: 1.3.5
Check: package dependencies
Result: NOTE
    Package suggested but not available for checking: ‘devtools’
Flavor: r-release-osx-x86_64