CRAN Package Check Results for Package likert

Last updated on 2014-08-21 05:46:55.

Flavor Version Tinstall Tcheck Ttotal Status Flags
r-devel-linux-x86_64-debian-clang 1.1 1.94 27.60 29.54 NOTE
r-devel-linux-x86_64-debian-gcc 1.1 1.80 27.47 29.27 NOTE
r-devel-linux-x86_64-fedora-clang 1.1 64.43 NOTE
r-devel-linux-x86_64-fedora-gcc 1.1 60.98 NOTE
r-devel-osx-x86_64-clang 1.1 54.68 NOTE
r-devel-windows-ix86+x86_64 1.1 8.00 44.00 52.00 NOTE
r-patched-linux-x86_64 1.1 2.16 28.34 30.49 NOTE
r-patched-solaris-sparc 1.1 349.10 NOTE
r-patched-solaris-x86 1.1 79.90 NOTE
r-release-linux-ix86 1.1 2.56 36.79 39.34 NOTE
r-release-linux-x86_64 1.1 2.00 29.37 31.37 NOTE
r-release-osx-x86_64-mavericks 1.1 NOTE
r-release-osx-x86_64-snowleopard 1.1 NOTE
r-release-windows-ix86+x86_64 1.1 7.00 46.00 53.00 NOTE
r-oldrel-windows-ix86+x86_64 1.1 7.00 65.00 72.00 NOTE

Check Details

Version: 1.1
Check: package namespace information
Result: NOTE
     Namespace with empty importFrom: ‘psych’
Flavors: r-devel-linux-x86_64-debian-clang, r-devel-linux-x86_64-debian-gcc, r-devel-linux-x86_64-fedora-clang, r-devel-linux-x86_64-fedora-gcc, r-devel-osx-x86_64-clang, r-devel-windows-ix86+x86_64

Version: 1.1
Check: dependencies in R code
Result: NOTE
    Unexported object imported by a ':::' call: ‘ggplot2:::.zeroGrob’
     See the note in ?`:::` about the use of this operator.
    See the information on DESCRIPTION files in the chapter ‘Creating R
    packages’ of the ‘Writing R Extensions’ manual.
Flavors: r-devel-linux-x86_64-debian-clang, r-devel-linux-x86_64-debian-gcc, r-devel-linux-x86_64-fedora-clang, r-devel-linux-x86_64-fedora-gcc, r-devel-osx-x86_64-clang, r-devel-windows-ix86+x86_64, r-patched-linux-x86_64, r-patched-solaris-sparc, r-patched-solaris-x86, r-release-linux-ix86, r-release-linux-x86_64, r-release-osx-x86_64-mavericks, r-release-osx-x86_64-snowleopard, r-release-windows-ix86+x86_64, r-oldrel-windows-ix86+x86_64

Version: 1.1
Check: data for non-ASCII characters
Result: NOTE
     Note: found 7 marked UTF-8 strings
Flavors: r-devel-linux-x86_64-debian-clang, r-devel-linux-x86_64-debian-gcc, r-devel-linux-x86_64-fedora-clang, r-devel-linux-x86_64-fedora-gcc, r-devel-osx-x86_64-clang, r-devel-windows-ix86+x86_64, r-patched-linux-x86_64, r-patched-solaris-sparc, r-patched-solaris-x86, r-release-linux-ix86, r-release-linux-x86_64, r-release-osx-x86_64-mavericks, r-release-osx-x86_64-snowleopard, r-release-windows-ix86+x86_64, r-oldrel-windows-ix86+x86_64

Version: 1.1
Check: for old-style vignette sources
Result: NOTE
    Vignette sources only in ‘inst/doc’:
     ‘likert-xtable.Rnw’
    A ‘vignettes’ directory is required as from R 3.1.0
    and these will not be indexed nor checked
Flavors: r-devel-linux-x86_64-debian-clang, r-devel-linux-x86_64-debian-gcc, r-devel-linux-x86_64-fedora-clang, r-devel-linux-x86_64-fedora-gcc, r-devel-osx-x86_64-clang, r-devel-windows-ix86+x86_64, r-patched-linux-x86_64, r-patched-solaris-sparc, r-patched-solaris-x86, r-release-linux-ix86, r-release-linux-x86_64, r-release-osx-x86_64-mavericks, r-release-osx-x86_64-snowleopard, r-release-windows-ix86+x86_64

Version: 1.1
Check: R code for possible problems
Result: NOTE
    align.plots : gtable_gTree: no visible global function definition for
     ‘gTree’
    align.plots : gtable_gList : <anonymous>: no visible global function
     definition for ‘editGrob’
    align.plots : gtable_gList : <anonymous>: no visible global function
     definition for ‘vpPath’
    align.plots : gtable_viewport: no visible global function definition
     for ‘viewport’
    align.plots : gtable_viewport : vp: no visible global function
     definition for ‘viewport’
    align.plots : gtable_viewport: no visible global function definition
     for ‘vpTree’
    align.plots : gtable_layout: no visible global function definition for
     ‘grid.layout’
    align.plots : <anonymous>: no visible global function definition for
     ‘getGrob’
    align.plots : <anonymous>: no visible global function definition for
     ‘editGrob’
    align.plots: no visible binding for global variable ‘grobWidth’
    align.plots : <anonymous>: no visible global function definition for
     ‘unit’
    align.plots: no visible binding for global variable ‘grobHeight’
    align.plots: no visible global function definition for ‘unit’
    align.plots: no visible binding for global variable ‘unit.c’
    align.plots: no visible global function definition for ‘pushViewport’
    align.plots: no visible global function definition for ‘viewport’
    align.plots: no visible global function definition for ‘grid.draw’
    align.plots: no visible global function definition for ‘upViewport’
    plot.likert: no visible global function definition for ‘grid.layout’
    plot.likert: no visible global function definition for ‘grid.newpage’
    plot.likert: no visible global function definition for ‘pushViewport’
    plot.likert: no visible global function definition for ‘viewport’
Flavors: r-devel-linux-x86_64-fedora-clang, r-devel-linux-x86_64-fedora-gcc, r-devel-osx-x86_64-clang

Version: 1.1
Check: package dependencies
Result: NOTE
    Package suggested but not available for checking: 'devtools'
Flavor: r-release-osx-x86_64-snowleopard

Version: 1.1
Check: for old-style vignette sources
Result: NOTE
    Vignette sources only in 'inst/doc':
     'likert-xtable.Rnw'
    A 'vignettes' directory will be required as from R 3.1.0
Flavor: r-oldrel-windows-ix86+x86_64