CRAN Package Check Results for Package likert

Last updated on 2014-07-23 05:49:06.

Flavor Version Tinstall Tcheck Ttotal Status Flags
r-devel-linux-x86_64-debian-clang 1.1 1.87 27.61 29.48 NOTE
r-devel-linux-x86_64-debian-gcc 1.1 1.82 28.07 29.89 NOTE
r-devel-linux-x86_64-fedora-clang 1.1 63.93 NOTE
r-devel-linux-x86_64-fedora-gcc 1.1 60.85 NOTE
r-devel-osx-x86_64-clang 1.1 57.06 NOTE
r-devel-windows-ix86+x86_64 1.1 7.00 47.00 54.00 NOTE
r-patched-linux-x86_64 1.1 1.88 28.15 30.03 NOTE
r-patched-solaris-sparc 1.1 346.30 NOTE
r-patched-solaris-x86 1.1 81.50 NOTE
r-release-linux-ix86 1.1 2.39 36.74 39.14 NOTE
r-release-linux-x86_64 1.1 1.94 28.15 30.08 NOTE
r-release-osx-x86_64-mavericks 1.1 NOTE
r-release-osx-x86_64-snowleopard 1.1 NOTE
r-release-windows-ix86+x86_64 1.1 8.00 50.00 58.00 NOTE
r-oldrel-windows-ix86+x86_64 1.1 7.00 66.00 73.00 NOTE

Check Details

Version: 1.1
Check: dependencies in R code
Result: NOTE
    Unexported object imported by a ':::' call: ‘ggplot2:::.zeroGrob’
     See the note in ?`:::` about the use of this operator.
    See the information on DESCRIPTION files in the chapter ‘Creating R
    packages’ of the ‘Writing R Extensions’ manual.
Flavors: r-devel-linux-x86_64-debian-clang, r-devel-linux-x86_64-debian-gcc, r-devel-linux-x86_64-fedora-clang, r-devel-linux-x86_64-fedora-gcc, r-devel-osx-x86_64-clang, r-devel-windows-ix86+x86_64, r-patched-linux-x86_64, r-patched-solaris-sparc, r-patched-solaris-x86, r-release-linux-ix86, r-release-linux-x86_64, r-release-osx-x86_64-mavericks, r-release-osx-x86_64-snowleopard, r-release-windows-ix86+x86_64, r-oldrel-windows-ix86+x86_64

Version: 1.1
Check: data for non-ASCII characters
Result: NOTE
     Note: found 7 marked UTF-8 strings
Flavors: r-devel-linux-x86_64-debian-clang, r-devel-linux-x86_64-debian-gcc, r-devel-linux-x86_64-fedora-clang, r-devel-linux-x86_64-fedora-gcc, r-devel-osx-x86_64-clang, r-devel-windows-ix86+x86_64, r-patched-linux-x86_64, r-patched-solaris-sparc, r-patched-solaris-x86, r-release-linux-ix86, r-release-linux-x86_64, r-release-osx-x86_64-mavericks, r-release-osx-x86_64-snowleopard, r-release-windows-ix86+x86_64, r-oldrel-windows-ix86+x86_64

Version: 1.1
Check: for old-style vignette sources
Result: NOTE
    Vignette sources only in ‘inst/doc’:
     ‘likert-xtable.Rnw’
    A ‘vignettes’ directory is required as from R 3.1.0
    and these will not be indexed nor checked
Flavors: r-devel-linux-x86_64-debian-clang, r-devel-linux-x86_64-debian-gcc, r-devel-linux-x86_64-fedora-clang, r-devel-linux-x86_64-fedora-gcc, r-devel-osx-x86_64-clang, r-devel-windows-ix86+x86_64, r-patched-linux-x86_64, r-patched-solaris-sparc, r-patched-solaris-x86, r-release-linux-ix86, r-release-linux-x86_64, r-release-osx-x86_64-mavericks, r-release-osx-x86_64-snowleopard, r-release-windows-ix86+x86_64

Version: 1.1
Check: package dependencies
Result: NOTE
    Package suggested but not available for checking: 'devtools'
Flavor: r-release-osx-x86_64-snowleopard

Version: 1.1
Check: for old-style vignette sources
Result: NOTE
    Vignette sources only in 'inst/doc':
     'likert-xtable.Rnw'
    A 'vignettes' directory will be required as from R 3.1.0
Flavor: r-oldrel-windows-ix86+x86_64