CRAN Package Check Results for Package likert

Last updated on 2017-01-21 03:50:27.

Flavor Version Tinstall Tcheck Ttotal Status Flags
r-devel-linux-x86_64-debian-clang 1.3.5 1.72 27.25 28.98 OK
r-devel-linux-x86_64-debian-gcc 1.3.5 1.84 29.78 31.62 OK
r-devel-linux-x86_64-fedora-clang 1.3.5 53.74 NOTE --no-stop-on-test-error
r-devel-linux-x86_64-fedora-gcc 1.3.5 55.29 NOTE --no-stop-on-test-error
r-devel-macos-x86_64-clang 1.3.5 45.50 NOTE --no-stop-on-test-error
r-devel-windows-ix86+x86_64 1.3.5 9.00 71.00 80.00 OK
r-patched-linux-x86_64 1.3.5 1.50 24.01 25.51 OK
r-patched-solaris-sparc 1.3.5 282.20 NOTE
r-patched-solaris-x86 1.3.5 70.10 NOTE
r-release-linux-x86_64 1.3.5 1.55 23.84 25.38 OK
r-release-osx-x86_64-mavericks 1.3.5 NOTE
r-release-windows-ix86+x86_64 1.3.5 8.00 120.00 128.00 OK
r-oldrel-windows-ix86+x86_64 1.3.5 10.00 79.00 89.00 NOTE

Check Details

Version: 1.3.5
Flags: --no-stop-on-test-error
Check: data for non-ASCII characters
Result: NOTE
     Note: found 7 marked UTF-8 strings
Flavors: r-devel-linux-x86_64-fedora-clang, r-devel-linux-x86_64-fedora-gcc, r-devel-macos-x86_64-clang

Version: 1.3.5
Check: data for non-ASCII characters
Result: NOTE
     Note: found 7 marked UTF-8 strings
Flavors: r-patched-solaris-sparc, r-patched-solaris-x86, r-release-osx-x86_64-mavericks, r-oldrel-windows-ix86+x86_64