CRAN Package Check Results for Package likert

Last updated on 2022-05-16 20:52:48 CEST.

Flavor Version Tinstall Tcheck Ttotal Status Flags
r-devel-linux-x86_64-debian-clang 1.3.5 7.40 90.42 97.82 OK
r-devel-linux-x86_64-debian-gcc 1.3.5 7.17 67.70 74.87 OK
r-devel-linux-x86_64-fedora-clang 1.3.5 118.65 NOTE
r-devel-linux-x86_64-fedora-gcc 1.3.5 118.33 NOTE
r-devel-windows-x86_64 1.3.5 30.00 110.00 140.00 OK
r-patched-linux-x86_64 1.3.5 14.44 84.25 98.69 OK
r-release-linux-x86_64 1.3.5 8.89 85.55 94.44 OK
r-release-macos-arm64 1.3.5 36.00 NOTE
r-release-macos-x86_64 1.3.5 67.00 NOTE
r-release-windows-x86_64 1.3.5 28.00 106.00 134.00 OK
r-oldrel-macos-arm64 1.3.5 47.00 NOTE
r-oldrel-macos-x86_64 1.3.5 66.00 NOTE
r-oldrel-windows-ix86+x86_64 1.3.5 20.00 100.00 120.00 OK

Check Details

Version: 1.3.5
Check: data for non-ASCII characters
Result: NOTE
     Note: found 7 marked UTF-8 strings
Flavors: r-devel-linux-x86_64-fedora-clang, r-devel-linux-x86_64-fedora-gcc, r-release-macos-arm64, r-release-macos-x86_64, r-oldrel-macos-arm64, r-oldrel-macos-x86_64