CRAN Package Check Results for Package likert

Last updated on 2016-09-27 14:48:39.

Flavor Version Tinstall Tcheck Ttotal Status Flags
r-devel-linux-x86_64-debian-clang 1.3.3 1.57 23.74 25.31 OK
r-devel-linux-x86_64-debian-gcc 1.3.3 1.54 23.88 25.42 OK
r-devel-linux-x86_64-fedora-clang 1.3.3 46.74 NOTE
r-devel-linux-x86_64-fedora-gcc 1.3.3 43.75 NOTE
r-devel-macos-x86_64-clang 1.3.3 38.10 NOTE
r-devel-windows-ix86+x86_64 1.3.3 11.00 59.00 70.00 OK
r-patched-linux-x86_64 1.3.3 1.57 23.84 25.40 OK
r-patched-solaris-sparc 1.3.3 281.50 NOTE
r-patched-solaris-x86 1.3.3 61.70 NOTE
r-release-linux-x86_64 1.3.3 1.50 23.74 25.24 OK
r-release-osx-x86_64-mavericks 1.3.3 NOTE
r-release-windows-ix86+x86_64 1.3.3 9.00 63.00 72.00 OK
r-oldrel-windows-ix86+x86_64 1.3.3 9.00 51.00 60.00 NOTE

Check Details

Version: 1.3.3
Check: data for non-ASCII characters
Result: NOTE
     Note: found 7 marked UTF-8 strings
Flavors: r-devel-linux-x86_64-fedora-clang, r-devel-linux-x86_64-fedora-gcc, r-devel-macos-x86_64-clang, r-patched-solaris-sparc, r-patched-solaris-x86, r-release-osx-x86_64-mavericks, r-oldrel-windows-ix86+x86_64