CRAN Package Check Results for Package likert

Last updated on 2018-06-25 07:47:38 CEST.

Flavor Version Tinstall Tcheck Ttotal Status Flags
r-devel-linux-x86_64-debian-clang 1.3.5 4.76 40.88 45.64 OK
r-devel-linux-x86_64-debian-gcc 1.3.5 2.59 36.65 39.24 OK
r-devel-linux-x86_64-fedora-clang 1.3.5 59.49 NOTE
r-devel-linux-x86_64-fedora-gcc 1.3.5 56.39 NOTE
r-devel-windows-ix86+x86_64 1.3.5 12.00 64.00 76.00 OK
r-patched-linux-x86_64 1.3.5 4.14 42.28 46.42 OK
r-patched-solaris-x86 1.3.5 86.90 NOTE
r-release-linux-x86_64 1.3.5 3.64 41.78 45.42 OK
r-release-windows-ix86+x86_64 1.3.5 10.00 68.00 78.00 OK
r-release-osx-x86_64 1.3.5 NOTE
r-oldrel-windows-ix86+x86_64 1.3.5 13.00 57.00 70.00 OK
r-oldrel-osx-x86_64 1.3.5 NOTE

Check Details

Version: 1.3.5
Check: data for non-ASCII characters
Result: NOTE
     Note: found 7 marked UTF-8 strings
Flavors: r-devel-linux-x86_64-fedora-clang, r-devel-linux-x86_64-fedora-gcc, r-patched-solaris-x86, r-release-osx-x86_64, r-oldrel-osx-x86_64

Version: 1.3.5
Check: package dependencies
Result: NOTE
    Package suggested but not available for checking: ‘devtools’
Flavor: r-oldrel-osx-x86_64