CRAN Package Check Results for Package likert

Last updated on 2017-12-13 15:48:26 CET.

Flavor Version Tinstall Tcheck Ttotal Status Flags
r-devel-linux-x86_64-debian-clang 1.3.5 2.14 42.92 45.06 OK
r-devel-linux-x86_64-debian-gcc 1.3.5 1.98 35.90 37.88 OK
r-devel-linux-x86_64-fedora-clang 1.3.5 51.95 NOTE
r-devel-linux-x86_64-fedora-gcc 1.3.5 53.22 NOTE
r-devel-windows-ix86+x86_64 1.3.5 11.00 88.00 99.00 OK
r-patched-linux-x86_64 1.3.5 2.56 46.13 48.69 OK
r-patched-solaris-x86 1.3.5 81.60 NOTE
r-release-linux-x86_64 1.3.5 2.59 45.72 48.31 OK
r-release-windows-ix86+x86_64 1.3.5 6.00 61.00 67.00 OK
r-release-osx-x86_64 1.3.5 NOTE
r-oldrel-windows-ix86+x86_64 1.3.5 5.00 95.00 100.00 OK
r-oldrel-osx-x86_64 1.3.5 NOTE

Check Details

Version: 1.3.5
Check: data for non-ASCII characters
Result: NOTE
     Note: found 7 marked UTF-8 strings
Flavors: r-devel-linux-x86_64-fedora-clang, r-devel-linux-x86_64-fedora-gcc, r-patched-solaris-x86, r-release-osx-x86_64, r-oldrel-osx-x86_64

Version: 1.3.5
Check: package dependencies
Result: NOTE
    Package suggested but not available for checking: ‘devtools’
Flavor: r-release-osx-x86_64