CRAN Package Check Results for Package likert

Last updated on 2016-02-06 18:50:31.

Flavor Version Tinstall Tcheck Ttotal Status Flags
r-devel-linux-x86_64-debian-gcc 1.3.3 1.31 21.96 23.26 OK
r-devel-linux-x86_64-fedora-clang 1.3.3 43.82 NOTE
r-devel-linux-x86_64-fedora-gcc 1.3.3 41.93 NOTE
r-devel-osx-x86_64-clang 1.3.3 49.72 NOTE
r-devel-windows-ix86+x86_64 1.3.3 9.00 41.00 50.00 OK
r-patched-linux-x86_64 1.3.3 1.63 25.70 27.33 NOTE
r-patched-solaris-sparc 1.3.3 309.70 NOTE
r-patched-solaris-x86 1.3.3 68.00 NOTE
r-release-linux-x86_64 1.3.3 1.60 25.49 27.09 NOTE
r-release-osx-x86_64-mavericks 1.3.3 NOTE
r-release-windows-ix86+x86_64 1.3.3 6.00 44.00 50.00 NOTE
r-oldrel-windows-ix86+x86_64 1.3.3 13.00 64.00 77.00 NOTE

Check Details

Version: 1.3.3
Check: data for non-ASCII characters
Result: NOTE
     Note: found 7 marked UTF-8 strings
Flavors: r-devel-linux-x86_64-fedora-clang, r-devel-linux-x86_64-fedora-gcc, r-devel-osx-x86_64-clang, r-patched-linux-x86_64, r-patched-solaris-sparc, r-patched-solaris-x86, r-release-linux-x86_64, r-release-osx-x86_64-mavericks, r-release-windows-ix86+x86_64, r-oldrel-windows-ix86+x86_64