CRAN Package Check Results for Package likert

Last updated on 2014-11-28 19:51:21.

Flavor Version Tinstall Tcheck Ttotal Status Flags
r-devel-linux-x86_64-debian-clang 1.2 1.86 38.35 40.21 NOTE
r-devel-linux-x86_64-debian-gcc 1.2 2.38 38.19 40.56 NOTE
r-devel-linux-x86_64-fedora-clang 1.2 84.91 NOTE
r-devel-linux-x86_64-fedora-gcc 1.2 88.78 NOTE
r-devel-osx-x86_64-clang 1.2 77.19 NOTE
r-devel-windows-ix86+x86_64 1.2 9.00 59.00 68.00 NOTE
r-patched-linux-x86_64 1.2 1.93 38.84 40.77 NOTE
r-patched-solaris-sparc 1.2 414.10 NOTE
r-patched-solaris-x86 1.2 101.90 NOTE
r-release-linux-ix86 1.2 2.36 47.77 50.13 NOTE
r-release-linux-x86_64 1.2 1.92 38.96 40.88 NOTE
r-release-osx-x86_64-mavericks 1.2 NOTE
r-release-osx-x86_64-snowleopard 1.2 NOTE
r-release-windows-ix86+x86_64 1.2 10.00 65.00 75.00 NOTE
r-oldrel-windows-ix86+x86_64 1.2 7.00 67.00 74.00 NOTE

Check Details

Version: 1.2
Check: data for non-ASCII characters
Result: NOTE
     Note: found 7 marked UTF-8 strings
Flavors: r-devel-linux-x86_64-debian-clang, r-devel-linux-x86_64-debian-gcc, r-devel-linux-x86_64-fedora-clang, r-devel-linux-x86_64-fedora-gcc, r-devel-osx-x86_64-clang, r-devel-windows-ix86+x86_64, r-patched-linux-x86_64, r-patched-solaris-sparc, r-patched-solaris-x86, r-release-linux-ix86, r-release-linux-x86_64, r-release-osx-x86_64-mavericks, r-release-osx-x86_64-snowleopard, r-release-windows-ix86+x86_64, r-oldrel-windows-ix86+x86_64