CRAN Package Check Results for Package likert

Last updated on 2016-12-08 03:54:22.

Flavor Version Tinstall Tcheck Ttotal Status Flags
r-devel-linux-x86_64-debian-clang 1.3.3 1.64 28.16 29.80 OK
r-devel-linux-x86_64-debian-gcc 1.3.3 1.70 27.75 29.45 OK
r-devel-linux-x86_64-fedora-clang 1.3.3 57.84 NOTE --no-stop-on-test-error
r-devel-linux-x86_64-fedora-gcc 1.3.3 55.74 NOTE --no-stop-on-test-error
r-devel-macos-x86_64-clang 1.3.3 46.19 NOTE
r-devel-windows-ix86+x86_64 1.3.3 6.00 55.00 61.00 OK
r-patched-linux-x86_64 1.3.3 1.76 24.83 26.59 OK
r-patched-solaris-sparc 1.3.3 302.80 NOTE
r-patched-solaris-x86 1.3.3 65.10 NOTE
r-release-linux-x86_64 1.3.3 1.57 23.94 25.51 OK
r-release-osx-x86_64-mavericks 1.3.3 NOTE
r-release-windows-ix86+x86_64 1.3.3 5.00 49.00 54.00 OK
r-oldrel-windows-ix86+x86_64 1.3.3 8.00 78.00 86.00 NOTE

Check Details

Version: 1.3.3
Flags: --no-stop-on-test-error
Check: data for non-ASCII characters
Result: NOTE
     Note: found 7 marked UTF-8 strings
Flavors: r-devel-linux-x86_64-fedora-clang, r-devel-linux-x86_64-fedora-gcc

Version: 1.3.3
Check: data for non-ASCII characters
Result: NOTE
     Note: found 7 marked UTF-8 strings
Flavors: r-devel-macos-x86_64-clang, r-patched-solaris-sparc, r-patched-solaris-x86, r-release-osx-x86_64-mavericks, r-oldrel-windows-ix86+x86_64