CRAN Package Check Results for Package likert

Last updated on 2016-06-29 23:51:29.

Flavor Version Tinstall Tcheck Ttotal Status Flags
r-devel-linux-x86_64-debian-gcc 1.3.3 2.04 24.66 26.70 OK
r-devel-linux-x86_64-fedora-clang 1.3.3 44.59 NOTE
r-devel-linux-x86_64-fedora-gcc 1.3.3 42.79 NOTE
r-devel-osx-x86_64-clang 1.3.3 38.56 NOTE
r-devel-windows-ix86+x86_64 1.3.3 5.00 50.00 55.00 OK
r-patched-linux-x86_64 1.3.3 1.54 24.65 26.20 OK
r-patched-solaris-sparc 1.3.3 281.50 NOTE
r-patched-solaris-x86 1.3.3 63.80 NOTE
r-release-linux-x86_64 1.3.3 1.48 23.95 25.43 OK
r-release-osx-x86_64-mavericks 1.3.3 NOTE
r-release-windows-ix86+x86_64 1.3.3 6.00 46.00 52.00 OK
r-oldrel-windows-ix86+x86_64 1.3.3 7.00 57.00 64.00 NOTE

Check Details

Version: 1.3.3
Check: data for non-ASCII characters
Result: NOTE
     Note: found 7 marked UTF-8 strings
Flavors: r-devel-linux-x86_64-fedora-clang, r-devel-linux-x86_64-fedora-gcc, r-devel-osx-x86_64-clang, r-patched-solaris-sparc, r-patched-solaris-x86, r-release-osx-x86_64-mavericks, r-oldrel-windows-ix86+x86_64