CRAN Package Check Results for Package likert

Last updated on 2014-12-18 19:50:39.

Flavor Version Tinstall Tcheck Ttotal Status Flags
r-devel-linux-x86_64-debian-clang 1.2 1.97 39.08 41.05 NOTE
r-devel-linux-x86_64-debian-gcc 1.2 1.86 37.22 39.08 NOTE
r-devel-linux-x86_64-fedora-clang 1.2 86.08 NOTE
r-devel-linux-x86_64-fedora-gcc 1.2 77.37 NOTE
r-devel-osx-x86_64-clang 1.2 78.42 NOTE
r-devel-windows-ix86+x86_64 1.2 9.00 61.00 70.00 NOTE
r-patched-linux-x86_64 1.2 2.05 40.01 42.06 NOTE
r-patched-solaris-sparc 1.2 414.10 NOTE
r-patched-solaris-x86 1.2 103.60 NOTE
r-release-linux-ix86 1.2 2.37 47.16 49.53 NOTE
r-release-linux-x86_64 1.2 1.93 38.67 40.60 NOTE
r-release-osx-x86_64-mavericks 1.2 NOTE
r-release-osx-x86_64-snowleopard 1.2 NOTE
r-release-windows-ix86+x86_64 1.2 8.00 64.00 72.00 NOTE
r-oldrel-windows-ix86+x86_64 1.2 10.00 66.00 76.00 NOTE

Check Details

Version: 1.2
Check: data for non-ASCII characters
Result: NOTE
     Note: found 7 marked UTF-8 strings
Flavors: r-devel-linux-x86_64-debian-clang, r-devel-linux-x86_64-debian-gcc, r-devel-linux-x86_64-fedora-clang, r-devel-linux-x86_64-fedora-gcc, r-devel-osx-x86_64-clang, r-devel-windows-ix86+x86_64, r-patched-linux-x86_64, r-patched-solaris-sparc, r-patched-solaris-x86, r-release-linux-ix86, r-release-linux-x86_64, r-release-osx-x86_64-mavericks, r-release-osx-x86_64-snowleopard, r-release-windows-ix86+x86_64, r-oldrel-windows-ix86+x86_64