CRAN Package Check Results for Package likert

Last updated on 2018-04-24 10:47:22 CEST.

Flavor Version Tinstall Tcheck Ttotal Status Flags
r-devel-linux-x86_64-debian-clang 1.3.5 3.83 37.70 41.53 OK
r-devel-linux-x86_64-debian-gcc 1.3.5 3.57 34.15 37.72 OK
r-devel-linux-x86_64-fedora-clang 1.3.5 56.65 NOTE
r-devel-linux-x86_64-fedora-gcc 1.3.5 53.61 NOTE
r-devel-windows-ix86+x86_64 1.3.5 12.00 62.00 74.00 OK
r-patched-linux-x86_64 1.3.5 3.04 41.42 44.46 OK
r-patched-solaris-x86 1.3.5 85.60 NOTE
r-release-linux-x86_64 1.3.5 3.86 41.48 45.34 OK
r-release-windows-ix86+x86_64 1.3.5 12.00 62.00 74.00 OK
r-release-osx-x86_64 1.3.5 NOTE
r-oldrel-windows-ix86+x86_64 1.3.5 7.00 62.00 69.00 OK
r-oldrel-osx-x86_64 1.3.5 NOTE

Check Details

Version: 1.3.5
Check: data for non-ASCII characters
Result: NOTE
     Note: found 7 marked UTF-8 strings
Flavors: r-devel-linux-x86_64-fedora-clang, r-devel-linux-x86_64-fedora-gcc, r-patched-solaris-x86, r-release-osx-x86_64, r-oldrel-osx-x86_64

Version: 1.3.5
Check: package dependencies
Result: NOTE
    Package suggested but not available for checking: ‘devtools’
Flavor: r-oldrel-osx-x86_64