CRAN Package Check Results for Package likert

Last updated on 2017-06-25 18:47:33.

Flavor Version Tinstall Tcheck Ttotal Status Flags
r-devel-linux-x86_64-debian-clang 1.3.5 2.08 30.69 32.77 OK
r-devel-linux-x86_64-debian-gcc 1.3.5 1.74 30.70 32.44 OK
r-devel-linux-x86_64-fedora-clang 1.3.5 57.54 NOTE
r-devel-linux-x86_64-fedora-gcc 1.3.5 56.12 NOTE
r-devel-windows-ix86+x86_64 1.3.5 8.00 57.00 65.00 OK
r-patched-linux-x86_64 1.3.5 1.67 30.32 32.00 OK
r-patched-solaris-sparc 1.3.5 317.90 NOTE
r-patched-solaris-x86 1.3.5 77.70 NOTE
r-release-linux-x86_64 1.3.5 2.00 30.84 32.84 OK
r-release-windows-ix86+x86_64 1.3.5 9.00 84.00 93.00 OK
r-release-osx-x86_64 1.3.5 NOTE
r-oldrel-windows-ix86+x86_64 1.3.5 6.00 76.00 82.00 OK
r-oldrel-osx-x86_64 1.3.5 NOTE

Check Details

Version: 1.3.5
Check: data for non-ASCII characters
Result: NOTE
     Note: found 7 marked UTF-8 strings
Flavors: r-devel-linux-x86_64-fedora-clang, r-devel-linux-x86_64-fedora-gcc, r-patched-solaris-sparc, r-patched-solaris-x86, r-release-osx-x86_64, r-oldrel-osx-x86_64

Version: 1.3.5
Check: package dependencies
Result: NOTE
    Package suggested but not available for checking: ‘devtools’
Flavor: r-release-osx-x86_64