CRAN Package Check Results for Package likert

Last updated on 2015-01-27 23:51:13.

Flavor Version Tinstall Tcheck Ttotal Status Flags
r-devel-linux-x86_64-debian-clang 1.2 1.61 32.28 33.89 NOTE
r-devel-linux-x86_64-debian-gcc 1.2 1.61 31.34 32.96 NOTE
r-devel-linux-x86_64-fedora-clang 1.2 88.10 NOTE
r-devel-linux-x86_64-fedora-gcc 1.2 86.99 NOTE
r-devel-osx-x86_64-clang 1.2 80.70 NOTE
r-devel-windows-ix86+x86_64 1.2 6.00 50.00 56.00 NOTE
r-patched-linux-x86_64 1.2 2.50 39.40 41.90 NOTE
r-patched-solaris-sparc 1.2 468.50 NOTE
r-patched-solaris-x86 1.2 106.40 NOTE
r-release-linux-ix86 1.2 2.45 47.84 50.29 NOTE
r-release-linux-x86_64 1.2 2.00 39.76 41.76 NOTE
r-release-osx-x86_64-mavericks 1.2 NOTE
r-release-osx-x86_64-snowleopard 1.2 NOTE
r-release-windows-ix86+x86_64 1.2 10.00 72.00 82.00 NOTE
r-oldrel-windows-ix86+x86_64 1.2 10.00 71.00 81.00 NOTE

Check Details

Version: 1.2
Check: dependencies in R code
Result: NOTE
    'library' or 'require' call to ‘shiny’ in package code.
     Please use :: or requireNamespace() instead.
     See section 'Suggested packages' in the 'Writing R Extensions' manual.
Flavors: r-devel-linux-x86_64-debian-clang, r-devel-linux-x86_64-debian-gcc, r-devel-linux-x86_64-fedora-clang, r-devel-linux-x86_64-fedora-gcc, r-devel-osx-x86_64-clang, r-devel-windows-ix86+x86_64

Version: 1.2
Check: data for non-ASCII characters
Result: NOTE
     Note: found 7 marked UTF-8 strings
Flavors: r-devel-linux-x86_64-debian-clang, r-devel-linux-x86_64-debian-gcc, r-devel-linux-x86_64-fedora-clang, r-devel-linux-x86_64-fedora-gcc, r-devel-osx-x86_64-clang, r-devel-windows-ix86+x86_64, r-patched-linux-x86_64, r-patched-solaris-sparc, r-patched-solaris-x86, r-release-linux-ix86, r-release-linux-x86_64, r-release-osx-x86_64-mavericks, r-release-osx-x86_64-snowleopard, r-release-windows-ix86+x86_64, r-oldrel-windows-ix86+x86_64