CRAN Package Check Results for Package likert

Last updated on 2016-08-29 06:47:12.

Flavor Version Tinstall Tcheck Ttotal Status Flags
r-devel-linux-x86_64-debian-clang 1.3.3 1.53 23.74 25.28 OK
r-devel-linux-x86_64-debian-gcc 1.3.3 1.56 23.64 25.21 OK
r-devel-linux-x86_64-fedora-clang 1.3.3 45.38 NOTE
r-devel-linux-x86_64-fedora-gcc 1.3.3 43.70 NOTE
r-devel-osx-x86_64-clang 1.3.3 39.10 NOTE
r-devel-windows-ix86+x86_64 1.3.3 9.00 60.00 69.00 OK
r-patched-linux-x86_64 1.3.3 1.46 23.77 25.23 OK
r-patched-solaris-sparc 1.3.3 281.50 NOTE
r-patched-solaris-x86 1.3.3 63.70 NOTE
r-release-linux-x86_64 1.3.3 1.96 24.57 26.54 OK
r-release-osx-x86_64-mavericks 1.3.3 NOTE
r-release-windows-ix86+x86_64 1.3.3 14.00 113.00 127.00 OK
r-oldrel-windows-ix86+x86_64 1.3.3 8.00 129.00 137.00 NOTE

Check Details

Version: 1.3.3
Check: data for non-ASCII characters
Result: NOTE
     Note: found 7 marked UTF-8 strings
Flavors: r-devel-linux-x86_64-fedora-clang, r-devel-linux-x86_64-fedora-gcc, r-devel-osx-x86_64-clang, r-patched-solaris-sparc, r-patched-solaris-x86, r-release-osx-x86_64-mavericks, r-oldrel-windows-ix86+x86_64