CRAN Package Check Results for Package likert

Last updated on 2017-10-19 19:47:09.

Flavor Version Tinstall Tcheck Ttotal Status Flags
r-devel-linux-x86_64-debian-clang 1.3.5 1.83 30.83 32.66 OK
r-devel-linux-x86_64-debian-gcc 1.3.5 1.96 29.70 31.66 OK
r-devel-linux-x86_64-fedora-clang 1.3.5 58.79 NOTE
r-devel-linux-x86_64-fedora-gcc 1.3.5 57.88 NOTE
r-devel-windows-ix86+x86_64 1.3.5 5.00 54.00 59.00 OK
r-patched-linux-x86_64 1.3.5 1.84 31.14 32.98 OK
r-patched-solaris-x86 1.3.5 79.60 NOTE
r-release-linux-x86_64 1.3.5 1.67 30.83 32.50 OK
r-release-windows-ix86+x86_64 1.3.5 11.00 76.00 87.00 OK
r-release-osx-x86_64 1.3.5 NOTE
r-oldrel-windows-ix86+x86_64 1.3.5 9.00 113.00 122.00 OK
r-oldrel-osx-x86_64 1.3.5 NOTE

Check Details

Version: 1.3.5
Check: data for non-ASCII characters
Result: NOTE
     Note: found 7 marked UTF-8 strings
Flavors: r-devel-linux-x86_64-fedora-clang, r-devel-linux-x86_64-fedora-gcc, r-patched-solaris-x86, r-release-osx-x86_64, r-oldrel-osx-x86_64

Version: 1.3.5
Check: package dependencies
Result: NOTE
    Package suggested but not available for checking: ‘devtools’
Flavor: r-release-osx-x86_64