CRAN Package Check Results for Package lillies

Last updated on 2022-05-20 12:53:28 CEST.

Flavor Version Tinstall Tcheck Ttotal Status Flags
r-devel-linux-x86_64-debian-clang 0.2.9 5.47 97.66 103.13 OK
r-devel-linux-x86_64-debian-gcc 0.2.9 4.66 75.04 79.70 OK
r-devel-linux-x86_64-fedora-clang 0.2.9 120.51 NOTE
r-devel-linux-x86_64-fedora-gcc 0.2.9 119.51 NOTE
r-devel-windows-x86_64 0.2.9 26.00 130.00 156.00 OK
r-patched-linux-x86_64 0.2.9 5.34 90.43 95.77 OK
r-release-linux-x86_64 0.2.9 4.20 91.64 95.84 OK
r-release-macos-arm64 0.2.9 32.00 NOTE
r-release-macos-x86_64 0.2.9 67.00 NOTE
r-release-windows-x86_64 0.2.9 20.00 136.00 156.00 OK
r-oldrel-macos-arm64 0.2.9 42.00 NOTE
r-oldrel-macos-x86_64 0.2.9 59.00 NOTE
r-oldrel-windows-ix86+x86_64 0.2.9 14.00 116.00 130.00 OK

Check Details

Version: 0.2.9
Check: dependencies in R code
Result: NOTE
    Namespace in Imports field not imported from: ‘ddpcr’
     All declared Imports should be used.
Flavors: r-devel-linux-x86_64-fedora-clang, r-devel-linux-x86_64-fedora-gcc, r-release-macos-arm64, r-release-macos-x86_64, r-oldrel-macos-arm64, r-oldrel-macos-x86_64