CRAN Package Check Results for Package limSolve

Last updated on 2015-03-01 03:48:38.

Flavor Version Tinstall Tcheck Ttotal Status Flags
r-devel-linux-x86_64-debian-clang 1.5.5.1 4.85 31.29 36.14 NOTE
r-devel-linux-x86_64-debian-gcc 1.5.5.1 4.80 31.30 36.10 NOTE
r-devel-linux-x86_64-fedora-clang 1.5.5.1 69.68 NOTE
r-devel-linux-x86_64-fedora-gcc 1.5.5.1 66.95 NOTE
r-devel-osx-x86_64-clang 1.5.5.1 72.77 NOTE
r-devel-windows-ix86+x86_64 1.5.5.1 22.00 72.00 94.00 NOTE
r-patched-linux-x86_64 1.5.5.1 5.44 35.37 40.81 OK
r-patched-solaris-sparc 1.5.5.1 5796.30 ERROR
r-patched-solaris-x86 1.5.5.1 96.80 OK
r-release-linux-ix86 1.5.5.1 7.05 48.45 55.50 OK
r-release-linux-x86_64 1.5.5.1 5.16 33.85 39.01 OK
r-release-osx-x86_64-mavericks 1.5.5.1 OK
r-release-osx-x86_64-snowleopard 1.5.5.1 OK
r-release-windows-ix86+x86_64 1.5.5.1 17.00 77.00 94.00 OK
r-oldrel-windows-ix86+x86_64 1.5.5.1 16.00 94.00 110.00 OK

Check Details

Version: 1.5.5.1
Check: DESCRIPTION meta-information
Result: NOTE
    Malformed Description field: should contain one or more complete sentences.
Flavors: r-devel-linux-x86_64-debian-clang, r-devel-linux-x86_64-debian-gcc, r-devel-linux-x86_64-fedora-clang, r-devel-linux-x86_64-fedora-gcc, r-devel-osx-x86_64-clang, r-devel-windows-ix86+x86_64

Version: 1.5.5.1
Check: running R code from vignettes
Result: ERROR
    Errors in running code in vignettes:
    when running code in ‘limSolve.Rnw’
     ...
    
    > ldei(E = E, F = F)$X
    [1] 1.0 -0.4 -0.2
    
    > lsei(E = E, F = F, A = diag(3), B = rep(0, 3), verbose = FALSE)$X
    
     *** caught segfault ***
    address 1800000, cause 'memory not mapped'
    
    ... incomplete output. Crash?
Flavor: r-patched-solaris-sparc