CRAN Package Check Results for Package limSolve

Last updated on 2017-02-20 03:48:58.

Flavor Version Tinstall Tcheck Ttotal Status Flags
r-devel-linux-x86_64-debian-clang 1.5.5.2 5.60 28.88 34.48 NOTE
r-devel-linux-x86_64-debian-gcc 1.5.5.2 5.35 28.99 34.34 NOTE
r-devel-linux-x86_64-fedora-clang 1.5.5.2 61.48 NOTE --no-stop-on-test-error
r-devel-linux-x86_64-fedora-gcc 1.5.5.2 60.19 NOTE --no-stop-on-test-error
r-devel-macos-x86_64-clang 1.5.5.2 52.78 NOTE --no-stop-on-test-error
r-devel-windows-ix86+x86_64 1.5.5.2 22.00 117.00 139.00 OK
r-patched-linux-x86_64 1.5.5.2 4.80 26.58 31.38 OK
r-patched-solaris-sparc 1.5.5.2 306.50 WARN
r-patched-solaris-x86 1.5.5.2 75.20 OK
r-release-linux-x86_64 1.5.5.2 4.77 25.66 30.43 OK
r-release-osx-x86_64-mavericks 1.5.5.2 OK
r-release-windows-ix86+x86_64 1.5.5.2 20.00 84.00 104.00 OK
r-oldrel-windows-ix86+x86_64 1.5.5.2 23.00 104.00 127.00 OK

Check Details

Version: 1.5.5.2
Check: compiled code
Result: NOTE
    File ‘limSolve/libs/limSolve.so’:
     Found no calls to: ‘R_registerRoutines’, ‘R_useDynamicSymbols’
    
    It is good practice to register native routines and to disable symbol
    search.
    
    See ‘Writing portable packages’ in the ‘Writing R Extensions’ manual.
Flavors: r-devel-linux-x86_64-debian-clang, r-devel-linux-x86_64-debian-gcc

Version: 1.5.5.2
Flags: --no-stop-on-test-error
Check: compiled code
Result: NOTE
    File ‘limSolve/libs/limSolve.so’:
     Found no calls to: ‘R_registerRoutines’, ‘R_useDynamicSymbols’
    
    It is good practice to register native routines and to disable symbol
    search.
    
    See ‘Writing portable packages’ in the ‘Writing R Extensions’ manual.
Flavors: r-devel-linux-x86_64-fedora-clang, r-devel-linux-x86_64-fedora-gcc, r-devel-macos-x86_64-clang

Version: 1.5.5.2
Check: re-building of vignette outputs
Result: WARN
    Error in re-building vignettes:
     ...
    
     *** caught segfault ***
    address 1c00000, cause 'memory not mapped'
Flavor: r-patched-solaris-sparc