CRAN Package Check Results for Package limSolve

Last updated on 2014-04-25 05:47:18.

Flavor Version Tinstall Tcheck Ttotal Status Flags
r-devel-linux-x86_64-debian-clang 1.5.5 4.95 25.79 30.74 OK
r-devel-linux-x86_64-debian-gcc 1.5.5 4.95 25.61 30.56 OK
r-devel-linux-x86_64-fedora-clang 1.5.5 57.16 NOTE
r-devel-linux-x86_64-fedora-gcc 1.5.5 55.53 NOTE
r-devel-osx-x86_64-clang 1.5.5 49.08 OK
r-devel-osx-x86_64-gcc 1.5.5 OK
r-devel-windows-ix86+x86_64 1.5.5 13.00 60.00 73.00 OK
r-patched-linux-x86_64 1.5.5 4.99 25.91 30.90 OK
r-patched-solaris-sparc 1.5.5 387.40 OK
r-patched-solaris-x86 1.5.5 74.80 OK
r-release-linux-ix86 1.5.5 8.00 44.00 52.00 OK
r-release-linux-x86_64 1.5.5 4.95 25.78 30.72 OK
r-release-osx-x86_64-mavericks 1.5.5 OK
r-release-windows-ix86+x86_64 1.5.5 16.00 64.00 80.00 OK
r-oldrel-windows-ix86+x86_64 1.5.5 15.00 65.00 80.00 OK

Check Details

Version: 1.5.5
Check: top-level files
Result: NOTE
    Non-standard file/directory found at top level:
     ‘vignetttes’
Flavors: r-devel-linux-x86_64-fedora-clang, r-devel-linux-x86_64-fedora-gcc