CRAN Package Check Results for Package limSolve

Last updated on 2017-03-26 21:47:55.

Flavor Version Tinstall Tcheck Ttotal Status Flags
r-devel-linux-x86_64-debian-clang 1.5.5.2 5.32 29.25 34.57 NOTE
r-devel-linux-x86_64-debian-gcc 1.5.5.2 5.30 29.17 34.47 NOTE
r-devel-linux-x86_64-fedora-clang 1.5.5.2 62.57 NOTE --no-stop-on-test-error
r-devel-linux-x86_64-fedora-gcc 1.5.5.2 60.47 NOTE --no-stop-on-test-error
r-devel-macos-x86_64-clang 1.5.5.2 51.11 NOTE --no-stop-on-test-error
r-devel-windows-ix86+x86_64 1.5.5.2 26.00 115.00 141.00 OK
r-patched-linux-x86_64 1.5.5.2 4.92 28.91 33.83 NOTE
r-patched-solaris-sparc 1.5.5.2 322.80 WARN
r-patched-solaris-x86 1.5.5.2 78.90 OK
r-release-linux-x86_64 1.5.5.2 4.76 26.76 31.52 OK
r-release-osx-x86_64-mavericks 1.5.5.2 OK
r-release-windows-ix86+x86_64 1.5.5.2 25.00 83.00 108.00 OK
r-oldrel-windows-ix86+x86_64 1.5.5.2 15.00 84.00 99.00 OK

Check Details

Version: 1.5.5.2
Check: compiled code
Result: NOTE
    File ‘limSolve/libs/limSolve.so’:
     Found no calls to: ‘R_registerRoutines’, ‘R_useDynamicSymbols’
    
    It is good practice to register native routines and to disable symbol
    search.
    
    See ‘Writing portable packages’ in the ‘Writing R Extensions’ manual.
Flavors: r-devel-linux-x86_64-debian-clang, r-devel-linux-x86_64-debian-gcc, r-patched-linux-x86_64

Version: 1.5.5.2
Flags: --no-stop-on-test-error
Check: compiled code
Result: NOTE
    File ‘limSolve/libs/limSolve.so’:
     Found no calls to: ‘R_registerRoutines’, ‘R_useDynamicSymbols’
    
    It is good practice to register native routines and to disable symbol
    search.
    
    See ‘Writing portable packages’ in the ‘Writing R Extensions’ manual.
Flavors: r-devel-linux-x86_64-fedora-clang, r-devel-linux-x86_64-fedora-gcc, r-devel-macos-x86_64-clang

Version: 1.5.5.2
Check: re-building of vignette outputs
Result: WARN
    Error in re-building vignettes:
     ...
    
     *** caught segfault ***
    address 2400000, cause 'memory not mapped'
    
    Traceback:
     1: lsei(E = E, F = F, A = diag(3), B = rep(0, 3), verbose = FALSE)
     2: eval(expr, .GlobalEnv)
     3: eval(expr, .GlobalEnv)
     4: withVisible(eval(expr, .GlobalEnv))
     5: doTryCatch(return(expr), name, parentenv, handler)
     6: tryCatchOne(expr, names, parentenv, handlers[[1L]])
     7: tryCatchList(expr, classes, parentenv, handlers)
     8: tryCatch(expr, error = function(e) { call <- conditionCall(e) if (!is.null(call)) { if (identical(call[[1L]], quote(doTryCatch))) call <- sys.call(-4L) dcall <- deparse(call)[1L] prefix <- paste("Error in", dcall, ": ") LONG <- 75L msg <- conditionMessage(e) sm <- strsplit(msg, "\n")[[1L]] w <- 14L + nchar(dcall, type = "w") + nchar(sm[1L], type = "w") if (is.na(w)) w <- 14L + nchar(dcall, type = "b") + nchar(sm[1L], type = "b") if (w > LONG) prefix <- paste0(prefix, "\n ") } else prefix <- "Error : " msg <- paste0(prefix, conditionMessage(e), "\n") .Internal(seterrmessage(msg[1L])) if (!silent && identical(getOption("show.error.messages"), TRUE)) { cat(msg, file = outFile) .Internal(printDeferredWarnings()) } invisible(structure(msg, class = "try-error", condition = e))})
     9: try(withVisible(eval(expr, .GlobalEnv)), silent = TRUE)
    10: evalFunc(ce, options)
    11: tryCatchList(expr, classes, parentenv, handlers)
    12: tryCatch(evalFunc(ce, options), finally = { cat("\n") sink()})
    13: driver$runcode(drobj, chunk, chunkopts)
    14: utils::Sweave(...)
    15: engine$weave(file, quiet = quiet, encoding = enc)
    16: doTryCatch(return(expr), name, parentenv, handler)
    17: tryCatchOne(expr, names, parentenv, handlers[[1L]])
    18: tryCatchList(expr, classes, parentenv, handlers)
    19: tryCatch({ engine$weave(file, quiet = quiet, encoding = enc) setwd(startdir) find_vignette_product(name, by = "weave", engine = engine)}, error = function(e) { stop(gettextf("processing vignette '%s' failed with diagnostics:\n%s", file, conditionMessage(e)), domain = NA, call. = FALSE)})
    20: buildVignettes(dir = "/home/ripley/R/packages/tests32/limSolve.Rcheck/vign_test/limSolve")
    An irrecoverable exception occurred. R is aborting now ...
Flavor: r-patched-solaris-sparc