CRAN Package Check Results for Package limSolve

Last updated on 2015-05-30 23:46:59.

Flavor Version Tinstall Tcheck Ttotal Status Flags
r-devel-linux-x86_64-debian-clang 1.5.5.1 4.80 30.89 35.70 NOTE
r-devel-linux-x86_64-debian-gcc 1.5.5.1 4.76 31.64 36.41 NOTE
r-devel-linux-x86_64-fedora-clang 1.5.5.1 69.13 NOTE
r-devel-linux-x86_64-fedora-gcc 1.5.5.1 66.90 NOTE
r-devel-osx-x86_64-clang 1.5.5.1 69.22 NOTE
r-devel-windows-ix86+x86_64 1.5.5.1 17.00 75.00 92.00 NOTE
r-patched-linux-x86_64 1.5.5.1 4.72 30.54 35.25 NOTE
r-patched-solaris-sparc 1.5.5.1 417.20 ERROR
r-patched-solaris-x86 1.5.5.1 88.00 NOTE
r-release-linux-x86_64 1.5.5.1 4.94 30.42 35.37 NOTE
r-release-osx-x86_64-mavericks 1.5.5.1 NOTE
r-release-osx-x86_64-snowleopard 1.5.5.1 NOTE
r-release-windows-ix86+x86_64 1.5.5.1 14.00 72.00 86.00 NOTE
r-oldrel-windows-ix86+x86_64 1.5.5.1 17.00 87.00 104.00 OK

Check Details

Version: 1.5.5.1
Check: DESCRIPTION meta-information
Result: NOTE
    Malformed Description field: should contain one or more complete sentences.
Flavors: r-devel-linux-x86_64-debian-clang, r-devel-linux-x86_64-debian-gcc, r-devel-linux-x86_64-fedora-clang, r-devel-linux-x86_64-fedora-gcc, r-devel-osx-x86_64-clang, r-devel-windows-ix86+x86_64, r-patched-linux-x86_64, r-patched-solaris-sparc, r-patched-solaris-x86, r-release-linux-x86_64, r-release-osx-x86_64-mavericks, r-release-osx-x86_64-snowleopard, r-release-windows-ix86+x86_64

Version: 1.5.5.1
Check: running R code from vignettes
Result: ERROR
    Errors in running code in vignettes:
    when running code in ‘limSolve.Rnw’
     ...
    
    > ldei(E = E, F = F)$X
    [1] 1.0 -0.4 -0.2
    
    > lsei(E = E, F = F, A = diag(3), B = rep(0, 3), verbose = FALSE)$X
    
     *** caught segfault ***
    address 1c00000, cause 'memory not mapped'
    
    ... incomplete output. Crash?
Flavor: r-patched-solaris-sparc

Version: 1.5.5.1
Check: re-building of vignette outputs
Result: NOTE
    Error in re-building vignettes:
     ...
    
     *** caught segfault ***
    address 1c00000, cause 'memory not mapped'
Flavor: r-patched-solaris-sparc