CRAN Package Check Results for Package limSolve

Last updated on 2017-01-24 17:50:35.

Flavor Version Tinstall Tcheck Ttotal Status Flags
r-devel-linux-x86_64-debian-clang 1.5.5.2 5.52 29.28 34.80 OK
r-devel-linux-x86_64-debian-gcc 1.5.5.2 5.79 28.38 34.17 OK
r-devel-linux-x86_64-fedora-clang 1.5.5.2 61.23 OK --no-stop-on-test-error
r-devel-linux-x86_64-fedora-gcc 1.5.5.2 61.31 OK --no-stop-on-test-error
r-devel-macos-x86_64-clang 1.5.5.2 51.84 OK --no-stop-on-test-error
r-devel-windows-ix86+x86_64 1.5.5.2 23.00 105.00 128.00 OK
r-patched-linux-x86_64 1.5.5.2 4.97 25.61 30.58 OK
r-patched-solaris-sparc 1.5.5.2 306.50 WARN
r-patched-solaris-x86 1.5.5.2 72.70 OK
r-release-linux-x86_64 1.5.5.2 4.89 25.79 30.68 OK
r-release-osx-x86_64-mavericks 1.5.5.2 OK
r-release-windows-ix86+x86_64 1.5.5.2 29.00 101.00 130.00 OK
r-oldrel-windows-ix86+x86_64 1.5.5.2 29.00 108.00 137.00 OK

Check Details

Version: 1.5.5.2
Check: re-building of vignette outputs
Result: WARN
    Error in re-building vignettes:
     ...
    
     *** caught segfault ***
    address 1c00000, cause 'memory not mapped'
Flavor: r-patched-solaris-sparc