CRAN Package Check Results for Package limSolve

Last updated on 2015-04-28 12:47:27.

Flavor Version Tinstall Tcheck Ttotal Status Flags
r-devel-linux-x86_64-debian-clang 1.5.5.1 4.68 31.05 35.74 NOTE
r-devel-linux-x86_64-debian-gcc 1.5.5.1 4.70 32.43 37.12 NOTE
r-devel-linux-x86_64-fedora-clang 1.5.5.1 70.95 NOTE
r-devel-linux-x86_64-fedora-gcc 1.5.5.1 67.83 NOTE
r-devel-osx-x86_64-clang 1.5.5.1 69.09 NOTE
r-devel-windows-ix86+x86_64 1.5.5.1 15.00 70.00 85.00 NOTE
r-patched-linux-x86_64 1.5.5.1 4.76 30.72 35.47 NOTE
r-patched-solaris-sparc 1.5.5.1 400.00 ERROR
r-patched-solaris-x86 1.5.5.1 87.10 NOTE
r-release-linux-x86_64 1.5.5.1 4.68 30.44 35.12 NOTE
r-release-osx-x86_64-mavericks 1.5.5.1 NOTE
r-release-osx-x86_64-snowleopard 1.5.5.1 NOTE
r-release-windows-ix86+x86_64 1.5.5.1 16.00 79.00 95.00 NOTE
r-oldrel-windows-ix86+x86_64 1.5.5.1 13.00 79.00 92.00 OK

Check Details

Version: 1.5.5.1
Check: DESCRIPTION meta-information
Result: NOTE
    Malformed Description field: should contain one or more complete sentences.
Flavors: r-devel-linux-x86_64-debian-clang, r-devel-linux-x86_64-debian-gcc, r-devel-linux-x86_64-fedora-clang, r-devel-linux-x86_64-fedora-gcc, r-devel-osx-x86_64-clang, r-devel-windows-ix86+x86_64, r-patched-linux-x86_64, r-patched-solaris-sparc, r-patched-solaris-x86, r-release-linux-x86_64, r-release-osx-x86_64-mavericks, r-release-osx-x86_64-snowleopard, r-release-windows-ix86+x86_64

Version: 1.5.5.1
Check: running R code from vignettes
Result: ERROR
    Errors in running code in vignettes:
    when running code in ‘limSolve.Rnw’
     ...
    
    > ldei(E = E, F = F)$X
    [1] 1.0 -0.4 -0.2
    
    > lsei(E = E, F = F, A = diag(3), B = rep(0, 3), verbose = FALSE)$X
    
     *** caught segfault ***
    address 1c00000, cause 'memory not mapped'
    
    ... incomplete output. Crash?
Flavor: r-patched-solaris-sparc

Version: 1.5.5.1
Check: re-building of vignette outputs
Result: NOTE
    Error in re-building vignettes:
     ...
    
     *** caught segfault ***
    address 1c00000, cause 'memory not mapped'
Flavor: r-patched-solaris-sparc