CRAN Package Check Results for Package limSolve

Last updated on 2015-06-30 09:46:58.

Flavor Version Tinstall Tcheck Ttotal Status Flags
r-devel-linux-x86_64-debian-clang 1.5.5.1 5.34 30.52 35.87 NOTE
r-devel-linux-x86_64-debian-gcc 1.5.5.1 4.75 30.38 35.12 NOTE
r-devel-linux-x86_64-fedora-clang 1.5.5.1 68.81 NOTE
r-devel-linux-x86_64-fedora-gcc 1.5.5.1 66.01 NOTE
r-devel-osx-x86_64-clang 1.5.5.1 65.07 NOTE
r-devel-windows-ix86+x86_64 1.5.5.1 21.00 71.00 92.00 NOTE
r-patched-linux-x86_64 1.5.5.1 4.65 31.80 36.45 NOTE
r-patched-solaris-sparc 1.5.5.1 417.20 ERROR
r-patched-solaris-x86 1.5.5.1 87.00 NOTE
r-release-linux-x86_64 1.5.5.1 4.73 31.70 36.43 NOTE
r-release-osx-x86_64-mavericks 1.5.5.1 NOTE
r-release-windows-ix86+x86_64 1.5.5.1 20.00 72.00 92.00 NOTE
r-oldrel-windows-ix86+x86_64 1.5.5.1 21.00 126.00 147.00 OK

Check Details

Version: 1.5.5.1
Check: DESCRIPTION meta-information
Result: NOTE
    Malformed Description field: should contain one or more complete sentences.
Flavors: r-devel-linux-x86_64-debian-clang, r-devel-linux-x86_64-debian-gcc, r-devel-linux-x86_64-fedora-clang, r-devel-linux-x86_64-fedora-gcc, r-devel-osx-x86_64-clang, r-devel-windows-ix86+x86_64, r-patched-linux-x86_64, r-patched-solaris-sparc, r-patched-solaris-x86, r-release-linux-x86_64, r-release-osx-x86_64-mavericks, r-release-windows-ix86+x86_64

Version: 1.5.5.1
Check: R code for possible problems
Result: NOTE
    ldei: no visible global function definition for ‘runif’
    xsample : mirror: no visible global function definition for ‘rnorm’
    xsample : cda: no visible global function definition for ‘runif’
    xsample : rda: no visible global function definition for ‘rnorm’
    xsample : rda: no visible global function definition for ‘runif’
    xsample : test: no visible global function definition for ‘runif’
    xsample: no visible global function definition for ‘rgamma’
Flavors: r-devel-linux-x86_64-debian-clang, r-devel-linux-x86_64-debian-gcc, r-devel-windows-ix86+x86_64

Version: 1.5.5.1
Check: running R code from vignettes
Result: ERROR
    Errors in running code in vignettes:
    when running code in ‘limSolve.Rnw’
     ...
    
    > ldei(E = E, F = F)$X
    [1] 1.0 -0.4 -0.2
    
    > lsei(E = E, F = F, A = diag(3), B = rep(0, 3), verbose = FALSE)$X
    
     *** caught segfault ***
    address 1c00000, cause 'memory not mapped'
    
    ... incomplete output. Crash?
Flavor: r-patched-solaris-sparc

Version: 1.5.5.1
Check: re-building of vignette outputs
Result: NOTE
    Error in re-building vignettes:
     ...
    
     *** caught segfault ***
    address 1c00000, cause 'memory not mapped'
Flavor: r-patched-solaris-sparc