CRAN Package Check Results for Package limSolve

Last updated on 2014-12-21 11:46:37.

Flavor Version Tinstall Tcheck Ttotal Status Flags
r-devel-linux-x86_64-debian-clang 1.5.5.1 5.12 32.76 37.88 OK
r-devel-linux-x86_64-debian-gcc 1.5.5.1 4.89 32.41 37.30 OK
r-devel-linux-x86_64-fedora-clang 1.5.5.1 75.77 OK
r-devel-linux-x86_64-fedora-gcc 1.5.5.1 67.77 OK
r-devel-osx-x86_64-clang 1.5.5.1 73.70 OK
r-devel-windows-ix86+x86_64 1.5.5.1 15.00 75.00 90.00 OK
r-patched-linux-x86_64 1.5.5.1 5.10 33.82 38.92 OK
r-patched-solaris-sparc 1.5.5.1 355.10 ERROR
r-patched-solaris-x86 1.5.5.1 93.60 OK
r-release-linux-ix86 1.5.5.1 6.97 44.66 51.63 OK
r-release-linux-x86_64 1.5.5.1 5.15 33.71 38.86 OK
r-release-osx-x86_64-mavericks 1.5.5.1 OK
r-release-osx-x86_64-snowleopard 1.5.5.1 OK
r-release-windows-ix86+x86_64 1.5.5.1 16.00 80.00 96.00 OK
r-oldrel-windows-ix86+x86_64 1.5.5.1 15.00 93.00 108.00 OK

Check Details

Version: 1.5.5.1
Check: running R code from vignettes
Result: ERROR
    Errors in running code in vignettes:
    when running code in ‘limSolve.Rnw’
     ...
    
    > ldei(E = E, F = F)$X
    [1] 1.0 -0.4 -0.2
    
    > lsei(E = E, F = F, A = diag(3), B = rep(0, 3), verbose = FALSE)$X
    
     *** caught segfault ***
    address 1800000, cause 'memory not mapped'
    
    ... incomplete output. Crash?
Flavor: r-patched-solaris-sparc