CRAN Package Check Results for Package limSolve

Last updated on 2014-07-31 11:51:11.

Flavor Version Tinstall Tcheck Ttotal Status Flags
r-devel-linux-x86_64-debian-clang 1.5.5 4.87 24.32 29.19 OK
r-devel-linux-x86_64-debian-gcc 1.5.5 5.04 24.50 29.54 OK
r-devel-linux-x86_64-fedora-clang 1.5.5 56.33 NOTE
r-devel-linux-x86_64-fedora-gcc 1.5.5 53.85 NOTE
r-devel-osx-x86_64-clang 1.5.5 52.81 OK
r-devel-windows-ix86+x86_64 1.5.5 13.00 57.00 70.00 OK
r-patched-linux-x86_64 1.5.5 5.16 24.24 29.40 OK
r-patched-solaris-sparc 1.5.5 406.70 OK
r-patched-solaris-x86 1.5.5 75.10 OK
r-release-linux-ix86 1.5.5 7.24 36.66 43.90 OK
r-release-linux-x86_64 1.5.5 5.20 24.54 29.74 OK
r-release-osx-x86_64-mavericks 1.5.5 OK
r-release-windows-ix86+x86_64 1.5.5 20.00 80.00 100.00 OK
r-oldrel-windows-ix86+x86_64 1.5.5 21.00 87.00 108.00 OK

Check Details

Version: 1.5.5
Check: top-level files
Result: NOTE
    Non-standard file/directory found at top level:
     vignetttes
Flavors: r-devel-linux-x86_64-fedora-clang, r-devel-linux-x86_64-fedora-gcc