CRAN Package Check Results for Package limSolve

Last updated on 2014-08-20 17:47:45.

Flavor Version Tinstall Tcheck Ttotal Status Flags
r-devel-linux-x86_64-debian-clang 1.5.5 4.92 25.13 30.05 OK
r-devel-linux-x86_64-debian-gcc 1.5.5 5.06 24.15 29.22 OK
r-devel-linux-x86_64-fedora-clang 1.5.5 57.17 NOTE
r-devel-linux-x86_64-fedora-gcc 1.5.5 54.68 NOTE
r-devel-osx-x86_64-clang 1.5.5 51.91 OK
r-devel-windows-ix86+x86_64 1.5.5 14.00 60.00 74.00 OK
r-patched-linux-x86_64 1.5.5 4.80 24.31 29.11 OK
r-patched-solaris-sparc 1.5.5 406.70 OK
r-patched-solaris-x86 1.5.5 75.20 OK
r-release-linux-ix86 1.5.5 7.24 36.57 43.81 OK
r-release-linux-x86_64 1.5.5 4.85 25.14 29.98 OK
r-release-osx-x86_64-mavericks 1.5.5 OK
r-release-windows-ix86+x86_64 1.5.5 14.00 60.00 74.00 OK
r-oldrel-windows-ix86+x86_64 1.5.5 17.00 66.00 83.00 OK

Check Details

Version: 1.5.5
Check: top-level files
Result: NOTE
    Non-standard file/directory found at top level:
     ‘vignetttes’
Flavors: r-devel-linux-x86_64-fedora-clang, r-devel-linux-x86_64-fedora-gcc