CRAN Package Check Results for Package limSolve

Last updated on 2015-01-31 19:51:27.

Flavor Version Tinstall Tcheck Ttotal Status Flags
r-devel-linux-x86_64-debian-clang 1.5.5.1 4.78 31.40 36.18 OK
r-devel-linux-x86_64-debian-gcc 1.5.5.1 5.09 30.82 35.91 OK
r-devel-linux-x86_64-fedora-clang 1.5.5.1 73.29 OK
r-devel-linux-x86_64-fedora-gcc 1.5.5.1 71.16 OK
r-devel-osx-x86_64-clang 1.5.5.1 75.75 OK
r-devel-windows-ix86+x86_64 1.5.5.1 21.00 73.00 94.00 OK
r-patched-linux-x86_64 1.5.5.1 5.04 33.70 38.74 OK
r-patched-solaris-sparc 1.5.5.1 5796.30 ERROR
r-patched-solaris-x86 1.5.5.1 96.40 OK
r-release-linux-ix86 1.5.5.1 6.93 48.54 55.47 OK
r-release-linux-x86_64 1.5.5.1 5.04 33.38 38.43 OK
r-release-osx-x86_64-mavericks 1.5.5.1 OK
r-release-osx-x86_64-snowleopard 1.5.5.1 OK
r-release-windows-ix86+x86_64 1.5.5.1 15.00 73.00 88.00 OK
r-oldrel-windows-ix86+x86_64 1.5.5.1 16.00 80.00 96.00 OK

Check Details

Version: 1.5.5.1
Check: running R code from vignettes
Result: ERROR
    Errors in running code in vignettes:
    when running code in ‘limSolve.Rnw’
     ...
    
    > ldei(E = E, F = F)$X
    [1] 1.0 -0.4 -0.2
    
    > lsei(E = E, F = F, A = diag(3), B = rep(0, 3), verbose = FALSE)$X
    
     *** caught segfault ***
    address 1800000, cause 'memory not mapped'
    
    ... incomplete output. Crash?
Flavor: r-patched-solaris-sparc