CRAN Package Check Results for Package limSolve

Last updated on 2016-08-27 06:47:37.

Flavor Version Tinstall Tcheck Ttotal Status Flags
r-devel-linux-x86_64-debian-clang 1.5.5.1 5.14 30.62 35.76 NOTE
r-devel-linux-x86_64-debian-gcc 1.5.5.1 6.69 37.57 44.26 NOTE
r-devel-linux-x86_64-fedora-clang 1.5.5.1 65.02 NOTE
r-devel-linux-x86_64-fedora-gcc 1.5.5.1 60.81 NOTE
r-devel-osx-x86_64-clang 1.5.5.1 52.02 NOTE
r-devel-windows-ix86+x86_64 1.5.5.1 20.00 79.00 99.00 ERROR
r-patched-linux-x86_64 1.5.5.1 4.94 29.11 34.05 NOTE
r-patched-solaris-sparc 1.5.5.1 379.90 WARN
r-patched-solaris-x86 1.5.5.1 76.40 NOTE
r-release-linux-x86_64 1.5.5.1 4.81 30.55 35.36 NOTE
r-release-osx-x86_64-mavericks 1.5.5.1 NOTE
r-release-windows-ix86+x86_64 1.5.5.1 22.00 85.00 107.00 ERROR
r-oldrel-windows-ix86+x86_64 1.5.5.1 14.00 118.00 132.00 NOTE

Check Details

Version: 1.5.5.1
Check: DESCRIPTION meta-information
Result: NOTE
    Malformed Description field: should contain one or more complete sentences.
Flavors: r-devel-linux-x86_64-debian-clang, r-devel-linux-x86_64-debian-gcc, r-devel-linux-x86_64-fedora-clang, r-devel-linux-x86_64-fedora-gcc, r-devel-osx-x86_64-clang, r-devel-windows-ix86+x86_64, r-patched-linux-x86_64, r-patched-solaris-sparc, r-patched-solaris-x86, r-release-linux-x86_64, r-release-osx-x86_64-mavericks, r-release-windows-ix86+x86_64, r-oldrel-windows-ix86+x86_64

Version: 1.5.5.1
Check: R code for possible problems
Result: NOTE
    ldei: no visible global function definition for ‘runif’
    xsample : mirror: no visible global function definition for ‘rnorm’
    xsample : cda: no visible global function definition for ‘runif’
    xsample : rda: no visible global function definition for ‘rnorm’
    xsample : rda: no visible global function definition for ‘runif’
    xsample : test: no visible global function definition for ‘runif’
    xsample: no visible global function definition for ‘rgamma’
    Undefined global functions or variables:
     rgamma rnorm runif
    Consider adding
     importFrom("stats", "rgamma", "rnorm", "runif")
    to your NAMESPACE file.
Flavors: r-devel-linux-x86_64-debian-clang, r-devel-linux-x86_64-debian-gcc, r-devel-linux-x86_64-fedora-clang, r-devel-linux-x86_64-fedora-gcc, r-devel-osx-x86_64-clang, r-devel-windows-ix86+x86_64, r-patched-linux-x86_64, r-patched-solaris-sparc, r-patched-solaris-x86, r-release-linux-x86_64, r-release-osx-x86_64-mavericks, r-release-windows-ix86+x86_64

Version: 1.5.5.1
Check: running examples for arch ‘i386’
Result: ERROR
    Running examples in 'limSolve-Ex.R' failed
    The error most likely occurred in:
    
    > ### Name: RigaWeb
    > ### Title: An underdetermined linear inverse problem: the Gulf of Riga
    > ### *spring* planktonic food web
    > ### Aliases: RigaWeb
    > ### Keywords: datasets
    >
    > ### ** Examples
    >
    >
    > E <- RigaWeb$A
    > F <- RigaWeb$B
    > G <- RigaWeb$G
    > H <- RigaWeb$H
    >
    > # 1. parsimonious (simplest) solution
    > pars <- lsei(E = E, F = F, G = G, H = H)$X
    >
    > # 2.ranges of all unknowns, including the central value
    > xr <- xranges(E = E, F = F, G = G, H = H, central = TRUE)
    Warning in xranges(E = E, F = F, G = G, H = H, central = TRUE) :
     cannot proceed: problem not solvable at requested tolerance 1e-08
    >
    > # the central point is a valid solution:
    > X <- xr[,"central"]
    Error in xr[, "central"] : no 'dimnames' attribute for array
    Execution halted
Flavors: r-devel-windows-ix86+x86_64, r-release-windows-ix86+x86_64

Version: 1.5.5.1
Check: re-building of vignette outputs
Result: WARN
    Error in re-building vignettes:
     ...
    
     *** caught segfault ***
    address 27a000, cause 'memory not mapped'
Flavor: r-patched-solaris-sparc