CRAN Package Check Results for Package limSolve

Last updated on 2014-10-21 17:49:16.

Flavor Version Tinstall Tcheck Ttotal Status Flags
r-devel-linux-x86_64-debian-clang 1.5.5 5.02 26.32 31.34 NOTE
r-devel-linux-x86_64-debian-gcc 1.5.5 5.03 24.99 30.02 NOTE
r-devel-linux-x86_64-fedora-clang 1.5.5 57.25 NOTE
r-devel-linux-x86_64-fedora-gcc 1.5.5 52.64 NOTE
r-devel-osx-x86_64-clang 1.5.5 51.74 OK
r-devel-windows-ix86+x86_64 1.5.5 15.00 63.00 78.00 OK
r-patched-linux-x86_64 1.5.5 5.10 25.06 30.16 NOTE
r-patched-solaris-sparc 1.5.5 406.70 OK
r-patched-solaris-x86 1.5.5 75.40 OK
r-release-linux-ix86 1.5.5 7.19 36.71 43.90 OK
r-release-linux-x86_64 1.5.5 4.98 25.19 30.18 NOTE
r-release-osx-x86_64-mavericks 1.5.5 OK
r-release-windows-ix86+x86_64 1.5.5 14.00 60.00 74.00 OK
r-oldrel-windows-ix86+x86_64 1.5.5 15.00 60.00 75.00 OK

Check Details

Version: 1.5.5
Check: top-level files
Result: NOTE
    Non-standard file/directory found at top level:
     ‘vignetttes’
Flavors: r-devel-linux-x86_64-debian-clang, r-devel-linux-x86_64-debian-gcc, r-devel-linux-x86_64-fedora-clang, r-devel-linux-x86_64-fedora-gcc, r-patched-linux-x86_64, r-release-linux-x86_64