CRAN Package Check Results for Package limSolve

Last updated on 2014-09-17 16:46:35.

Flavor Version Tinstall Tcheck Ttotal Status Flags
r-devel-linux-x86_64-debian-clang 1.5.5 5.03 24.81 29.84 NOTE
r-devel-linux-x86_64-debian-gcc 1.5.5 5.96 24.16 30.12 NOTE
r-devel-linux-x86_64-fedora-clang 1.5.5 55.27 NOTE
r-devel-linux-x86_64-fedora-gcc 1.5.5 53.89 NOTE
r-devel-osx-x86_64-clang 1.5.5 52.19 OK
r-devel-windows-ix86+x86_64 1.5.5 13.00 55.00 68.00 OK
r-patched-linux-x86_64 1.5.5 4.99 24.47 29.46 OK
r-patched-solaris-sparc 1.5.5 406.70 OK
r-patched-solaris-x86 1.5.5 73.90 OK
r-release-linux-ix86 1.5.5 7.22 36.31 43.53 OK
r-release-linux-x86_64 1.5.5 5.02 24.88 29.90 NOTE
r-release-osx-x86_64-mavericks 1.5.5 OK
r-release-windows-ix86+x86_64 1.5.5 14.00 61.00 75.00 OK
r-oldrel-windows-ix86+x86_64 1.5.5 15.00 63.00 78.00 OK

Check Details

Version: 1.5.5
Check: top-level files
Result: NOTE
    Non-standard file/directory found at top level:
     ‘vignetttes’
Flavors: r-devel-linux-x86_64-debian-clang, r-devel-linux-x86_64-debian-gcc, r-devel-linux-x86_64-fedora-clang, r-devel-linux-x86_64-fedora-gcc, r-release-linux-x86_64