CRAN Package Check Results for Package limSolve

Last updated on 2016-02-05 21:47:44.

Flavor Version Tinstall Tcheck Ttotal Status Flags
r-devel-linux-x86_64-debian-gcc 1.5.5.1 5.02 28.16 33.18 NOTE
r-devel-linux-x86_64-fedora-clang 1.5.5.1 62.30 NOTE
r-devel-linux-x86_64-fedora-gcc 1.5.5.1 59.73 NOTE
r-devel-osx-x86_64-clang 1.5.5.1 68.83 NOTE
r-devel-windows-ix86+x86_64 1.5.5.1 19.00 101.00 120.00 NOTE
r-patched-linux-x86_64 1.5.5.1 5.02 30.57 35.59 NOTE
r-patched-solaris-sparc 1.5.5.1 380.10 ERROR
r-patched-solaris-x86 1.5.5.1 80.20 NOTE
r-release-linux-x86_64 1.5.5.1 5.03 30.85 35.88 NOTE
r-release-osx-x86_64-mavericks 1.5.5.1 NOTE
r-release-windows-ix86+x86_64 1.5.5.1 19.00 79.00 98.00 NOTE
r-oldrel-windows-ix86+x86_64 1.5.5.1 19.00 95.00 114.00 OK

Check Details

Version: 1.5.5.1
Check: DESCRIPTION meta-information
Result: NOTE
    Malformed Description field: should contain one or more complete sentences.
Flavors: r-devel-linux-x86_64-debian-gcc, r-devel-linux-x86_64-fedora-clang, r-devel-linux-x86_64-fedora-gcc, r-devel-osx-x86_64-clang, r-devel-windows-ix86+x86_64, r-patched-linux-x86_64, r-patched-solaris-sparc, r-patched-solaris-x86, r-release-linux-x86_64, r-release-osx-x86_64-mavericks, r-release-windows-ix86+x86_64

Version: 1.5.5.1
Check: R code for possible problems
Result: NOTE
    ldei: no visible global function definition for ‘runif’
    xsample : mirror: no visible global function definition for ‘rnorm’
    xsample : cda: no visible global function definition for ‘runif’
    xsample : rda: no visible global function definition for ‘rnorm’
    xsample : rda: no visible global function definition for ‘runif’
    xsample : test: no visible global function definition for ‘runif’
    xsample: no visible global function definition for ‘rgamma’
    Undefined global functions or variables:
     rgamma rnorm runif
    Consider adding
     importFrom("stats", "rgamma", "rnorm", "runif")
    to your NAMESPACE.
Flavors: r-devel-linux-x86_64-debian-gcc, r-devel-linux-x86_64-fedora-clang, r-devel-linux-x86_64-fedora-gcc, r-devel-windows-ix86+x86_64

Version: 1.5.5.1
Check: running R code from vignettes
Result: ERROR
    Errors in running code in vignettes:
    when running code in ‘limSolve.Rnw’
     ...
    
    > ldei(E = E, F = F)$X
    [1] 1.0 -0.4 -0.2
    
    > lsei(E = E, F = F, A = diag(3), B = rep(0, 3), verbose = FALSE)$X
    
     *** caught segfault ***
    address 272000, cause 'memory not mapped'
    
    ... incomplete output. Crash?
Flavor: r-patched-solaris-sparc

Version: 1.5.5.1
Check: re-building of vignette outputs
Result: NOTE
    Error in re-building vignettes:
     ...
    address ffe9add0, cause 'memory not mapped'
    
    Traceback:
     1: .Fortran("lsei", NUnknowns = Nx, NEquations = Neq, NConstraints = Nin, NApproximate = Napp, A = A, B = B, E = E, F = F, G = G, H = H, X = as.vector(rep(0, Nx)), mIP = as.integer(mIP), mdW = as.integer(mdW), mWS = as.integer(mWS), IP = as.integer(rep(0, mIP)), W = as.double(matrix(data = 0, nrow = mdW, ncol = Nx + 1)), WS = as.double(rep(0, mWS)), lpr = as.integer(lpr), ProgOpt = as.double(ProgOpt), verbose = as.logical(verbose), IsError = as.logical(IsError))
     2: lsei(E = E, F = F, A = diag(3), B = rep(0, 3), verbose = FALSE)
     3: eval(expr, envir, enclos)
     4: eval(expr, .GlobalEnv)
     5: withVisible(eval(expr, .GlobalEnv))
     6: doTryCatch(return(expr), name, parentenv, handler)
     7: tryCatchOne(expr, names, parentenv, handlers[[1L]])
     8: tryCatchList(expr, classes, parentenv, handlers)
     9: tryCatch(expr, error = function(e) { call <- conditionCall(e) if (!is.null(call)) { if (identical(call[[1L]], quote(doTryCatch))) call <- sys.call(-4L) dcall <- deparse(call)[1L] prefix <- paste("Error in", dcall, ": ") LONG <- 75L msg <- conditionMessage(e) sm <- strsplit(msg, "\n")[[1L]] w <- 14L + nchar(dcall, type = "w") + nchar(sm[1L], type = "w") if (is.na(w)) w <- 14L + nchar(dcall, type = "b") + nchar(sm[1L], type = "b") if (w > LONG) prefix <- paste0(prefix, "\n ") } else prefix <- "Error : " msg <- paste0(prefix, conditionMessage(e), "\n") .Internal(seterrmessage(msg[1L])) if (!silent && identical(getOption("show.error.messages"), TRUE)) { cat(msg, file = stderr()) .Internal(printDeferredWarnings()) } invisible(structure(msg, class = "try-error", condition = e))})
    10: try(withVisible(eval(expr, .GlobalEnv)), silent = TRUE)
    11: evalFunc(ce, options)
    12: tryCatchList(expr, classes, parentenv, handlers)
    13: tryCatch(evalFunc(ce, options), finally = { cat("\n") sink()})
    14: driver$runcode(drobj, chunk, chunkopts)
    15: utils::Sweave(...)
    16: engine$weave(file, quiet = quiet, encoding = enc)
    17: doTryCatch(return(expr), name, parentenv, handler)
    18: tryCatchOne(expr, names, parentenv, handlers[[1L]])
    19: tryCatchList(expr, classes, parentenv, handlers)
    20: tryCatch({ engine$weave(file, quiet = quiet, encoding = enc) setwd(startdir) find_vignette_product(name, by = "weave", engine = engine)}, error = function(e) { stop(gettextf("processing vignette '%s' failed with diagnostics:\n%s", file, conditionMessage(e)), domain = NA, call. = FALSE)})
    21: buildVignettes(dir = "/home/ripley/R/packages/tests32/limSolve.Rcheck/vign_test/limSolve")
    aborting ...
Flavor: r-patched-solaris-sparc