CRAN Package Check Results for Package linERR

Last updated on 2019-03-20 16:49:06 CET.

Flavor Version Tinstall Tcheck Ttotal Status Flags
r-devel-linux-x86_64-debian-clang 1.0 8.32 70.85 79.17 OK
r-devel-linux-x86_64-debian-gcc 1.0 5.84 56.69 62.53 OK
r-devel-linux-x86_64-fedora-clang 1.0 94.36 NOTE
r-devel-linux-x86_64-fedora-gcc 1.0 89.89 NOTE
r-devel-windows-ix86+x86_64 1.0 18.00 149.00 167.00 OK
r-patched-linux-x86_64 1.0 4.55 67.15 71.70 OK
r-patched-solaris-x86 1.0 147.90 OK
r-release-linux-x86_64 1.0 5.04 66.39 71.43 OK
r-release-windows-ix86+x86_64 1.0 15.00 151.00 166.00 OK
r-release-osx-x86_64 1.0 OK
r-oldrel-windows-ix86+x86_64 1.0 14.00 141.00 155.00 OK
r-oldrel-osx-x86_64 1.0 OK

Check Details

Version: 1.0
Check: compiled code
Result: NOTE
    File ‘linERR/libs/linERR.so’:
     Found no calls to: ‘R_registerRoutines’, ‘R_useDynamicSymbols’
    
    It is good practice to register native routines and to disable symbol
    search.
    
    See ‘Writing portable packages’ in the ‘Writing R Extensions’ manual.
Flavors: r-devel-linux-x86_64-fedora-clang, r-devel-linux-x86_64-fedora-gcc