CRAN Package Check Results for Package linERR

Last updated on 2019-05-21 10:48:26 CEST.

Flavor Version Tinstall Tcheck Ttotal Status Flags
r-devel-linux-x86_64-debian-clang 1.0 7.47 69.07 76.54 OK
r-devel-linux-x86_64-debian-gcc 1.0 6.28 56.88 63.16 OK
r-devel-linux-x86_64-fedora-clang 1.0 93.31 NOTE
r-devel-linux-x86_64-fedora-gcc 1.0 95.99 NOTE
r-devel-windows-ix86+x86_64 1.0 22.00 116.00 138.00 OK
r-patched-linux-x86_64 1.0 7.14 69.85 76.99 OK
r-patched-solaris-x86 1.0 157.10 OK
r-release-linux-x86_64 1.0 7.10 68.88 75.98 OK
r-release-windows-ix86+x86_64 1.0 23.00 146.00 169.00 OK
r-release-osx-x86_64 1.0 OK
r-oldrel-windows-ix86+x86_64 1.0 10.00 113.00 123.00 OK
r-oldrel-osx-x86_64 1.0 OK

Check Details

Version: 1.0
Check: compiled code
Result: NOTE
    File ‘linERR/libs/linERR.so’:
     Found no calls to: ‘R_registerRoutines’, ‘R_useDynamicSymbols’
    
    It is good practice to register native routines and to disable symbol
    search.
    
    See ‘Writing portable packages’ in the ‘Writing R Extensions’ manual.
Flavors: r-devel-linux-x86_64-fedora-clang, r-devel-linux-x86_64-fedora-gcc