CRAN Package Check Results for Package linearQ

Last updated on 2018-09-18 19:49:31 CEST.

Flavor Version Tinstall Tcheck Ttotal Status Flags
r-devel-linux-x86_64-debian-clang 1.0 25.29 23.71 49.00 WARN
r-devel-linux-x86_64-debian-gcc 1.0 21.40 19.36 40.76 OK
r-devel-linux-x86_64-fedora-clang 1.0 74.09 OK
r-devel-linux-x86_64-fedora-gcc 1.0 64.01 OK
r-devel-windows-ix86+x86_64 1.0 51.00 71.00 122.00 OK
r-patched-linux-x86_64 1.0 25.61 20.85 46.46 OK
r-patched-solaris-x86 1.0 68.00 OK
r-release-linux-x86_64 1.0 30.34 21.26 51.60 OK
r-release-windows-ix86+x86_64 1.0 69.00 54.00 123.00 OK
r-release-osx-x86_64 1.0 OK
r-oldrel-windows-ix86+x86_64 1.0 47.00 51.00 98.00 OK
r-oldrel-osx-x86_64 1.0 OK

Check Details

Version: 1.0
Check: whether package can be installed
Result: WARN
    Found the following significant warnings:
     auxFun.cpp:16:10: warning: using integer absolute value function 'abs' when argument is of floating point type [-Wabsolute-value]
Flavor: r-devel-linux-x86_64-debian-clang