CRAN Package Check Results for Package linearQ

Last updated on 2018-11-18 10:50:03 CET.

Flavor Version Tinstall Tcheck Ttotal Status Flags
r-devel-linux-x86_64-debian-clang 1.0 23.51 22.43 45.94 WARN
r-devel-linux-x86_64-debian-gcc 1.0 21.13 18.33 39.46 OK
r-devel-linux-x86_64-fedora-clang 1.0 69.31 OK
r-devel-linux-x86_64-fedora-gcc 1.0 63.01 OK
r-devel-windows-ix86+x86_64 1.0 67.00 50.00 117.00 OK
r-patched-linux-x86_64 1.0 28.54 21.29 49.83 OK
r-patched-solaris-x86 1.0 72.50 OK
r-release-linux-x86_64 1.0 24.20 21.10 45.30 OK
r-release-windows-ix86+x86_64 1.0 68.00 69.00 137.00 OK
r-release-osx-x86_64 1.0 OK
r-oldrel-windows-ix86+x86_64 1.0 68.00 64.00 132.00 OK
r-oldrel-osx-x86_64 1.0 OK

Check Details

Version: 1.0
Check: whether package can be installed
Result: WARN
    Found the following significant warnings:
     auxFun.cpp:16:10: warning: using integer absolute value function 'abs' when argument is of floating point type [-Wabsolute-value]
Flavor: r-devel-linux-x86_64-debian-clang