CRAN Package Check Results for Package linearQ

Last updated on 2019-02-16 00:52:58 CET.

Flavor Version Tinstall Tcheck Ttotal Status Flags
r-devel-linux-x86_64-debian-clang 1.0 25.55 22.92 48.47 WARN
r-devel-linux-x86_64-debian-gcc 1.0 18.79 18.10 36.89 OK
r-devel-linux-x86_64-fedora-clang 1.0 72.04 OK
r-devel-linux-x86_64-fedora-gcc 1.0 63.87 OK
r-devel-windows-ix86+x86_64 1.0 89.00 58.00 147.00 OK
r-patched-linux-x86_64 1.0 26.50 21.14 47.64 OK
r-patched-solaris-x86 1.0 68.40 OK
r-release-linux-x86_64 1.0 26.00 21.14 47.14 OK
r-release-windows-ix86+x86_64 1.0 45.00 78.00 123.00 OK
r-release-osx-x86_64 1.0 OK
r-oldrel-windows-ix86+x86_64 1.0 66.00 73.00 139.00 OK
r-oldrel-osx-x86_64 1.0 OK

Check Details

Version: 1.0
Check: whether package can be installed
Result: WARN
    Found the following significant warnings:
     auxFun.cpp:16:10: warning: using integer absolute value function 'abs' when argument is of floating point type [-Wabsolute-value]
Flavor: r-devel-linux-x86_64-debian-clang