CRAN Package Check Results for Package linkcomm

Last updated on 2014-04-25 05:47:18.

Flavor Version Tinstall Tcheck Ttotal Status Flags
r-devel-linux-x86_64-debian-clang 1.0-8 8.30 33.76 42.06 OK
r-devel-linux-x86_64-debian-gcc 1.0-8 12.08 33.67 45.74 OK
r-devel-linux-x86_64-fedora-clang 1.0-8 100.15 OK
r-devel-linux-x86_64-fedora-gcc 1.0-8 89.86 OK
r-devel-osx-x86_64-clang 1.0-8 77.55 OK
r-devel-osx-x86_64-gcc 1.0-8 ERROR
r-devel-windows-ix86+x86_64 1.0-8 33.00 70.00 103.00 OK
r-patched-linux-x86_64 1.0-8 12.01 34.28 46.30 OK
r-patched-solaris-sparc 1.0-8 2198.40 OK
r-patched-solaris-x86 1.0-8 131.70 OK
r-release-linux-ix86 1.0-8 20.00 56.00 76.00 OK
r-release-linux-x86_64 1.0-8 12.30 35.20 47.50 OK
r-release-osx-x86_64-mavericks 1.0-8 WARN
r-release-osx-x86_64-snowleopard 1.0-8 OK
r-release-windows-ix86+x86_64 1.0-8 37.00 76.00 113.00 OK
r-oldrel-windows-ix86+x86_64 1.0-8 36.00 78.00 114.00 OK

Memtest notes: valgrind

Check Details

Version: 1.0-8
Check: package dependencies
Result: ERROR
    Package required but not available: ‘igraph’
    
    See the information on DESCRIPTION files in the chapter ‘Creating R
    packages’ of the ‘Writing R Extensions’ manual.
Flavor: r-devel-osx-x86_64-gcc

Version: 1.0-8
Check: re-building of vignette outputs
Result: NOTE
    Error in re-building vignettes:
     ...
    Loading required package: RColorBrewer
    
    Welcome to linkcomm version 1.0-8
    
    For a step-by-step guide to using linkcomm functions:
     > vignette(topic = "linkcomm", package = "linkcomm")
    To run an interactive demo:
     > demo(topic = "linkcomm", package = "linkcomm")
    To cite, see:
     > citation("linkcomm")
    NOTE: To use linkcomm, you require read and write permissions in the current directory (see: help("getwd"), help("setwd"))
    
    The "ward" method has been renamed to "ward.D"; note new "ward.D2"
    Error in texi2dvi(file = file, pdf = TRUE, clean = clean, quiet = quiet, :
     Running 'texi2dvi' on 'linkcomm.tex' failed.
    LaTeX errors:
    ! LaTeX Error: File `sectsty.sty' not found.
    
    Type X to quit or <RETURN> to proceed,
    or enter new name. (Default extension: sty)
    
    n_test/linkcomm/vignettes/linkcomm.tex:11: ==> Fatal error occurred, no output
     PDF file produced!
    Calls: buildVignettes -> texi2pdf -> texi2dvi
    Execution halted
Flavor: r-release-osx-x86_64-mavericks

Version: 1.0-8
Check: PDF version of manual
Result: WARNING
    LaTeX errors when creating PDF version.
    This typically indicates Rd problems.
    LaTeX errors found:
    ! LaTeX Error: File `upquote.sty' not found.
    
    Type X to quit or <RETURN> to proceed,
    or enter new name. (Default extension: sty)
    
    /private/tmp/RtmpDGTb1b/Rd2pdf29db13495241/Rd2.tex:8: ==> Fatal error occurred
    , no output PDF file produced!
Flavor: r-release-osx-x86_64-mavericks