CRAN Package Check Results for Package linkcomm

Last updated on 2015-02-01 11:47:15.

Flavor Version Tinstall Tcheck Ttotal Status Flags
r-devel-linux-x86_64-debian-clang 1.0-11 8.94 33.30 42.23 OK
r-devel-linux-x86_64-debian-gcc 1.0-11 12.43 32.70 45.13 OK
r-devel-linux-x86_64-fedora-clang 1.0-11 108.15 OK
r-devel-linux-x86_64-fedora-gcc 1.0-11 85.08 OK
r-devel-osx-x86_64-clang 1.0-11 93.59 OK
r-devel-windows-ix86+x86_64 1.0-11 53.00 66.00 119.00 OK
r-patched-linux-x86_64 1.0-11 14.30 36.70 51.00 OK
r-patched-solaris-sparc 1.0-11 1944.50 ERROR
r-patched-solaris-x86 1.0-11 134.80 OK
r-release-linux-ix86 1.0-11 16.06 45.81 61.87 OK
r-release-linux-x86_64 1.0-11 13.37 35.47 48.84 OK
r-release-osx-x86_64-mavericks 1.0-11 OK
r-release-osx-x86_64-snowleopard 1.0-11 OK
r-release-windows-ix86+x86_64 1.0-11 39.00 79.00 118.00 OK
r-oldrel-windows-ix86+x86_64 1.0-11 39.00 90.00 129.00 OK

Check Details

Version: 1.0-11
Check: examples
Result: ERROR
    Running examples in ‘linkcomm-Ex.R’ failed
    The error most likely occurred in:
    
    > ### Name: getLinkCommunities
    > ### Title: Extract Link Communities from a Network
    > ### Aliases: getLinkCommunities
    >
    > ### ** Examples
    >
    > ## Generate graph and extract link communities.
    > g <- swiss[,3:4]
    > lc <- getLinkCommunities(g)
    
     Found and removed 4 loop(s)
     Found and removed 2 duplicate edge(s)
    
     Hierarchical clustering of edges...
    
     Maximum partition density = 0.2601626
     Finishing up...1/4... 12%
     Finishing up...1/4... 25%
     Finishing up...1/4... 37%
     Finishing up...1/4... 50%
     Finishing up...1/4... 62%
     Finishing up...1/4... 75%
     Finishing up...1/4... 87%
     Finishing up...1/4... 100%
     Finishing up...2/4... 12%
     Finishing up...2/4... 25%
     Finishing up...2/4... 37%
     Finishing up...2/4... 50%
     Finishing up...2/4... 62%
     Finishing up...2/4... 75%
     Finishing up...2/4... 87%
     Finishing up...2/4... 100%
     Finishing up...3/4... 12%
     Finishing up...3/4... 25%
     Finishing up...3/4... 37%
     Finishing up...3/4... 50%
     Finishing up...3/4... 62%
     Finishing up...3/4... 75%
     Finishing up...3/4... 87%
     Finishing up...3/4... 100%
     Plotting...
     Colouring dendrogram... 1%
     Colouring dendrogram... 2%
     Colouring dendrogram... 3%
     Colouring dendrogram... 4%
     Colouring dendrogram... 6%
     Colouring dendrogram... 7%
     Colouring dendrogram... 8%
     Colouring dendrogram... 9%
     Colouring dendrogram... 11%
     Colouring dendrogram... 12%
     Colouring dendrogram... 13%
     Colouring dendrogram... 14%
     Colouring dendrogram... 16%
     Colouring dendrogram... 17%
     Colouring dendrogram... 18%
     Colouring dendrogram... 19%
     Colouring dendrogram... 20%
     Colouring dendrogram... 22%
     Colouring dendrogram... 23%
     Colouring dendrogram... 24%
     Colouring dendrogram... 25%
     Colouring dendrogram... 27%
     Colouring dendrogram... 28%
     Colouring dendrogram... 29%
     Colouring dendrogram... 30%
     Colouring dendrogram... 32%
     Colouring dendrogram... 33%
     Colouring dendrogram... 34%
     Colouring dendrogram... 35%
     Colouring dendrogram... 37%
     Colouring dendrogram... 38%
     Colouring dendrogram... 39%
     Colouring dendrogram... 40%
     Colouring dendrogram... 41%
     Colouring dendrogram... 43%
     Colouring dendrogram... 44%
     Colouring dendrogram... 45%
     Colouring dendrogram... 46%
     Colouring dendrogram... 48%
     Colouring dendrogram... 49%
     Colouring dendrogram... 50%
     Colouring dendrogram... 51%
     Colouring dendrogram... 53%
     Colouring dendrogram... 54%
     Colouring dendrogram... 55%
     Colouring dendrogram... 56%
     Colouring dendrogram... 58%
     Colouring dendrogram... 59%
     Colouring dendrogram... 60%
     Colouring dendrogram... 61%
     Colouring dendrogram... 62%
     Colouring dendrogram... 64%
     Colouring dendrogram... 65%
     Colouring dendrogram... 66%
     Colouring dendrogram... 67%
     Colouring dendrogram... 69%
     Colouring dendrogram... 70%
     Colouring dendrogram... 71%
     Colouring dendrogram... 72%
     Colouring dendrogram... 74%
     Colouring dendrogram... 75%
     Colouring dendrogram... 76%
     Colouring dendrogram... 77%
     Colouring dendrogram... 79%
     Colouring dendrogram... 80%
     Colouring dendrogram... 81%
     Colouring dendrogram... 82%
     Colouring dendrogram... 83%
     Colouring dendrogram... 85%
     Colouring dendrogram... 86%
     Colouring dendrogram... 87%
     Colouring dendrogram... 88%
     Colouring dendrogram... 90%
     Colouring dendrogram... 91%
     Colouring dendrogram... 92%
     Colouring dendrogram... 93%
     Colouring dendrogram... 95%
     Colouring dendrogram... 96%
     Colouring dendrogram... 97%
     Colouring dendrogram... 98%
     Colouring dendrogram... 100%
    >
    > ## Extract communities by writing a temporary file to disk.
    > lc <- getLinkCommunities(g, edglim = 10)
    
     Found and removed 4 loop(s)
     Found and removed 2 duplicate edge(s)
    
     Calculating edge similarities for 41 edges... 5.13%
     Calculating edge similarities for 41 edges... 7.69%
     Calculating edge similarities for 41 edges... 10.26%
     Calculating edge similarities for 41 edges... 12.82%
     Calculating edge similarities for 41 edges... 15.38%
     Calculating edge similarities for 41 edges... 17.95%
     Calculating edge similarities for 41 edges... 20.51%
     Calculating edge similarities for 41 edges... 23.08%
     Calculating edge similarities for 41 edges... 25.64%
     Calculating edge similarities for 41 edges... 28.21%
     Calculating edge similarities for 41 edges... 30.77%
     Calculating edge similarities for 41 edges... 33.33%
     Calculating edge similarities for 41 edges... 35.90%
     Calculating edge similarities for 41 edges... 38.46%
     Calculating edge similarities for 41 edges... 41.03%
     Calculating edge similarities for 41 edges... 43.59%
     Calculating edge similarities for 41 edges... 46.15%
     Calculating edge similarities for 41 edges... 48.72%
     Calculating edge similarities for 41 edges... 51.28%
     Calculating edge similarities for 41 edges... 53.85%
     Calculating edge similarities for 41 edges... 56.41%
     Calculating edge similarities for 41 edges... 58.97%
     Calculating edge similarities for 41 edges... 61.54%
     Calculating edge similarities for 41 edges... 64.10%
     Calculating edge similarities for 41 edges... 66.67%
     Calculating edge similarities for 41 edges... 69.23%
     Calculating edge similarities for 41 edges... 71.79%
     Calculating edge similarities for 41 edges... 74.36%
     Calculating edge similarities for 41 edges... 76.92%
     Calculating edge similarities for 41 edges... 79.49%
     Calculating edge similarities for 41 edges... 82.05%
     Calculating edge similarities for 41 edges... 84.62%
     Calculating edge similarities for 41 edges... 87.18%
     Calculating edge similarities for 41 edges... 89.74%
     Calculating edge similarities for 41 edges... 92.31%
     Calculating edge similarities for 41 edges... 94.87%
     Calculating edge similarities for 41 edges... 97.44%
     Calculating edge similarities for 41 edges... 100.00%
    
    ERROR: linkcomm_diss.txt not found!
Flavor: r-patched-solaris-sparc