CRAN Package Check Results for Package linl

Last updated on 2021-03-05 02:49:13 CET.

Flavor Version Tinstall Tcheck Ttotal Status Flags
r-devel-linux-x86_64-debian-clang 0.0.4 2.32 33.73 36.05 OK
r-devel-linux-x86_64-debian-gcc 0.0.4 1.81 26.18 27.99 OK
r-devel-linux-x86_64-fedora-clang 0.0.4 52.38 NOTE
r-devel-linux-x86_64-fedora-gcc 0.0.4 43.28 OK
r-devel-windows-ix86+x86_64 0.0.4 5.00 65.00 70.00 OK
r-patched-linux-x86_64 0.0.4 OK
r-patched-solaris-x86 0.0.4 63.70 OK
r-release-linux-x86_64 0.0.4 2.10 32.61 34.71 OK
r-release-macos-x86_64 0.0.4 OK
r-release-windows-ix86+x86_64 0.0.4 4.00 41.00 45.00 OK
r-oldrel-macos-x86_64 0.0.4 OK
r-oldrel-windows-ix86+x86_64 0.0.4 4.00 52.00 56.00 OK

Check Details

Version: 0.0.4
Check: Rd cross-references
Result: NOTE
    Undeclared package ‘pinp’ in Rd xrefs
Flavor: r-devel-linux-x86_64-fedora-clang