CRAN Package Check Results for Package linprog

Last updated on 2015-05-28 19:47:21.

Flavor Version Tinstall Tcheck Ttotal Status Flags
r-devel-linux-x86_64-debian-clang 0.9-2 0.56 11.78 12.34 NOTE
r-devel-linux-x86_64-debian-gcc 0.9-2 0.59 11.48 12.07 NOTE
r-devel-linux-x86_64-fedora-clang 0.9-2 23.91 NOTE
r-devel-linux-x86_64-fedora-gcc 0.9-2 22.27 NOTE
r-devel-osx-x86_64-clang 0.9-2 26.14 NOTE
r-devel-windows-ix86+x86_64 0.9-2 3.00 21.00 24.00 NOTE
r-patched-linux-x86_64 0.9-2 0.55 11.54 12.10 NOTE
r-patched-solaris-sparc 0.9-2 161.40 NOTE
r-patched-solaris-x86 0.9-2 33.70 NOTE
r-release-linux-x86_64 0.9-2 0.62 11.56 12.18 NOTE
r-release-osx-x86_64-mavericks 0.9-2 NOTE
r-release-osx-x86_64-snowleopard 0.9-2 NOTE
r-release-windows-ix86+x86_64 0.9-2 2.00 23.00 25.00 NOTE
r-oldrel-windows-ix86+x86_64 0.9-2 4.00 32.00 36.00 NOTE

Check Details

Version: 0.9-2
Check: top-level files
Result: NOTE
    Non-standard file/directory found at top level:
     ‘pkg.Rproj’
Flavors: r-devel-linux-x86_64-debian-clang, r-devel-linux-x86_64-debian-gcc, r-devel-linux-x86_64-fedora-clang, r-devel-linux-x86_64-fedora-gcc, r-patched-linux-x86_64, r-release-linux-x86_64

Version: 0.9-2
Check: dependencies in R code
Result: NOTE
    'library' or 'require' call to ‘lpSolve’ which was already attached by Depends.
     Please remove these calls from your code.
    Package in Depends field not imported from: ‘lpSolve’
     These packages need to be imported from (in the NAMESPACE file)
     for when this namespace is loaded but not attached.
Flavors: r-devel-linux-x86_64-debian-clang, r-devel-linux-x86_64-debian-gcc, r-devel-linux-x86_64-fedora-clang, r-devel-linux-x86_64-fedora-gcc, r-devel-osx-x86_64-clang, r-devel-windows-ix86+x86_64, r-patched-linux-x86_64, r-patched-solaris-sparc, r-patched-solaris-x86, r-release-linux-x86_64, r-release-osx-x86_64-mavericks, r-release-osx-x86_64-snowleopard, r-release-windows-ix86+x86_64, r-oldrel-windows-ix86+x86_64

Version: 0.9-2
Check: R code for possible problems
Result: NOTE
    solveLP: no visible global function definition for ‘lp’
Flavors: r-devel-linux-x86_64-debian-clang, r-devel-linux-x86_64-debian-gcc, r-devel-linux-x86_64-fedora-clang, r-devel-linux-x86_64-fedora-gcc, r-devel-osx-x86_64-clang, r-devel-windows-ix86+x86_64, r-patched-linux-x86_64, r-patched-solaris-sparc, r-patched-solaris-x86, r-release-linux-x86_64, r-release-osx-x86_64-mavericks, r-release-osx-x86_64-snowleopard, r-release-windows-ix86+x86_64, r-oldrel-windows-ix86+x86_64