CRAN Package Check Results for Package linprog

Last updated on 2015-07-29 10:47:45.

Flavor Version Tinstall Tcheck Ttotal Status Flags
r-devel-linux-x86_64-debian-clang 0.9-2 0.68 11.90 12.58 NOTE
r-devel-linux-x86_64-debian-gcc 0.9-2 0.54 11.41 11.96 NOTE
r-devel-linux-x86_64-fedora-clang 0.9-2 22.31 NOTE
r-devel-linux-x86_64-fedora-gcc 0.9-2 20.61 NOTE
r-devel-osx-x86_64-clang 0.9-2 21.32 NOTE
r-devel-windows-ix86+x86_64 0.9-2 3.00 29.00 32.00 NOTE
r-patched-linux-x86_64 0.9-2 0.55 11.90 12.45 NOTE
r-patched-solaris-sparc 0.9-2 155.20 NOTE
r-patched-solaris-x86 0.9-2 33.70 NOTE
r-release-linux-x86_64 0.9-2 0.55 12.13 12.68 NOTE
r-release-osx-x86_64-mavericks 0.9-2 NOTE
r-release-windows-ix86+x86_64 0.9-2 3.00 20.00 23.00 NOTE
r-oldrel-windows-ix86+x86_64 0.9-2 4.00 32.00 36.00 NOTE

Check Details

Version: 0.9-2
Check: top-level files
Result: NOTE
    Non-standard file/directory found at top level:
     ‘pkg.Rproj’
Flavors: r-devel-linux-x86_64-debian-clang, r-devel-linux-x86_64-debian-gcc, r-devel-linux-x86_64-fedora-clang, r-devel-linux-x86_64-fedora-gcc, r-patched-linux-x86_64, r-release-linux-x86_64

Version: 0.9-2
Check: dependencies in R code
Result: NOTE
    'library' or 'require' call to ‘lpSolve’ which was already attached by Depends.
     Please remove these calls from your code.
    Package in Depends field not imported from: ‘lpSolve’
     These packages need to be imported from (in the NAMESPACE file)
     for when this namespace is loaded but not attached.
Flavors: r-devel-linux-x86_64-debian-clang, r-devel-linux-x86_64-debian-gcc, r-devel-linux-x86_64-fedora-clang, r-devel-linux-x86_64-fedora-gcc, r-devel-osx-x86_64-clang, r-devel-windows-ix86+x86_64, r-patched-linux-x86_64, r-patched-solaris-sparc, r-patched-solaris-x86, r-release-linux-x86_64, r-release-osx-x86_64-mavericks, r-release-windows-ix86+x86_64, r-oldrel-windows-ix86+x86_64

Version: 0.9-2
Check: R code for possible problems
Result: NOTE
    solveLP: no visible global function definition for ‘lp’
    Undefined global functions or variables:
     lp
Flavors: r-devel-linux-x86_64-debian-clang, r-devel-linux-x86_64-debian-gcc, r-devel-linux-x86_64-fedora-clang, r-devel-linux-x86_64-fedora-gcc, r-devel-osx-x86_64-clang, r-devel-windows-ix86+x86_64

Version: 0.9-2
Check: R code for possible problems
Result: NOTE
    solveLP: no visible global function definition for ‘lp’
Flavors: r-patched-linux-x86_64, r-patched-solaris-sparc, r-patched-solaris-x86, r-release-linux-x86_64, r-release-osx-x86_64-mavericks, r-release-windows-ix86+x86_64, r-oldrel-windows-ix86+x86_64