CRAN Package Check Results for Package linprog

Last updated on 2020-04-03 22:50:32 CEST.

Flavor Version Tinstall Tcheck Ttotal Status Flags
r-devel-linux-x86_64-debian-clang 0.9-2 3.03 23.86 26.89 NOTE
r-devel-linux-x86_64-debian-gcc 0.9-2 2.69 19.10 21.79 NOTE
r-devel-linux-x86_64-fedora-clang 0.9-2 33.06 NOTE
r-devel-linux-x86_64-fedora-gcc 0.9-2 32.62 NOTE
r-devel-windows-ix86+x86_64 0.9-2 6.00 67.00 73.00 NOTE
r-devel-windows-ix86+x86_64-gcc8 0.9-2 6.00 36.00 42.00 NOTE
r-patched-linux-x86_64 0.9-2 2.67 23.56 26.23 NOTE
r-patched-solaris-x86 0.9-2 50.40 NOTE
r-release-linux-x86_64 0.9-2 2.30 21.77 24.07 NOTE
r-release-windows-ix86+x86_64 0.9-2 17.00 51.00 68.00 NOTE
r-release-osx-x86_64 0.9-2 NOTE
r-oldrel-windows-ix86+x86_64 0.9-2 6.00 44.00 50.00 NOTE
r-oldrel-osx-x86_64 0.9-2 NOTE

Check Details

Version: 0.9-2
Check: top-level files
Result: NOTE
    Non-standard file/directory found at top level:
     'pkg.Rproj'
Flavors: r-devel-linux-x86_64-debian-clang, r-devel-linux-x86_64-debian-gcc, r-devel-linux-x86_64-fedora-clang, r-devel-linux-x86_64-fedora-gcc, r-patched-linux-x86_64, r-release-linux-x86_64

Version: 0.9-2
Check: dependencies in R code
Result: NOTE
    'library' or 'require' call to 'lpSolve' which was already attached by Depends.
     Please remove these calls from your code.
    Package in Depends field not imported from: 'lpSolve'
     These packages need to be imported from (in the NAMESPACE file)
     for when this namespace is loaded but not attached.
Flavors: r-devel-linux-x86_64-debian-clang, r-devel-linux-x86_64-debian-gcc, r-devel-linux-x86_64-fedora-clang, r-devel-linux-x86_64-fedora-gcc, r-devel-windows-ix86+x86_64, r-devel-windows-ix86+x86_64-gcc8, r-patched-linux-x86_64, r-patched-solaris-x86, r-release-linux-x86_64, r-release-windows-ix86+x86_64, r-release-osx-x86_64, r-oldrel-windows-ix86+x86_64, r-oldrel-osx-x86_64

Version: 0.9-2
Check: R code for possible problems
Result: NOTE
    solveLP: no visible global function definition for 'lp'
    Undefined global functions or variables:
     lp
Flavors: r-devel-linux-x86_64-debian-clang, r-devel-linux-x86_64-debian-gcc, r-devel-linux-x86_64-fedora-clang, r-devel-linux-x86_64-fedora-gcc, r-devel-windows-ix86+x86_64, r-devel-windows-ix86+x86_64-gcc8, r-patched-linux-x86_64, r-patched-solaris-x86, r-release-linux-x86_64, r-release-windows-ix86+x86_64, r-release-osx-x86_64, r-oldrel-windows-ix86+x86_64, r-oldrel-osx-x86_64

Version: 0.9-2
Check: for non-standard things in the check directory
Result: NOTE
    Found the following files/directories:
     'steinh.mps'
Flavors: r-devel-linux-x86_64-debian-clang, r-devel-linux-x86_64-debian-gcc, r-devel-linux-x86_64-fedora-clang, r-devel-linux-x86_64-fedora-gcc, r-patched-linux-x86_64, r-patched-solaris-x86