CRAN Package Check Results for Package linprog

Last updated on 2014-07-23 22:47:03.

Flavor Version Tinstall Tcheck Ttotal Status Flags
r-devel-linux-x86_64-debian-clang 0.9-2 0.54 12.74 13.28 NOTE
r-devel-linux-x86_64-debian-gcc 0.9-2 0.58 12.14 12.71 NOTE
r-devel-linux-x86_64-fedora-clang 0.9-2 26.05 NOTE
r-devel-linux-x86_64-fedora-gcc 0.9-2 25.77 NOTE
r-devel-osx-x86_64-clang 0.9-2 30.25 NOTE
r-devel-windows-ix86+x86_64 0.9-2 3.00 21.00 24.00 NOTE
r-patched-linux-x86_64 0.9-2 0.56 12.22 12.77 NOTE
r-patched-solaris-sparc 0.9-2 151.30 NOTE
r-patched-solaris-x86 0.9-2 36.70 NOTE
r-release-linux-ix86 0.9-2 0.89 19.70 20.59 NOTE
r-release-linux-x86_64 0.9-2 0.74 13.32 14.07 NOTE
r-release-osx-x86_64-mavericks 0.9-2 NOTE
r-release-osx-x86_64-snowleopard 0.9-2 NOTE
r-release-windows-ix86+x86_64 0.9-2 4.00 21.00 25.00 NOTE
r-oldrel-windows-ix86+x86_64 0.9-2 2.00 23.00 25.00 NOTE

Check Details

Version: 0.9-2
Check: dependencies in R code
Result: NOTE
    'library' or 'require' call to ‘lpSolve’ which was already attached by Depends.
     Please remove these calls from your code.
    Package in Depends field not imported from: ‘lpSolve’
     These packages need to be imported from (in the NAMESPACE file)
     for when this namespace is loaded but not attached.
    See the information on DESCRIPTION files in the chapter ‘Creating R
    packages’ of the ‘Writing R Extensions’ manual.
Flavors: r-devel-linux-x86_64-debian-clang, r-devel-linux-x86_64-debian-gcc, r-devel-linux-x86_64-fedora-clang, r-devel-linux-x86_64-fedora-gcc, r-devel-osx-x86_64-clang, r-devel-windows-ix86+x86_64, r-patched-linux-x86_64, r-patched-solaris-sparc, r-patched-solaris-x86, r-release-linux-ix86, r-release-linux-x86_64, r-release-osx-x86_64-mavericks, r-release-windows-ix86+x86_64, r-oldrel-windows-ix86+x86_64

Version: 0.9-2
Check: top-level files
Result: NOTE
    Non-standard file/directory found at top level:
     ‘pkg.Rproj’
Flavors: r-devel-linux-x86_64-fedora-clang, r-devel-linux-x86_64-fedora-gcc

Version: 0.9-2
Check: dependencies in R code
Result: NOTE
    'library' or 'require' call to 'lpSolve' which was already attached by Depends.
     Please remove these calls from your code.
    See the information on DESCRIPTION files in the chapter 'Creating R
    packages' of the 'Writing R Extensions' manual.
Flavor: r-release-osx-x86_64-snowleopard