CRAN Package Check Results for Package linprog

Last updated on 2017-12-17 16:47:52 CET.

Flavor Version Tinstall Tcheck Ttotal Status Flags
r-devel-linux-x86_64-debian-clang 0.9-2 0.68 25.35 26.03 NOTE
r-devel-linux-x86_64-debian-gcc 0.9-2 0.61 20.52 21.13 NOTE
r-devel-linux-x86_64-fedora-clang 0.9-2 31.03 NOTE
r-devel-linux-x86_64-fedora-gcc 0.9-2 29.03 NOTE
r-devel-windows-ix86+x86_64 0.9-2 3.00 34.00 37.00 NOTE
r-patched-linux-x86_64 0.9-2 0.69 23.92 24.61 NOTE
r-patched-solaris-x86 0.9-2 38.80 NOTE
r-release-linux-x86_64 0.9-2 0.80 23.46 24.26 NOTE
r-release-windows-ix86+x86_64 0.9-2 2.00 32.00 34.00 NOTE
r-release-osx-x86_64 0.9-2 NOTE
r-oldrel-windows-ix86+x86_64 0.9-2 2.00 29.00 31.00 NOTE
r-oldrel-osx-x86_64 0.9-2 NOTE

Check Details

Version: 0.9-2
Check: top-level files
Result: NOTE
    Non-standard file/directory found at top level:
     ‘pkg.Rproj’
Flavors: r-devel-linux-x86_64-debian-clang, r-devel-linux-x86_64-debian-gcc, r-devel-linux-x86_64-fedora-clang, r-devel-linux-x86_64-fedora-gcc, r-patched-linux-x86_64, r-release-linux-x86_64

Version: 0.9-2
Check: dependencies in R code
Result: NOTE
    'library' or 'require' call to ‘lpSolve’ which was already attached by Depends.
     Please remove these calls from your code.
    Package in Depends field not imported from: ‘lpSolve’
     These packages need to be imported from (in the NAMESPACE file)
     for when this namespace is loaded but not attached.
Flavors: r-devel-linux-x86_64-debian-clang, r-devel-linux-x86_64-debian-gcc, r-devel-linux-x86_64-fedora-clang, r-devel-linux-x86_64-fedora-gcc, r-devel-windows-ix86+x86_64, r-patched-linux-x86_64, r-patched-solaris-x86, r-release-linux-x86_64, r-release-windows-ix86+x86_64, r-release-osx-x86_64, r-oldrel-windows-ix86+x86_64, r-oldrel-osx-x86_64

Version: 0.9-2
Check: R code for possible problems
Result: NOTE
    solveLP: no visible global function definition for ‘lp’
    Undefined global functions or variables:
     lp
Flavors: r-devel-linux-x86_64-debian-clang, r-devel-linux-x86_64-debian-gcc, r-devel-linux-x86_64-fedora-clang, r-devel-linux-x86_64-fedora-gcc, r-devel-windows-ix86+x86_64, r-patched-linux-x86_64, r-patched-solaris-x86, r-release-linux-x86_64, r-release-windows-ix86+x86_64, r-release-osx-x86_64, r-oldrel-windows-ix86+x86_64, r-oldrel-osx-x86_64