CRAN Package Check Results for Package linprog

Last updated on 2015-03-29 11:51:19.

Flavor Version Tinstall Tcheck Ttotal Status Flags
r-devel-linux-x86_64-debian-clang 0.9-2 0.56 11.88 12.44 NOTE
r-devel-linux-x86_64-debian-gcc 0.9-2 0.54 11.95 12.49 NOTE
r-devel-linux-x86_64-fedora-clang 0.9-2 23.43 NOTE
r-devel-linux-x86_64-fedora-gcc 0.9-2 23.34 NOTE
r-devel-osx-x86_64-clang 0.9-2 30.54 NOTE
r-prerel-windows-ix86+x86_64 0.9-2 3.00 19.00 22.00 NOTE
r-prerel-linux-x86_64 0.9-2 0.65 11.40 12.05 NOTE
r-prerel-solaris-sparc 0.9-2 152.70 NOTE
r-prerel-solaris-x86 0.9-2 32.80 NOTE
r-release-linux-x86_64 0.9-2 0.62 12.98 13.59 NOTE
r-release-osx-x86_64-mavericks 0.9-2 NOTE
r-release-osx-x86_64-snowleopard 0.9-2 NOTE
r-release-windows-ix86+x86_64 0.9-2 4.00 24.00 28.00 NOTE
r-oldrel-windows-ix86+x86_64 0.9-2 3.00 24.00 27.00 NOTE

Check Details

Version: 0.9-2
Check: top-level files
Result: NOTE
    Non-standard file/directory found at top level:
     ‘pkg.Rproj’
Flavors: r-devel-linux-x86_64-debian-clang, r-devel-linux-x86_64-debian-gcc, r-devel-linux-x86_64-fedora-clang, r-devel-linux-x86_64-fedora-gcc, r-prerel-linux-x86_64, r-release-linux-x86_64

Version: 0.9-2
Check: dependencies in R code
Result: NOTE
    'library' or 'require' call to ‘lpSolve’ which was already attached by Depends.
     Please remove these calls from your code.
    Package in Depends field not imported from: ‘lpSolve’
     These packages need to be imported from (in the NAMESPACE file)
     for when this namespace is loaded but not attached.
Flavors: r-devel-linux-x86_64-debian-clang, r-devel-linux-x86_64-debian-gcc, r-devel-linux-x86_64-fedora-clang, r-devel-linux-x86_64-fedora-gcc, r-devel-osx-x86_64-clang, r-prerel-windows-ix86+x86_64, r-prerel-linux-x86_64, r-prerel-solaris-sparc, r-prerel-solaris-x86, r-release-linux-x86_64, r-release-windows-ix86+x86_64

Version: 0.9-2
Check: R code for possible problems
Result: NOTE
    solveLP: no visible global function definition for ‘lp’
Flavors: r-devel-linux-x86_64-debian-clang, r-devel-linux-x86_64-debian-gcc, r-devel-linux-x86_64-fedora-clang, r-devel-linux-x86_64-fedora-gcc, r-devel-osx-x86_64-clang, r-prerel-windows-ix86+x86_64, r-prerel-linux-x86_64, r-prerel-solaris-sparc, r-prerel-solaris-x86, r-release-linux-x86_64, r-release-osx-x86_64-mavericks, r-release-windows-ix86+x86_64

Version: 0.9-2
Check: dependencies in R code
Result: NOTE
    'library' or 'require' call to ‘lpSolve’ which was already attached by Depends.
     Please remove these calls from your code.
    Package in Depends field not imported from: ‘lpSolve’
     These packages need to be imported from (in the NAMESPACE file)
     for when this namespace is loaded but not attached.
    See the information on DESCRIPTION files in the chapter ‘Creating R
    packages’ of the ‘Writing R Extensions’ manual.
Flavors: r-release-osx-x86_64-mavericks, r-oldrel-windows-ix86+x86_64

Version: 0.9-2
Check: dependencies in R code
Result: NOTE
    'library' or 'require' call to 'lpSolve' which was already attached by Depends.
     Please remove these calls from your code.
    See the information on DESCRIPTION files in the chapter 'Creating R
    packages' of the 'Writing R Extensions' manual.
Flavor: r-release-osx-x86_64-snowleopard