CRAN Package Check Results for Package linprog

Last updated on 2016-12-04 12:47:50.

Flavor Version Tinstall Tcheck Ttotal Status Flags
r-devel-linux-x86_64-debian-clang 0.9-2 0.68 15.72 16.40 NOTE
r-devel-linux-x86_64-debian-gcc 0.9-2 0.66 15.95 16.61 NOTE
r-devel-linux-x86_64-fedora-clang 0.9-2 29.84 NOTE --no-stop-on-test-error
r-devel-linux-x86_64-fedora-gcc 0.9-2 28.92 NOTE
r-devel-macos-x86_64-clang 0.9-2 26.14 NOTE
r-devel-windows-ix86+x86_64 0.9-2 6.00 37.00 43.00 NOTE
r-patched-linux-x86_64 0.9-2 0.60 11.86 12.46 NOTE
r-patched-solaris-sparc 0.9-2 136.40 NOTE
r-patched-solaris-x86 0.9-2 28.80 NOTE
r-release-linux-x86_64 0.9-2 0.66 11.87 12.53 NOTE
r-release-osx-x86_64-mavericks 0.9-2 NOTE
r-release-windows-ix86+x86_64 0.9-2 2.00 29.00 31.00 NOTE
r-oldrel-windows-ix86+x86_64 0.9-2 3.00 29.00 32.00 NOTE

Check Details

Version: 0.9-2
Check: top-level files
Result: NOTE
    Non-standard file/directory found at top level:
     ‘pkg.Rproj’
Flavors: r-devel-linux-x86_64-debian-clang, r-devel-linux-x86_64-debian-gcc, r-devel-linux-x86_64-fedora-gcc, r-patched-linux-x86_64, r-release-linux-x86_64

Version: 0.9-2
Check: dependencies in R code
Result: NOTE
    'library' or 'require' call to ‘lpSolve’ which was already attached by Depends.
     Please remove these calls from your code.
    Package in Depends field not imported from: ‘lpSolve’
     These packages need to be imported from (in the NAMESPACE file)
     for when this namespace is loaded but not attached.
Flavors: r-devel-linux-x86_64-debian-clang, r-devel-linux-x86_64-debian-gcc, r-devel-linux-x86_64-fedora-gcc, r-devel-macos-x86_64-clang, r-devel-windows-ix86+x86_64, r-patched-linux-x86_64, r-patched-solaris-sparc, r-patched-solaris-x86, r-release-linux-x86_64, r-release-osx-x86_64-mavericks, r-release-windows-ix86+x86_64, r-oldrel-windows-ix86+x86_64

Version: 0.9-2
Check: R code for possible problems
Result: NOTE
    solveLP: no visible global function definition for ‘lp’
    Undefined global functions or variables:
     lp
Flavors: r-devel-linux-x86_64-debian-clang, r-devel-linux-x86_64-debian-gcc, r-devel-linux-x86_64-fedora-gcc, r-devel-macos-x86_64-clang, r-devel-windows-ix86+x86_64, r-patched-linux-x86_64, r-patched-solaris-sparc, r-patched-solaris-x86, r-release-linux-x86_64, r-release-osx-x86_64-mavericks, r-release-windows-ix86+x86_64

Version: 0.9-2
Flags: --no-stop-on-test-error
Check: top-level files
Result: NOTE
    Non-standard file/directory found at top level:
     ‘pkg.Rproj’
Flavor: r-devel-linux-x86_64-fedora-clang

Version: 0.9-2
Flags: --no-stop-on-test-error
Check: dependencies in R code
Result: NOTE
    'library' or 'require' call to ‘lpSolve’ which was already attached by Depends.
     Please remove these calls from your code.
    Package in Depends field not imported from: ‘lpSolve’
     These packages need to be imported from (in the NAMESPACE file)
     for when this namespace is loaded but not attached.
Flavor: r-devel-linux-x86_64-fedora-clang

Version: 0.9-2
Flags: --no-stop-on-test-error
Check: R code for possible problems
Result: NOTE
    solveLP: no visible global function definition for ‘lp’
    Undefined global functions or variables:
     lp
Flavor: r-devel-linux-x86_64-fedora-clang

Version: 0.9-2
Check: R code for possible problems
Result: NOTE
    solveLP: no visible global function definition for 'lp'
Flavor: r-oldrel-windows-ix86+x86_64