CRAN Package Check Results for Package linprog

Last updated on 2015-01-28 12:48:02.

Flavor Version Tinstall Tcheck Ttotal Status Flags
r-devel-linux-x86_64-debian-clang 0.9-2 0.78 12.47 13.26 NOTE
r-devel-linux-x86_64-debian-gcc 0.9-2 0.66 11.96 12.62 NOTE
r-devel-linux-x86_64-fedora-clang 0.9-2 27.75 NOTE
r-devel-linux-x86_64-fedora-gcc 0.9-2 25.97 NOTE
r-devel-osx-x86_64-clang 0.9-2 30.44 NOTE
r-devel-windows-ix86+x86_64 0.9-2 3.00 20.00 23.00 NOTE
r-patched-linux-x86_64 0.9-2 0.64 12.62 13.25 NOTE
r-patched-solaris-sparc 0.9-2 183.60 NOTE
r-patched-solaris-x86 0.9-2 37.80 NOTE
r-release-linux-ix86 0.9-2 0.91 18.98 19.89 NOTE
r-release-linux-x86_64 0.9-2 0.62 13.05 13.67 NOTE
r-release-osx-x86_64-mavericks 0.9-2 NOTE
r-release-osx-x86_64-snowleopard 0.9-2 NOTE
r-release-windows-ix86+x86_64 0.9-2 3.00 29.00 32.00 NOTE
r-oldrel-windows-ix86+x86_64 0.9-2 3.00 24.00 27.00 NOTE

Check Details

Version: 0.9-2
Check: top-level files
Result: NOTE
    Non-standard file/directory found at top level:
     ‘pkg.Rproj’
Flavors: r-devel-linux-x86_64-debian-clang, r-devel-linux-x86_64-debian-gcc, r-devel-linux-x86_64-fedora-clang, r-devel-linux-x86_64-fedora-gcc, r-patched-linux-x86_64, r-release-linux-x86_64

Version: 0.9-2
Check: dependencies in R code
Result: NOTE
    'library' or 'require' call to ‘lpSolve’ which was already attached by Depends.
     Please remove these calls from your code.
    Package in Depends field not imported from: ‘lpSolve’
     These packages need to be imported from (in the NAMESPACE file)
     for when this namespace is loaded but not attached.
Flavors: r-devel-linux-x86_64-debian-clang, r-devel-linux-x86_64-debian-gcc, r-devel-linux-x86_64-fedora-clang, r-devel-linux-x86_64-fedora-gcc, r-devel-osx-x86_64-clang, r-devel-windows-ix86+x86_64

Version: 0.9-2
Check: R code for possible problems
Result: NOTE
    solveLP: no visible global function definition for ‘lp’
Flavors: r-devel-linux-x86_64-debian-clang, r-devel-linux-x86_64-debian-gcc, r-devel-linux-x86_64-fedora-clang, r-devel-linux-x86_64-fedora-gcc, r-devel-osx-x86_64-clang, r-devel-windows-ix86+x86_64, r-patched-linux-x86_64, r-patched-solaris-sparc, r-patched-solaris-x86, r-release-linux-ix86, r-release-linux-x86_64, r-release-osx-x86_64-mavericks, r-release-windows-ix86+x86_64

Version: 0.9-2
Check: dependencies in R code
Result: NOTE
    'library' or 'require' call to ‘lpSolve’ which was already attached by Depends.
     Please remove these calls from your code.
    Package in Depends field not imported from: ‘lpSolve’
     These packages need to be imported from (in the NAMESPACE file)
     for when this namespace is loaded but not attached.
    See the information on DESCRIPTION files in the chapter ‘Creating R
    packages’ of the ‘Writing R Extensions’ manual.
Flavors: r-patched-linux-x86_64, r-patched-solaris-sparc, r-patched-solaris-x86, r-release-linux-ix86, r-release-linux-x86_64, r-release-osx-x86_64-mavericks, r-release-windows-ix86+x86_64, r-oldrel-windows-ix86+x86_64

Version: 0.9-2
Check: dependencies in R code
Result: NOTE
    'library' or 'require' call to 'lpSolve' which was already attached by Depends.
     Please remove these calls from your code.
    See the information on DESCRIPTION files in the chapter 'Creating R
    packages' of the 'Writing R Extensions' manual.
Flavor: r-release-osx-x86_64-snowleopard