CRAN Package Check Results for Package lint

Last updated on 2015-03-06 12:46:42.

Flavor Version Tinstall Tcheck Ttotal Status Flags
r-devel-linux-x86_64-debian-clang 0.3 1.38 15.47 16.84 NOTE
r-devel-linux-x86_64-debian-gcc 0.3 0.98 15.13 16.10 NOTE
r-devel-linux-x86_64-fedora-clang 0.3 32.69 NOTE
r-devel-linux-x86_64-fedora-gcc 0.3 30.65 NOTE
r-devel-osx-x86_64-clang 0.3 34.78 NOTE
r-devel-windows-ix86+x86_64 0.3 4.00 26.00 30.00 NOTE
r-patched-linux-x86_64 0.3 1.40 20.86 22.25 NOTE
r-patched-solaris-sparc 0.3 267.60 NOTE
r-patched-solaris-x86 0.3 58.00 NOTE
r-release-linux-ix86 0.3 1.86 26.59 28.46 NOTE
r-release-linux-x86_64 0.3 1.42 20.16 21.57 NOTE
r-release-osx-x86_64-mavericks 0.3 NOTE
r-release-osx-x86_64-snowleopard 0.3 OK
r-release-windows-ix86+x86_64 0.3 5.00 34.00 39.00 NOTE
r-oldrel-windows-ix86+x86_64 0.3 6.00 38.00 44.00 OK

Check Details

Version: 0.3
Check: R code for possible problems
Result: NOTE
    autotest_style: no visible global function definition for ‘test_that’
    test_style: no visible global function definition for
     ‘expect_equivalent’
Flavors: r-devel-linux-x86_64-debian-clang, r-devel-linux-x86_64-debian-gcc, r-devel-linux-x86_64-fedora-clang, r-devel-linux-x86_64-fedora-gcc, r-devel-osx-x86_64-clang, r-devel-windows-ix86+x86_64, r-patched-linux-x86_64, r-patched-solaris-sparc, r-patched-solaris-x86, r-release-linux-ix86, r-release-linux-x86_64, r-release-osx-x86_64-mavericks, r-release-windows-ix86+x86_64