CRAN Package Check Results for Package lint

Last updated on 2015-09-01 12:48:17.

Flavor Version Tinstall Tcheck Ttotal Status Flags
r-devel-linux-x86_64-debian-clang 0.3 0.94 15.30 16.24 NOTE
r-devel-linux-x86_64-debian-gcc 0.3 0.95 16.04 16.98 NOTE
r-devel-linux-x86_64-fedora-clang 0.3 31.27 NOTE
r-devel-linux-x86_64-fedora-gcc 0.3 29.12 NOTE
r-devel-osx-x86_64-clang 0.3 30.53 NOTE
r-devel-windows-ix86+x86_64 0.3 6.00 34.00 40.00 NOTE
r-patched-linux-x86_64 0.3 1.01 15.80 16.81 NOTE
r-patched-solaris-sparc 0.3 215.20 NOTE
r-patched-solaris-x86 0.3 48.60 NOTE
r-release-linux-x86_64 0.3 1.43 16.13 17.56 NOTE
r-release-osx-x86_64-mavericks 0.3 NOTE
r-release-windows-ix86+x86_64 0.3 6.00 32.00 38.00 NOTE
r-oldrel-windows-ix86+x86_64 0.3 9.00 44.00 53.00 NOTE

Check Details

Version: 0.3
Check: R code for possible problems
Result: NOTE
    autotest_style: no visible global function definition for ‘test_that’
    dispatch_test: no visible global function definition for ‘getParseData’
    find_call_args: no visible global function definition for
     ‘getParseData’
    find_function_body: no visible global function definition for
     ‘getParseData’
    find_function_body: no visible binding for global variable ‘tail’
    format_problem_lines: no visible global function definition for ‘head’
    lint_file: no visible global function definition for ‘getParseData’
    locate2find: no visible binding for global variable ‘start’
    locate2find: no visible binding for global variable ‘end’
    make_extractor : <anonymous>: no visible global function definition for
     ‘getParseData’
    make_stripper : <anonymous>: no visible global function definition for
     ‘getParseData’
    parse2find: no visible global function definition for ‘head’
    parse2find: no visible global function definition for ‘tail’
    test_style: no visible binding for global variable ‘text’
    test_style: no visible global function definition for ‘getParseData’
    test_style: no visible global function definition for
     ‘expect_equivalent’
    valid_find: no visible global function definition for ‘is’
    Undefined global functions or variables:
     end expect_equivalent getParseData head is start tail test_that text
    Consider adding
     importFrom("graphics", "text")
     importFrom("methods", "is")
     importFrom("stats", "end", "start")
     importFrom("utils", "getParseData", "head", "tail")
    to your NAMESPACE (and ensure that your DESCRIPTION Imports field
    contains 'methods').
Flavors: r-devel-linux-x86_64-debian-clang, r-devel-linux-x86_64-debian-gcc, r-devel-linux-x86_64-fedora-clang, r-devel-linux-x86_64-fedora-gcc, r-devel-windows-ix86+x86_64

Version: 0.3
Check: R code for possible problems
Result: NOTE
    autotest_style: no visible global function definition for ‘test_that’
    test_style: no visible global function definition for
     ‘expect_equivalent’
    Undefined global functions or variables:
     expect_equivalent test_that
Flavor: r-devel-osx-x86_64-clang

Version: 0.3
Check: R code for possible problems
Result: NOTE
    autotest_style: no visible global function definition for ‘test_that’
    test_style: no visible global function definition for
     ‘expect_equivalent’
Flavors: r-patched-linux-x86_64, r-patched-solaris-sparc, r-patched-solaris-x86, r-release-linux-x86_64, r-release-osx-x86_64-mavericks, r-release-windows-ix86+x86_64, r-oldrel-windows-ix86+x86_64