CRAN Package Check Results for Package lint

Last updated on 2014-10-22 16:50:46.

Flavor Version Tinstall Tcheck Ttotal Status Flags
r-devel-linux-x86_64-debian-clang 0.3 1.78 19.56 21.34 NOTE
r-devel-linux-x86_64-debian-gcc 0.3 1.44 19.57 21.00 NOTE
r-devel-linux-x86_64-fedora-clang 0.3 41.96 NOTE
r-devel-linux-x86_64-fedora-gcc 0.3 37.88 NOTE
r-devel-osx-x86_64-clang 0.3 40.69 NOTE
r-devel-windows-ix86+x86_64 0.3 5.00 30.00 35.00 NOTE
r-patched-linux-x86_64 0.3 3.42 19.92 23.34 NOTE
r-patched-solaris-sparc 0.3 238.20 NOTE
r-patched-solaris-x86 0.3 56.60 NOTE
r-release-linux-ix86 0.3 1.81 26.94 28.74 OK
r-release-linux-x86_64 0.3 1.41 20.40 21.82 OK
r-release-osx-x86_64-mavericks 0.3 OK
r-release-osx-x86_64-snowleopard 0.3 OK
r-release-windows-ix86+x86_64 0.3 5.00 31.00 36.00 OK
r-oldrel-windows-ix86+x86_64 0.3 6.00 34.00 40.00 OK

Check Details

Version: 0.3
Check: R code for possible problems
Result: NOTE
    autotest_style: no visible global function definition for ‘test_that’
    test_style: no visible global function definition for
     ‘expect_equivalent’
Flavors: r-devel-linux-x86_64-debian-clang, r-devel-linux-x86_64-debian-gcc, r-devel-linux-x86_64-fedora-clang, r-devel-linux-x86_64-fedora-gcc, r-devel-osx-x86_64-clang, r-devel-windows-ix86+x86_64, r-patched-linux-x86_64, r-patched-solaris-sparc, r-patched-solaris-x86