CRAN Package Check Results for Package lint

Last updated on 2015-07-01 13:47:19.

Flavor Version Tinstall Tcheck Ttotal Status Flags
r-devel-linux-x86_64-debian-clang 0.3 0.97 15.86 16.82 NOTE
r-devel-linux-x86_64-debian-gcc 0.3 1.01 15.58 16.59 NOTE
r-devel-linux-x86_64-fedora-clang 0.3 32.63 NOTE
r-devel-linux-x86_64-fedora-gcc 0.3 29.61 NOTE
r-devel-osx-x86_64-clang 0.3 33.23 NOTE
r-devel-windows-ix86+x86_64 0.3 4.00 28.00 32.00 NOTE
r-patched-linux-x86_64 0.3 1.03 15.55 16.58 NOTE
r-patched-solaris-sparc 0.3 212.30 NOTE
r-patched-solaris-x86 0.3 47.80 NOTE
r-release-linux-x86_64 0.3 1.03 16.02 17.04 NOTE
r-release-osx-x86_64-mavericks 0.3 NOTE
r-release-windows-ix86+x86_64 0.3 4.00 27.00 31.00 NOTE
r-oldrel-windows-ix86+x86_64 0.3 7.00 39.00 46.00 NOTE

Check Details

Version: 0.3
Check: R code for possible problems
Result: NOTE
    autotest_style: no visible global function definition for ‘test_that’
    dispatch_test: no visible global function definition for ‘getParseData’
    find_call_args: no visible global function definition for
     ‘getParseData’
    find_function_body: no visible global function definition for
     ‘getParseData’
    find_function_body: no visible binding for global variable ‘tail’
    format_problem_lines: no visible global function definition for ‘head’
    lint_file: no visible global function definition for ‘getParseData’
    locate2find: no visible binding for global variable ‘start’
    locate2find: no visible binding for global variable ‘end’
    make_extractor : <anonymous>: no visible global function definition for
     ‘getParseData’
    make_stripper : <anonymous>: no visible global function definition for
     ‘getParseData’
    parse2find: no visible global function definition for ‘head’
    parse2find: no visible global function definition for ‘tail’
    test_style: no visible binding for global variable ‘text’
    test_style: no visible global function definition for ‘getParseData’
    test_style: no visible global function definition for
     ‘expect_equivalent’
    valid_find: no visible global function definition for ‘is’
Flavors: r-devel-linux-x86_64-debian-clang, r-devel-linux-x86_64-debian-gcc, r-devel-linux-x86_64-fedora-clang, r-devel-linux-x86_64-fedora-gcc, r-devel-windows-ix86+x86_64

Version: 0.3
Check: R code for possible problems
Result: NOTE
    autotest_style: no visible global function definition for ‘test_that’
    test_style: no visible global function definition for
     ‘expect_equivalent’
Flavors: r-devel-osx-x86_64-clang, r-patched-linux-x86_64, r-patched-solaris-sparc, r-patched-solaris-x86, r-release-linux-x86_64, r-release-osx-x86_64-mavericks, r-release-windows-ix86+x86_64, r-oldrel-windows-ix86+x86_64