CRAN Package Check Results for Package lint

Last updated on 2014-09-17 01:48:11.

Flavor Version Tinstall Tcheck Ttotal Status Flags
r-devel-linux-x86_64-debian-clang 0.3 1.36 19.39 20.76 NOTE
r-devel-linux-x86_64-debian-gcc 0.3 1.33 18.54 19.87 NOTE
r-devel-linux-x86_64-fedora-clang 0.3 40.16 NOTE
r-devel-linux-x86_64-fedora-gcc 0.3 37.77 NOTE
r-devel-osx-x86_64-clang 0.3 38.32 NOTE
r-devel-windows-ix86+x86_64 0.3 4.00 32.00 36.00 NOTE
r-patched-linux-x86_64 0.3 1.51 19.60 21.11 OK
r-patched-solaris-sparc 0.3 264.30 OK
r-patched-solaris-x86 0.3 54.50 OK
r-release-linux-ix86 0.3 1.82 26.96 28.78 OK
r-release-linux-x86_64 0.3 1.41 20.82 22.22 OK
r-release-osx-x86_64-mavericks 0.3 OK
r-release-osx-x86_64-snowleopard 0.3 OK
r-release-windows-ix86+x86_64 0.3 5.00 34.00 39.00 OK
r-oldrel-windows-ix86+x86_64 0.3 6.00 38.00 44.00 OK

Check Details

Version: 0.3
Check: R code for possible problems
Result: NOTE
    autotest_style: no visible global function definition for ‘test_that’
    test_style: no visible global function definition for
     ‘expect_equivalent’
Flavors: r-devel-linux-x86_64-debian-clang, r-devel-linux-x86_64-debian-gcc, r-devel-linux-x86_64-fedora-clang, r-devel-linux-x86_64-fedora-gcc, r-devel-osx-x86_64-clang, r-devel-windows-ix86+x86_64