CRAN Package Check Results for Package lint

Last updated on 2015-05-27 19:47:11.

Flavor Version Tinstall Tcheck Ttotal Status Flags
r-devel-linux-x86_64-debian-clang 0.3 1.17 15.68 16.84 NOTE
r-devel-linux-x86_64-debian-gcc 0.3 1.03 15.59 16.62 NOTE
r-devel-linux-x86_64-fedora-clang 0.3 33.56 NOTE
r-devel-linux-x86_64-fedora-gcc 0.3 31.74 NOTE
r-devel-osx-x86_64-clang 0.3 33.75 NOTE
r-devel-windows-ix86+x86_64 0.3 5.00 27.00 32.00 NOTE
r-patched-linux-x86_64 0.3 1.03 16.39 17.42 NOTE
r-patched-solaris-sparc 0.3 212.30 NOTE
r-patched-solaris-x86 0.3 47.30 NOTE
r-release-linux-x86_64 0.3 1.04 15.48 16.52 NOTE
r-release-osx-x86_64-mavericks 0.3 NOTE
r-release-osx-x86_64-snowleopard 0.3 NOTE
r-release-windows-ix86+x86_64 0.3 5.00 27.00 32.00 NOTE
r-oldrel-windows-ix86+x86_64 0.3 7.00 40.00 47.00 NOTE

Check Details

Version: 0.3
Check: R code for possible problems
Result: NOTE
    autotest_style: no visible global function definition for ‘test_that’
    test_style: no visible global function definition for
     ‘expect_equivalent’
Flavors: r-devel-linux-x86_64-debian-clang, r-devel-linux-x86_64-debian-gcc, r-devel-linux-x86_64-fedora-clang, r-devel-linux-x86_64-fedora-gcc, r-devel-osx-x86_64-clang, r-devel-windows-ix86+x86_64, r-patched-linux-x86_64, r-patched-solaris-sparc, r-patched-solaris-x86, r-release-linux-x86_64, r-release-osx-x86_64-mavericks, r-release-osx-x86_64-snowleopard, r-release-windows-ix86+x86_64, r-oldrel-windows-ix86+x86_64