CRAN Package Check Results for Package lint

Last updated on 2014-08-29 23:48:50.

Flavor Version Tinstall Tcheck Ttotal Status Flags
r-devel-linux-x86_64-debian-clang 0.3 1.36 19.66 21.02 NOTE
r-devel-linux-x86_64-debian-gcc 0.3 1.32 18.42 19.74 NOTE
r-devel-linux-x86_64-fedora-clang 0.3 40.87 NOTE
r-devel-linux-x86_64-fedora-gcc 0.3 38.58 NOTE
r-devel-osx-x86_64-clang 0.3 38.67 NOTE
r-devel-windows-ix86+x86_64 0.3 5.00 37.00 42.00 NOTE
r-patched-linux-x86_64 0.3 1.39 19.56 20.95 OK
r-patched-solaris-sparc 0.3 264.30 OK
r-patched-solaris-x86 0.3 55.60 OK
r-release-linux-ix86 0.3 1.82 26.82 28.64 OK
r-release-linux-x86_64 0.3 1.40 20.20 21.60 OK
r-release-osx-x86_64-mavericks 0.3 OK
r-release-osx-x86_64-snowleopard 0.3 OK
r-release-windows-ix86+x86_64 0.3 6.00 34.00 40.00 OK
r-oldrel-windows-ix86+x86_64 0.3 6.00 38.00 44.00 OK

Check Details

Version: 0.3
Check: R code for possible problems
Result: NOTE
    autotest_style: no visible global function definition for ‘test_that’
    test_style: no visible global function definition for
     ‘expect_equivalent’
Flavors: r-devel-linux-x86_64-debian-clang, r-devel-linux-x86_64-debian-gcc, r-devel-linux-x86_64-fedora-clang, r-devel-linux-x86_64-fedora-gcc, r-devel-osx-x86_64-clang, r-devel-windows-ix86+x86_64