CRAN Package Check Results for Package lint

Last updated on 2014-12-22 14:48:44.

Flavor Version Tinstall Tcheck Ttotal Status Flags
r-devel-linux-x86_64-debian-clang 0.3 1.35 20.30 21.64 NOTE
r-devel-linux-x86_64-debian-gcc 0.3 1.31 19.21 20.52 NOTE
r-devel-linux-x86_64-fedora-clang 0.3 41.52 NOTE
r-devel-linux-x86_64-fedora-gcc 0.3 40.27 NOTE
r-devel-osx-x86_64-clang 0.3 40.57 NOTE
r-devel-windows-ix86+x86_64 0.3 5.00 32.00 37.00 NOTE
r-patched-linux-x86_64 0.3 1.39 19.53 20.92 NOTE
r-patched-solaris-sparc 0.3 263.10 NOTE
r-patched-solaris-x86 0.3 57.00 NOTE
r-release-linux-ix86 0.3 1.71 25.41 27.12 NOTE
r-release-linux-x86_64 0.3 1.38 20.05 21.43 NOTE
r-release-osx-x86_64-mavericks 0.3 OK
r-release-osx-x86_64-snowleopard 0.3 OK
r-release-windows-ix86+x86_64 0.3 6.00 35.00 41.00 NOTE
r-oldrel-windows-ix86+x86_64 0.3 6.00 35.00 41.00 OK

Check Details

Version: 0.3
Check: R code for possible problems
Result: NOTE
    autotest_style: no visible global function definition for ‘test_that’
    test_style: no visible global function definition for
     ‘expect_equivalent’
Flavors: r-devel-linux-x86_64-debian-clang, r-devel-linux-x86_64-debian-gcc, r-devel-linux-x86_64-fedora-clang, r-devel-linux-x86_64-fedora-gcc, r-devel-osx-x86_64-clang, r-devel-windows-ix86+x86_64, r-patched-linux-x86_64, r-patched-solaris-sparc, r-patched-solaris-x86, r-release-linux-ix86, r-release-linux-x86_64, r-release-windows-ix86+x86_64