CRAN Package Check Results for Package lint

Last updated on 2014-11-24 05:47:34.

Flavor Version Tinstall Tcheck Ttotal Status Flags
r-devel-linux-x86_64-debian-clang 0.3 1.38 19.40 20.78 NOTE
r-devel-linux-x86_64-debian-gcc 0.3 1.32 19.83 21.14 NOTE
r-devel-linux-x86_64-fedora-clang 0.3 42.34 NOTE
r-devel-linux-x86_64-fedora-gcc 0.3 39.22 NOTE
r-devel-osx-x86_64-clang 0.3 41.19 NOTE
r-devel-windows-ix86+x86_64 0.3 4.00 32.00 36.00 NOTE
r-patched-linux-x86_64 0.3 1.48 19.87 21.35 NOTE
r-patched-solaris-sparc 0.3 238.20 NOTE
r-patched-solaris-x86 0.3 56.70 NOTE
r-release-linux-ix86 0.3 1.78 25.57 27.36 NOTE
r-release-linux-x86_64 0.3 1.40 20.11 21.51 NOTE
r-release-osx-x86_64-mavericks 0.3 OK
r-release-osx-x86_64-snowleopard 0.3 OK
r-release-windows-ix86+x86_64 0.3 5.00 34.00 39.00 NOTE
r-oldrel-windows-ix86+x86_64 0.3 6.00 35.00 41.00 OK

Check Details

Version: 0.3
Check: R code for possible problems
Result: NOTE
    autotest_style: no visible global function definition for ‘test_that’
    test_style: no visible global function definition for
     ‘expect_equivalent’
Flavors: r-devel-linux-x86_64-debian-clang, r-devel-linux-x86_64-debian-gcc, r-devel-linux-x86_64-fedora-clang, r-devel-linux-x86_64-fedora-gcc, r-devel-osx-x86_64-clang, r-devel-windows-ix86+x86_64, r-patched-linux-x86_64, r-patched-solaris-sparc, r-patched-solaris-x86, r-release-linux-ix86, r-release-linux-x86_64, r-release-windows-ix86+x86_64