CRAN Package Check Results for Package lint

Last updated on 2015-04-18 17:50:51.

Flavor Version Tinstall Tcheck Ttotal Status Flags
r-devel-linux-x86_64-debian-clang 0.3 1.09 16.46 17.55 NOTE
r-devel-linux-x86_64-debian-gcc 0.3 1.01 15.85 16.86 NOTE
r-devel-linux-x86_64-fedora-clang 0.3 32.58 NOTE
r-devel-linux-x86_64-fedora-gcc 0.3 31.09 NOTE
r-devel-osx-x86_64-clang 0.3 34.30 NOTE
r-patched-linux-x86_64 0.3 0.98 15.37 16.34 NOTE
r-patched-solaris-sparc 0.3 208.60 NOTE
r-patched-solaris-x86 0.3 43.80 NOTE
r-release-linux-x86_64 0.3 1.06 16.82 17.88 NOTE
r-release-osx-x86_64-mavericks 0.3 NOTE
r-release-osx-x86_64-snowleopard 0.3 NOTE
r-release-windows-ix86+x86_64 0.3 3.00 30.00 33.00 NOTE
r-oldrel-windows-ix86+x86_64 0.3 6.00 46.00 52.00 OK

Check Details

Version: 0.3
Check: R code for possible problems
Result: NOTE
    autotest_style: no visible global function definition for ‘test_that’
    test_style: no visible global function definition for
     ‘expect_equivalent’
Flavors: r-devel-linux-x86_64-debian-clang, r-devel-linux-x86_64-debian-gcc, r-devel-linux-x86_64-fedora-clang, r-devel-linux-x86_64-fedora-gcc, r-devel-osx-x86_64-clang, r-patched-linux-x86_64, r-patched-solaris-sparc, r-patched-solaris-x86, r-release-linux-x86_64, r-release-osx-x86_64-mavericks, r-release-osx-x86_64-snowleopard, r-release-windows-ix86+x86_64