CRAN Package Check Results for Package lintr

Last updated on 2022-09-30 07:51:20 CEST.

Flavor Version Tinstall Tcheck Ttotal Status Flags
r-devel-linux-x86_64-debian-clang 3.0.1 12.25 172.49 184.74 OK
r-devel-linux-x86_64-debian-gcc 3.0.1 9.31 129.71 139.02 OK
r-devel-linux-x86_64-fedora-clang 3.0.1 230.48 OK
r-devel-linux-x86_64-fedora-gcc 3.0.1 229.24 OK
r-devel-windows-x86_64 3.0.1 180.00 604.00 784.00 OK
r-patched-linux-x86_64 3.0.1 14.15 159.44 173.59 OK
r-release-linux-x86_64 3.0.1 8.97 160.24 169.21 OK
r-release-macos-arm64 3.0.1 72.00 OK
r-release-macos-x86_64 3.0.1 99.00 OK
r-release-windows-x86_64 3.0.1 95.00 567.00 662.00 OK
r-oldrel-macos-arm64 3.0.1 68.00 OK
r-oldrel-macos-x86_64 3.0.1 101.00 OK
r-oldrel-windows-ix86+x86_64 3.0.1 19.00 234.00 253.00 WARN

Additional issues

donttest

Check Details

Version: 3.0.1
Check: for unstated dependencies in ‘tests’
Result: WARN
    Warning: unable to access index for repository https://bioconductor.org/packages/3.14/bioc/src/contrib:
     cannot open URL 'https://bioconductor.org/packages/3.14/bioc/src/contrib/PACKAGES'
    Warning: unable to access index for repository https://bioconductor.org/packages/3.14/data/annotation/src/contrib:
     cannot open URL 'https://bioconductor.org/packages/3.14/data/annotation/src/contrib/PACKAGES'
    Warning: unable to access index for repository https://bioconductor.org/packages/3.14/data/experiment/src/contrib:
     cannot open URL 'https://bioconductor.org/packages/3.14/data/experiment/src/contrib/PACKAGES'
Flavor: r-oldrel-windows-ix86+x86_64