CRAN Package Check Results for Package lipidomeR

Last updated on 2022-07-04 16:52:31 CEST.

Flavor Version Tinstall Tcheck Ttotal Status Flags
r-devel-linux-x86_64-debian-clang 0.1.2 15.38 129.50 144.88 OK
r-devel-linux-x86_64-debian-gcc 0.1.2 10.85 94.42 105.27 OK
r-devel-linux-x86_64-fedora-clang 0.1.2 182.46 WARN
r-devel-linux-x86_64-fedora-gcc 0.1.2 177.03 WARN
r-devel-windows-x86_64 0.1.2 29.00 136.00 165.00 OK
r-patched-linux-x86_64 0.1.2 13.40 119.39 132.79 OK
r-release-linux-x86_64 0.1.2 11.01 120.47 131.48 OK
r-release-macos-arm64 0.1.2 50.00 OK
r-release-macos-x86_64 0.1.2 79.00 OK
r-release-windows-x86_64 0.1.2 28.00 141.00 169.00 OK
r-oldrel-macos-arm64 0.1.2 57.00 OK
r-oldrel-macos-x86_64 0.1.2 89.00 OK
r-oldrel-windows-ix86+x86_64 0.1.2 39.00 144.00 183.00 OK

Check Details

Version: 0.1.2
Check: package dependencies
Result: WARN
    Requires (indirectly) orphaned package: ‘gtools’
Flavors: r-devel-linux-x86_64-fedora-clang, r-devel-linux-x86_64-fedora-gcc