CRAN Package Check Results for Package liquidSVM

Last updated on 2020-09-30 00:47:33 CEST.

Flavor Version Tinstall Tcheck Ttotal Status Flags
r-devel-linux-x86_64-debian-clang 1.2.4 59.03 65.06 124.09 OK
r-devel-linux-x86_64-debian-gcc 1.2.4 55.53 52.25 107.78 OK
r-devel-linux-x86_64-fedora-clang 1.2.4 171.85 NOTE
r-devel-linux-x86_64-fedora-gcc 1.2.4 181.90 NOTE
r-devel-windows-ix86+x86_64 1.2.4 119.00 86.00 205.00 NOTE --no-vignettes
r-patched-linux-x86_64 1.2.4 63.11 64.60 127.71 OK
r-patched-solaris-x86 1.2.4 260.90 NOTE
r-release-linux-x86_64 1.2.4 63.81 63.85 127.66 OK
r-release-macos-x86_64 1.2.4 NOTE
r-release-windows-ix86+x86_64 1.2.4 116.00 109.00 225.00 NOTE --no-vignettes
r-oldrel-macos-x86_64 1.2.4 NOTE
r-oldrel-windows-ix86+x86_64 1.2.4 111.00 123.00 234.00 NOTE --no-vignettes

Check Details

Version: 1.2.4
Check: installed package size
Result: NOTE
     installed size is 13.3Mb
     sub-directories of 1Mb or more:
     doc 2.2Mb
     libs 10.4Mb
Flavors: r-devel-linux-x86_64-fedora-clang, r-patched-solaris-x86, r-release-macos-x86_64, r-oldrel-macos-x86_64

Version: 1.2.4
Check: top-level files
Result: NOTE
    ‘configure’: /bin/bash is not portable
Flavors: r-devel-linux-x86_64-fedora-clang, r-devel-linux-x86_64-fedora-gcc

Version: 1.2.4
Flags: --no-vignettes
Check: installed package size
Result: NOTE
     installed size is 6.3Mb
     sub-directories of 1Mb or more:
     doc 2.2Mb
     libs 3.5Mb
Flavors: r-devel-windows-ix86+x86_64, r-release-windows-ix86+x86_64, r-oldrel-windows-ix86+x86_64