CRAN Package Check Results for Package liso

Last updated on 2018-05-22 05:49:30 CEST.

Flavor Version Tinstall Tcheck Ttotal Status Flags
r-release-osx-x86_64 0.2 WARN
r-oldrel-osx-x86_64 0.2 NOTE

Check Details

Version: 0.2
Check: for hidden files and directories
Result: NOTE
    Found the following hidden files and directories:
     .DESCRIPTION.swo
    These were most likely included in error. See section ‘Package
    structure’ in the ‘Writing R Extensions’ manual.
Flavors: r-release-osx-x86_64, r-oldrel-osx-x86_64

Version: 0.2
Check: whether package can be installed
Result: WARN
    Found the following significant warnings:
     Note: next used in wrong context: no loop is visible
    See ‘/Volumes/SSD-Data/Builds/R-dev-web/QA/Simon/packages/el-capitan-x86_64/results/3.5/liso.Rcheck/00install.out’ for details.
    Information on the location(s) of code generating the ‘Note’s can be
    obtained by re-running with environment variable R_KEEP_PKG_SOURCE set
    to ‘yes’.
Flavor: r-release-osx-x86_64

Version: 0.2
Check: DESCRIPTION meta-information
Result: NOTE
    Malformed Description field: should contain one or more complete sentences.
Flavors: r-release-osx-x86_64, r-oldrel-osx-x86_64

Version: 0.2
Check: dependencies in R code
Result: NOTE
    Packages in Depends field not imported from:
     ‘Iso’ ‘MASS’
     These packages need to be imported from (in the NAMESPACE file)
     for when this namespace is loaded but not attached.
Flavors: r-release-osx-x86_64, r-oldrel-osx-x86_64

Version: 0.2
Check: R code for possible problems
Result: NOTE
    ave.sorted: warning in matrix(y[lens == i], nr = i): partial argument
     match of 'nr' to 'nrow'
    ave.sorted: warning in matrix(weights[lens == i], nr = i): partial
     argument match of 'nr' to 'nrow'
    liso.adaptive: warning in multistep(coefc = rep(0, (nrow(x) - 1) *
     ncol(x)), x = x, intercept = sum(weights * y)/sum(weights), residual
     = y - sum(weights * y)/sum(weights), sorter = getSort(x)): partial
     argument match of 'coefc' to 'coefchain'
    liso.backfit: warning in multistep(coefc = rep(0, (nrow(x) - 1) *
     ncol(x)), x = x, intercept = sum(weights * y)/sum(weights), residual
     = y - sum(weights * y)/sum(weights), sorter = getSort(x)): partial
     argument match of 'coefc' to 'coefchain'
    &.multistep : addup: no visible global function definition for ‘approx’
    cv.liso: no visible global function definition for ‘tail’
    cv.liso: no visible binding for global variable ‘var’
    error.bars: no visible global function definition for ‘segments’
    liso.maxlamb: no visible global function definition for ‘pava’
    objsort : <anonymous>: no visible global function definition for
     ‘object.size’
    pavareg: no visible global function definition for ‘pava’
    pavaregorig: no visible global function definition for ‘pava’
    plot.multistep: no visible global function definition for ‘par’
    plot.multistep: no visible global function definition for ‘tail’
    plot.multistep: no visible global function definition for ‘plot’
    plot.multistep: no visible global function definition for ‘lines’
    plot.multistep: no visible global function definition for ‘title’
    plot.multistep: no visible global function definition for ‘points’
    plotCV: no visible global function definition for ‘plot’
    repeatplot: no visible global function definition for ‘plot’
    repeatplot: no visible global function definition for ‘lines’
    repeatplot: no visible global function definition for ‘points’
    Undefined global functions or variables:
     approx lines object.size par pava plot points segments tail title var
    Consider adding
     importFrom("graphics", "lines", "par", "plot", "points", "segments",
     "title")
     importFrom("stats", "approx", "var")
     importFrom("utils", "object.size", "tail")
    to your NAMESPACE file.
Flavors: r-release-osx-x86_64, r-oldrel-osx-x86_64

Version: 0.2
Check: Rd \usage sections
Result: NOTE
    S3 methods shown with full name in documentation object 'seq.log':
     ‘seq.log’
    
    The \usage entries for S3 methods should use the \method markup and not
    their full name.
    See chapter ‘Writing R documentation files’ in the ‘Writing R
    Extensions’ manual.
Flavors: r-release-osx-x86_64, r-oldrel-osx-x86_64