CRAN Package Check Results for Package lisp

Last updated on 2017-04-23 23:51:08.

Flavor Version Tinstall Tcheck Ttotal Status Flags
r-devel-linux-x86_64-debian-clang 0.1 0.69 11.33 12.02 NOTE
r-devel-linux-x86_64-debian-gcc 0.1 0.78 11.17 11.95 NOTE
r-devel-linux-x86_64-fedora-clang 0.1 18.72 NOTE --no-stop-on-test-error
r-devel-linux-x86_64-fedora-gcc 0.1 17.75 NOTE --no-stop-on-test-error
r-devel-windows-ix86+x86_64 0.1 2.00 25.00 27.00 NOTE
r-patched-linux-x86_64 0.1 0.69 10.36 11.05 NOTE
r-patched-solaris-sparc 0.1 111.80 NOTE
r-patched-solaris-x86 0.1 27.10 NOTE
r-release-linux-x86_64 0.1 0.66 11.09 11.75 NOTE
r-release-windows-ix86+x86_64 0.1 3.00 26.00 29.00 NOTE
r-release-osx-x86_64 0.1 NOTE
r-oldrel-windows-ix86+x86_64 0.1 5.00 30.00 35.00 NOTE
r-oldrel-osx-x86_64 0.1 NOTE

Check Details

Version: 0.1
Check: top-level files
Result: NOTE
    Non-standard file/directory found at top level:
     ‘package.R’
Flavors: r-devel-linux-x86_64-debian-clang, r-devel-linux-x86_64-debian-gcc, r-patched-linux-x86_64, r-release-linux-x86_64

Version: 0.1
Check: R code for possible problems
Result: NOTE
    last: no visible global function definition for ‘tail’
    Undefined global functions or variables:
     tail
    Consider adding
     importFrom("utils", "tail")
    to your NAMESPACE file.
Flavors: r-devel-linux-x86_64-debian-clang, r-devel-linux-x86_64-debian-gcc, r-devel-windows-ix86+x86_64, r-patched-linux-x86_64, r-patched-solaris-sparc, r-patched-solaris-x86, r-release-linux-x86_64, r-release-windows-ix86+x86_64, r-release-osx-x86_64, r-oldrel-windows-ix86+x86_64, r-oldrel-osx-x86_64

Version: 0.1
Flags: --no-stop-on-test-error
Check: top-level files
Result: NOTE
    Non-standard file/directory found at top level:
     ‘package.R’
Flavors: r-devel-linux-x86_64-fedora-clang, r-devel-linux-x86_64-fedora-gcc

Version: 0.1
Flags: --no-stop-on-test-error
Check: R code for possible problems
Result: NOTE
    last: no visible global function definition for ‘tail’
    Undefined global functions or variables:
     tail
    Consider adding
     importFrom("utils", "tail")
    to your NAMESPACE file.
Flavors: r-devel-linux-x86_64-fedora-clang, r-devel-linux-x86_64-fedora-gcc