Last updated on 2018-04-26 06:47:36 CEST.
Flavor | Version | Tinstall | Tcheck | Ttotal | Status | Flags |
---|---|---|---|---|---|---|
r-devel-linux-x86_64-debian-clang | 0.1 | 0.96 | 15.20 | 16.16 | NOTE | |
r-devel-linux-x86_64-debian-gcc | 0.1 | 0.76 | 13.51 | 14.27 | NOTE | |
r-devel-linux-x86_64-fedora-clang | 0.1 | 21.12 | NOTE | |||
r-devel-linux-x86_64-fedora-gcc | 0.1 | 19.82 | NOTE | |||
r-devel-windows-ix86+x86_64 | 0.1 | 5.00 | 31.00 | 36.00 | NOTE | |
r-patched-linux-x86_64 | 0.1 | 0.82 | 16.17 | 16.99 | NOTE | |
r-patched-solaris-x86 | 0.1 | 34.80 | NOTE | |||
r-release-linux-x86_64 | 0.1 | 0.81 | 16.19 | 17.00 | NOTE | |
r-release-windows-ix86+x86_64 | 0.1 | 5.00 | 31.00 | 36.00 | NOTE | |
r-release-osx-x86_64 | 0.1 | NOTE | ||||
r-oldrel-windows-ix86+x86_64 | 0.1 | 3.00 | 30.00 | 33.00 | NOTE | |
r-oldrel-osx-x86_64 | 0.1 | NOTE |
Version: 0.1
Check: top-level files
Result: NOTE
Non-standard file/directory found at top level:
‘package.R’
Flavors: r-devel-linux-x86_64-debian-clang, r-devel-linux-x86_64-debian-gcc, r-devel-linux-x86_64-fedora-clang, r-devel-linux-x86_64-fedora-gcc, r-patched-linux-x86_64, r-release-linux-x86_64
Version: 0.1
Check: R code for possible problems
Result: NOTE
last: no visible global function definition for ‘tail’
Undefined global functions or variables:
tail
Consider adding
importFrom("utils", "tail")
to your NAMESPACE file.
Flavors: r-devel-linux-x86_64-debian-clang, r-devel-linux-x86_64-debian-gcc, r-devel-linux-x86_64-fedora-clang, r-devel-linux-x86_64-fedora-gcc, r-devel-windows-ix86+x86_64, r-patched-linux-x86_64, r-patched-solaris-x86, r-release-linux-x86_64, r-release-windows-ix86+x86_64, r-release-osx-x86_64, r-oldrel-windows-ix86+x86_64, r-oldrel-osx-x86_64