CRAN Package Check Results for Package lisp

Last updated on 2018-02-22 10:47:28 CET.

Flavor Version Tinstall Tcheck Ttotal Status Flags
r-devel-linux-x86_64-debian-clang 0.1 0.77 14.90 15.67 NOTE
r-devel-linux-x86_64-debian-gcc 0.1 0.78 13.52 14.30 NOTE
r-devel-linux-x86_64-fedora-clang 0.1 20.74 NOTE
r-devel-linux-x86_64-fedora-gcc 0.1 19.81 NOTE
r-devel-windows-ix86+x86_64 0.1 4.00 32.00 36.00 NOTE
r-patched-linux-x86_64 0.1 0.84 15.42 16.26 NOTE
r-patched-solaris-x86 0.1 28.10 NOTE
r-release-linux-x86_64 0.1 0.75 15.41 16.16 NOTE
r-release-windows-ix86+x86_64 0.1 2.00 38.00 40.00 NOTE
r-release-osx-x86_64 0.1 NOTE
r-oldrel-windows-ix86+x86_64 0.1 3.00 26.00 29.00 NOTE
r-oldrel-osx-x86_64 0.1 NOTE

Check Details

Version: 0.1
Check: top-level files
Result: NOTE
    Non-standard file/directory found at top level:
     ‘package.R’
Flavors: r-devel-linux-x86_64-debian-clang, r-devel-linux-x86_64-debian-gcc, r-devel-linux-x86_64-fedora-clang, r-devel-linux-x86_64-fedora-gcc, r-patched-linux-x86_64, r-release-linux-x86_64

Version: 0.1
Check: R code for possible problems
Result: NOTE
    last: no visible global function definition for ‘tail’
    Undefined global functions or variables:
     tail
    Consider adding
     importFrom("utils", "tail")
    to your NAMESPACE file.
Flavors: r-devel-linux-x86_64-debian-clang, r-devel-linux-x86_64-debian-gcc, r-devel-linux-x86_64-fedora-clang, r-devel-linux-x86_64-fedora-gcc, r-devel-windows-ix86+x86_64, r-patched-linux-x86_64, r-patched-solaris-x86, r-release-linux-x86_64, r-release-windows-ix86+x86_64, r-release-osx-x86_64, r-oldrel-windows-ix86+x86_64, r-oldrel-osx-x86_64