CRAN Package Check Results for Package lisp

Last updated on 2017-01-23 08:48:47.

Flavor Version Tinstall Tcheck Ttotal Status Flags
r-devel-linux-x86_64-debian-clang 0.1 0.68 10.54 11.23 NOTE
r-devel-linux-x86_64-debian-gcc 0.1 0.64 11.05 11.68 NOTE
r-devel-linux-x86_64-fedora-clang 0.1 17.99 NOTE --no-stop-on-test-error
r-devel-linux-x86_64-fedora-gcc 0.1 17.33 NOTE --no-stop-on-test-error
r-devel-macos-x86_64-clang 0.1 16.66 NOTE --no-stop-on-test-error
r-devel-windows-ix86+x86_64 0.1 3.00 26.00 29.00 NOTE
r-patched-linux-x86_64 0.1 0.61 8.85 9.46 NOTE
r-patched-solaris-sparc 0.1 104.40 NOTE
r-patched-solaris-x86 0.1 24.00 NOTE
r-release-linux-x86_64 0.1 0.60 8.63 9.23 NOTE
r-release-osx-x86_64-mavericks 0.1 NOTE
r-release-windows-ix86+x86_64 0.1 5.00 28.00 33.00 NOTE
r-oldrel-windows-ix86+x86_64 0.1 7.00 43.00 50.00 OK

Check Details

Version: 0.1
Check: top-level files
Result: NOTE
    Non-standard file/directory found at top level:
     ‘package.R’
Flavors: r-devel-linux-x86_64-debian-clang, r-devel-linux-x86_64-debian-gcc, r-patched-linux-x86_64, r-release-linux-x86_64

Version: 0.1
Check: R code for possible problems
Result: NOTE
    last: no visible global function definition for ‘tail’
    Undefined global functions or variables:
     tail
    Consider adding
     importFrom("utils", "tail")
    to your NAMESPACE file.
Flavors: r-devel-linux-x86_64-debian-clang, r-devel-linux-x86_64-debian-gcc, r-devel-windows-ix86+x86_64, r-patched-linux-x86_64, r-patched-solaris-sparc, r-patched-solaris-x86, r-release-linux-x86_64, r-release-osx-x86_64-mavericks, r-release-windows-ix86+x86_64

Version: 0.1
Flags: --no-stop-on-test-error
Check: top-level files
Result: NOTE
    Non-standard file/directory found at top level:
     ‘package.R’
Flavors: r-devel-linux-x86_64-fedora-clang, r-devel-linux-x86_64-fedora-gcc

Version: 0.1
Flags: --no-stop-on-test-error
Check: R code for possible problems
Result: NOTE
    last: no visible global function definition for ‘tail’
    Undefined global functions or variables:
     tail
    Consider adding
     importFrom("utils", "tail")
    to your NAMESPACE file.
Flavors: r-devel-linux-x86_64-fedora-clang, r-devel-linux-x86_64-fedora-gcc, r-devel-macos-x86_64-clang