CRAN Package Check Results for Package lisp

Last updated on 2017-09-21 18:47:09.

Flavor Version Tinstall Tcheck Ttotal Status Flags
r-devel-linux-x86_64-debian-clang 0.1 0.72 10.93 11.66 NOTE
r-devel-linux-x86_64-debian-gcc 0.1 0.67 10.53 11.20 NOTE
r-devel-linux-x86_64-fedora-clang 0.1 19.36 NOTE
r-devel-linux-x86_64-fedora-gcc 0.1 18.28 NOTE
r-devel-windows-ix86+x86_64 0.1 3.00 28.00 31.00 NOTE
r-patched-linux-x86_64 0.1 0.68 10.83 11.51 NOTE
r-patched-solaris-x86 0.1 27.30 NOTE
r-release-linux-x86_64 0.1 0.68 10.83 11.51 NOTE
r-release-windows-ix86+x86_64 0.1 3.00 28.00 31.00 NOTE
r-release-osx-x86_64 0.1 NOTE
r-oldrel-windows-ix86+x86_64 0.1 3.00 31.00 34.00 NOTE
r-oldrel-osx-x86_64 0.1 NOTE

Check Details

Version: 0.1
Check: top-level files
Result: NOTE
    Non-standard file/directory found at top level:
     ‘package.R’
Flavors: r-devel-linux-x86_64-debian-clang, r-devel-linux-x86_64-debian-gcc, r-devel-linux-x86_64-fedora-clang, r-devel-linux-x86_64-fedora-gcc, r-patched-linux-x86_64, r-release-linux-x86_64

Version: 0.1
Check: R code for possible problems
Result: NOTE
    last: no visible global function definition for ‘tail’
    Undefined global functions or variables:
     tail
    Consider adding
     importFrom("utils", "tail")
    to your NAMESPACE file.
Flavors: r-devel-linux-x86_64-debian-clang, r-devel-linux-x86_64-debian-gcc, r-devel-linux-x86_64-fedora-clang, r-devel-linux-x86_64-fedora-gcc, r-devel-windows-ix86+x86_64, r-patched-linux-x86_64, r-patched-solaris-x86, r-release-linux-x86_64, r-release-windows-ix86+x86_64, r-release-osx-x86_64, r-oldrel-windows-ix86+x86_64, r-oldrel-osx-x86_64