CRAN Package Check Results for Package lisp

Last updated on 2015-08-01 11:49:02.

Flavor Version Tinstall Tcheck Ttotal Status Flags
r-devel-linux-x86_64-debian-clang 0.1 0.64 8.92 9.56 NOTE
r-devel-linux-x86_64-debian-gcc 0.1 0.59 8.66 9.25 NOTE
r-devel-linux-x86_64-fedora-clang 0.1 17.55 NOTE
r-devel-linux-x86_64-fedora-gcc 0.1 16.38 NOTE
r-devel-osx-x86_64-clang 0.1 18.37 OK
r-devel-windows-ix86+x86_64 0.1 3.00 24.00 27.00 NOTE
r-patched-linux-x86_64 0.1 0.61 8.83 9.44 NOTE
r-patched-solaris-sparc 0.1 119.40 OK
r-patched-solaris-x86 0.1 26.60 OK
r-release-linux-x86_64 0.1 0.61 9.47 10.08 NOTE
r-release-osx-x86_64-mavericks 0.1 OK
r-release-windows-ix86+x86_64 0.1 3.00 16.00 19.00 OK
r-oldrel-windows-ix86+x86_64 0.1 5.00 16.00 21.00 OK

Check Details

Version: 0.1
Check: top-level files
Result: NOTE
    Non-standard file/directory found at top level:
     ‘package.R’
Flavors: r-devel-linux-x86_64-debian-clang, r-devel-linux-x86_64-debian-gcc, r-devel-linux-x86_64-fedora-clang, r-devel-linux-x86_64-fedora-gcc, r-patched-linux-x86_64, r-release-linux-x86_64

Version: 0.1
Check: R code for possible problems
Result: NOTE
    last: no visible global function definition for ‘tail’
    Undefined global functions or variables:
     tail
    Consider adding
     importFrom("utils", "tail")
    to your NAMESPACE.
Flavors: r-devel-linux-x86_64-debian-clang, r-devel-linux-x86_64-debian-gcc, r-devel-linux-x86_64-fedora-clang, r-devel-linux-x86_64-fedora-gcc, r-devel-windows-ix86+x86_64