CRAN Package Check Results for Package lisp

Last updated on 2014-10-24 19:47:43.

Flavor Version Tinstall Tcheck Ttotal Status Flags
r-devel-linux-x86_64-debian-clang 0.1 0.66 9.28 9.93 NOTE
r-devel-linux-x86_64-debian-gcc 0.1 0.65 9.24 9.89 NOTE
r-devel-linux-x86_64-fedora-clang 0.1 19.36 NOTE
r-devel-linux-x86_64-fedora-gcc 0.1 18.32 NOTE
r-devel-osx-x86_64-clang 0.1 22.62 OK
r-devel-windows-ix86+x86_64 0.1 2.00 16.00 18.00 OK
r-patched-linux-x86_64 0.1 0.66 10.28 10.93 NOTE
r-patched-solaris-sparc 0.1 126.80 OK
r-patched-solaris-x86 0.1 29.20 OK
r-release-linux-ix86 0.1 0.90 14.97 15.88 OK
r-release-linux-x86_64 0.1 0.61 9.60 10.22 NOTE
r-release-osx-x86_64-mavericks 0.1 OK
r-release-windows-ix86+x86_64 0.1 2.00 17.00 19.00 OK
r-oldrel-windows-ix86+x86_64 0.1 2.00 17.00 19.00 OK

Check Details

Version: 0.1
Check: top-level files
Result: NOTE
    Non-standard file/directory found at top level:
     ‘package.R’
Flavors: r-devel-linux-x86_64-debian-clang, r-devel-linux-x86_64-debian-gcc, r-devel-linux-x86_64-fedora-clang, r-devel-linux-x86_64-fedora-gcc, r-patched-linux-x86_64, r-release-linux-x86_64