CRAN Package Check Results for Package lisp

Last updated on 2014-04-23 20:47:15.

Flavor Version Tinstall Tcheck Ttotal Status Flags
r-devel-linux-x86_64-debian-clang 0.1 0.67 9.10 9.78 OK
r-devel-linux-x86_64-debian-gcc 0.1 0.63 9.19 9.82 OK
r-devel-linux-x86_64-fedora-clang 0.1 19.31 NOTE
r-devel-linux-x86_64-fedora-gcc 0.1 17.78 NOTE
r-devel-osx-x86_64-clang 0.1 20.25 OK
r-devel-osx-x86_64-gcc 0.1 OK
r-devel-windows-ix86+x86_64 0.1 2.00 16.00 18.00 OK
r-patched-linux-x86_64 0.1 0.63 9.25 9.88 OK
r-patched-solaris-sparc 0.1 110.00 OK
r-patched-solaris-x86 0.1 28.30 OK
r-release-linux-ix86 0.1 2.00 20.00 22.00 OK
r-release-linux-x86_64 0.1 0.64 9.38 10.02 OK
r-release-osx-x86_64-mavericks 0.1 WARN
r-release-windows-ix86+x86_64 0.1 4.00 22.00 26.00 OK
r-oldrel-windows-ix86+x86_64 0.1 2.00 17.00 19.00 OK

Check Details

Version: 0.1
Check: top-level files
Result: NOTE
    Non-standard file/directory found at top level:
     ‘package.R’
Flavors: r-devel-linux-x86_64-fedora-clang, r-devel-linux-x86_64-fedora-gcc

Version: 0.1
Check: PDF version of manual
Result: WARNING
    LaTeX errors when creating PDF version.
    This typically indicates Rd problems.
    LaTeX errors found:
    ! LaTeX Error: File `upquote.sty' not found.
    
    Type X to quit or <RETURN> to proceed,
    or enter new name. (Default extension: sty)
    
    a69f23f/Rd2.tex:8: ==> Fatal error occurred, no output PDF file produced!
Flavor: r-release-osx-x86_64-mavericks