CRAN Package Check Results for Package lisp

Last updated on 2015-05-28 07:48:57.

Flavor Version Tinstall Tcheck Ttotal Status Flags
r-devel-linux-x86_64-debian-clang 0.1 0.62 8.71 9.34 NOTE
r-devel-linux-x86_64-debian-gcc 0.1 0.64 8.80 9.44 NOTE
r-devel-linux-x86_64-fedora-clang 0.1 18.30 NOTE
r-devel-linux-x86_64-fedora-gcc 0.1 16.84 NOTE
r-devel-osx-x86_64-clang 0.1 22.56 OK
r-devel-windows-ix86+x86_64 0.1 3.00 17.00 20.00 OK
r-patched-linux-x86_64 0.1 0.60 9.22 9.82 NOTE
r-patched-solaris-sparc 0.1 124.50 OK
r-patched-solaris-x86 0.1 26.50 OK
r-release-linux-x86_64 0.1 0.60 8.64 9.24 NOTE
r-release-osx-x86_64-mavericks 0.1 OK
r-release-osx-x86_64-snowleopard 0.1 OK
r-release-windows-ix86+x86_64 0.1 2.00 18.00 20.00 OK
r-oldrel-windows-ix86+x86_64 0.1 5.00 16.00 21.00 OK

Check Details

Version: 0.1
Check: top-level files
Result: NOTE
    Non-standard file/directory found at top level:
     ‘package.R’
Flavors: r-devel-linux-x86_64-debian-clang, r-devel-linux-x86_64-debian-gcc, r-devel-linux-x86_64-fedora-clang, r-devel-linux-x86_64-fedora-gcc, r-patched-linux-x86_64, r-release-linux-x86_64