CRAN Package Check Results for Package lisp

Last updated on 2014-08-27 11:50:54.

Flavor Version Tinstall Tcheck Ttotal Status Flags
r-devel-linux-x86_64-debian-clang 0.1 0.60 8.63 9.23 OK
r-devel-linux-x86_64-debian-gcc 0.1 0.76 8.29 9.05 OK
r-devel-linux-x86_64-fedora-clang 0.1 18.60 NOTE
r-devel-linux-x86_64-fedora-gcc 0.1 17.22 NOTE
r-devel-osx-x86_64-clang 0.1 20.58 OK
r-devel-windows-ix86+x86_64 0.1 2.00 19.00 21.00 OK
r-patched-linux-x86_64 0.1 0.60 8.60 9.19 OK
r-patched-solaris-sparc 0.1 126.80 OK
r-patched-solaris-x86 0.1 27.90 OK
r-release-linux-ix86 0.1 0.90 14.79 15.68 OK
r-release-linux-x86_64 0.1 0.62 9.18 9.79 OK
r-release-osx-x86_64-mavericks 0.1 OK
r-release-windows-ix86+x86_64 0.1 4.00 16.00 20.00 OK
r-oldrel-windows-ix86+x86_64 0.1 2.00 17.00 19.00 OK

Check Details

Version: 0.1
Check: top-level files
Result: NOTE
    Non-standard file/directory found at top level:
     ‘package.R’
Flavors: r-devel-linux-x86_64-fedora-clang, r-devel-linux-x86_64-fedora-gcc