CRAN Package Check Results for Package lisrelToR

Last updated on 2015-09-01 03:49:01.

Flavor Version Tinstall Tcheck Ttotal Status Flags
r-devel-linux-x86_64-debian-clang 0.1.4 0.45 9.82 10.28 NOTE
r-devel-linux-x86_64-debian-gcc 0.1.4 0.46 9.37 9.83 NOTE
r-devel-linux-x86_64-fedora-clang 0.1.4 18.13 NOTE
r-devel-linux-x86_64-fedora-gcc 0.1.4 16.26 NOTE
r-devel-osx-x86_64-clang 0.1.4 18.37 OK
r-devel-windows-ix86+x86_64 0.1.4 2.00 26.00 28.00 NOTE
r-patched-linux-x86_64 0.1.4 0.52 9.61 10.13 OK
r-patched-solaris-sparc 0.1.4 125.00 OK
r-patched-solaris-x86 0.1.4 27.80 OK
r-release-linux-x86_64 0.1.4 0.64 11.28 11.92 OK
r-release-osx-x86_64-mavericks 0.1.4 OK
r-release-windows-ix86+x86_64 0.1.4 2.00 18.00 20.00 OK
r-oldrel-windows-ix86+x86_64 0.1.4 4.00 21.00 25.00 OK

Check Details

Version: 0.1.4
Check: R code for possible problems
Result: NOTE
    getMatrix : <anonymous>: no visible global function definition for
     ‘read.table’
    Undefined global functions or variables:
     read.table
    Consider adding
     importFrom("utils", "read.table")
    to your NAMESPACE.
Flavors: r-devel-linux-x86_64-debian-clang, r-devel-linux-x86_64-debian-gcc, r-devel-linux-x86_64-fedora-clang, r-devel-linux-x86_64-fedora-gcc, r-devel-windows-ix86+x86_64