CRAN Package Check Results for Package lisrelToR

Last updated on 2018-06-25 16:49:59 CEST.

Flavor Version Tinstall Tcheck Ttotal Status Flags
r-devel-linux-x86_64-debian-clang 0.1.4 1.21 17.02 18.23 NOTE
r-devel-linux-x86_64-debian-gcc 0.1.4 1.10 14.99 16.09 NOTE
r-devel-linux-x86_64-fedora-clang 0.1.4 23.89 NOTE
r-devel-linux-x86_64-fedora-gcc 0.1.4 22.29 NOTE
r-devel-windows-ix86+x86_64 0.1.4 5.00 31.00 36.00 NOTE
r-patched-linux-x86_64 0.1.4 1.18 18.06 19.24 NOTE
r-patched-solaris-x86 0.1.4 36.80 NOTE
r-release-linux-x86_64 0.1.4 1.01 17.55 18.56 NOTE
r-release-windows-ix86+x86_64 0.1.4 6.00 31.00 37.00 NOTE
r-release-osx-x86_64 0.1.4 NOTE
r-oldrel-windows-ix86+x86_64 0.1.4 3.00 29.00 32.00 NOTE
r-oldrel-osx-x86_64 0.1.4 NOTE

Check Details

Version: 0.1.4
Check: R code for possible problems
Result: NOTE
    getMatrix : <anonymous>: no visible global function definition for
     ‘read.table’
    Undefined global functions or variables:
     read.table
    Consider adding
     importFrom("utils", "read.table")
    to your NAMESPACE file.
Flavors: r-devel-linux-x86_64-debian-clang, r-devel-linux-x86_64-debian-gcc, r-devel-linux-x86_64-fedora-clang, r-devel-linux-x86_64-fedora-gcc, r-devel-windows-ix86+x86_64, r-patched-linux-x86_64, r-patched-solaris-x86, r-release-linux-x86_64, r-release-windows-ix86+x86_64, r-release-osx-x86_64, r-oldrel-windows-ix86+x86_64, r-oldrel-osx-x86_64