CRAN Package Check Results for Package lisrelToR

Last updated on 2017-10-19 17:48:29.

Flavor Version Tinstall Tcheck Ttotal Status Flags
r-devel-linux-x86_64-debian-clang 0.1.4 0.50 12.32 12.82 NOTE
r-devel-linux-x86_64-debian-gcc 0.1.4 0.58 14.10 14.68 NOTE
r-devel-linux-x86_64-fedora-clang 0.1.4 21.18 NOTE
r-devel-linux-x86_64-fedora-gcc 0.1.4 20.34 NOTE
r-devel-windows-ix86+x86_64 0.1.4 2.00 26.00 28.00 NOTE
r-patched-linux-x86_64 0.1.4 0.59 12.26 12.85 NOTE
r-patched-solaris-x86 0.1.4 29.00 NOTE
r-release-linux-x86_64 0.1.4 0.60 12.26 12.86 NOTE
r-release-windows-ix86+x86_64 0.1.4 3.00 29.00 32.00 NOTE
r-release-osx-x86_64 0.1.4 NOTE
r-oldrel-windows-ix86+x86_64 0.1.4 2.00 26.00 28.00 NOTE
r-oldrel-osx-x86_64 0.1.4 NOTE

Check Details

Version: 0.1.4
Check: R code for possible problems
Result: NOTE
    getMatrix : <anonymous>: no visible global function definition for
     ‘read.table’
    Undefined global functions or variables:
     read.table
    Consider adding
     importFrom("utils", "read.table")
    to your NAMESPACE file.
Flavors: r-devel-linux-x86_64-debian-clang, r-devel-linux-x86_64-debian-gcc, r-devel-linux-x86_64-fedora-clang, r-devel-linux-x86_64-fedora-gcc, r-devel-windows-ix86+x86_64, r-patched-linux-x86_64, r-patched-solaris-x86, r-release-linux-x86_64, r-release-windows-ix86+x86_64, r-release-osx-x86_64, r-oldrel-windows-ix86+x86_64, r-oldrel-osx-x86_64