CRAN Package Check Results for Package lisrelToR

Last updated on 2016-09-26 20:49:38.

Flavor Version Tinstall Tcheck Ttotal Status Flags
r-devel-linux-x86_64-debian-clang 0.1.4 0.61 10.31 10.93 NOTE
r-devel-linux-x86_64-debian-gcc 0.1.4 0.50 9.83 10.33 NOTE
r-devel-linux-x86_64-fedora-clang 0.1.4 17.06 NOTE
r-devel-linux-x86_64-fedora-gcc 0.1.4 15.64 NOTE
r-devel-macos-x86_64-clang 0.1.4 15.41 NOTE
r-devel-windows-ix86+x86_64 0.1.4 4.00 31.00 35.00 NOTE
r-patched-linux-x86_64 0.1.4 0.51 9.76 10.27 NOTE
r-patched-solaris-sparc 0.1.4 99.60 NOTE
r-patched-solaris-x86 0.1.4 22.20 NOTE
r-release-linux-x86_64 0.1.4 0.57 9.83 10.40 NOTE
r-release-osx-x86_64-mavericks 0.1.4 NOTE
r-release-windows-ix86+x86_64 0.1.4 3.00 27.00 30.00 NOTE
r-oldrel-windows-ix86+x86_64 0.1.4 3.00 17.00 20.00 OK

Check Details

Version: 0.1.4
Check: R code for possible problems
Result: NOTE
    getMatrix : <anonymous>: no visible global function definition for
     ‘read.table’
    Undefined global functions or variables:
     read.table
    Consider adding
     importFrom("utils", "read.table")
    to your NAMESPACE file.
Flavors: r-devel-linux-x86_64-debian-clang, r-devel-linux-x86_64-debian-gcc, r-devel-linux-x86_64-fedora-clang, r-devel-linux-x86_64-fedora-gcc, r-devel-macos-x86_64-clang, r-devel-windows-ix86+x86_64, r-patched-linux-x86_64, r-patched-solaris-sparc, r-patched-solaris-x86, r-release-linux-x86_64, r-release-osx-x86_64-mavericks, r-release-windows-ix86+x86_64