CRAN Package Check Results for Package lisrelToR

Last updated on 2016-05-06 19:54:23.

Flavor Version Tinstall Tcheck Ttotal Status Flags
r-devel-linux-x86_64-debian-gcc 0.1.4 0.58 9.65 10.23 NOTE
r-devel-linux-x86_64-fedora-clang 0.1.4 16.58 NOTE
r-devel-linux-x86_64-fedora-gcc 0.1.4 15.56 NOTE
r-devel-osx-x86_64-clang 0.1.4 20.75 NOTE
r-devel-windows-ix86+x86_64 0.1.4 3.00 30.00 33.00 NOTE
r-patched-linux-x86_64 0.1.4 0.63 10.07 10.69 NOTE
r-patched-solaris-sparc 0.1.4 101.80 NOTE
r-patched-solaris-x86 0.1.4 22.20 NOTE
r-release-linux-x86_64 0.1.4 0.52 9.82 10.35 NOTE
r-release-osx-x86_64-mavericks 0.1.4 NOTE
r-release-windows-ix86+x86_64 0.1.4 3.00 30.00 33.00 NOTE
r-oldrel-windows-ix86+x86_64 0.1.4 3.00 17.00 20.00 OK

Check Details

Version: 0.1.4
Check: R code for possible problems
Result: NOTE
    getMatrix : <anonymous>: no visible global function definition for
     ‘read.table’
    Undefined global functions or variables:
     read.table
    Consider adding
     importFrom("utils", "read.table")
    to your NAMESPACE file.
Flavors: r-devel-linux-x86_64-debian-gcc, r-devel-linux-x86_64-fedora-clang, r-devel-linux-x86_64-fedora-gcc, r-devel-osx-x86_64-clang, r-devel-windows-ix86+x86_64, r-patched-linux-x86_64, r-patched-solaris-sparc, r-patched-solaris-x86, r-release-linux-x86_64, r-release-osx-x86_64-mavericks, r-release-windows-ix86+x86_64