CRAN Package Check Results for Package lisrelToR

Last updated on 2015-07-30 17:47:16.

Flavor Version Tinstall Tcheck Ttotal Status Flags
r-devel-linux-x86_64-debian-clang 0.1.4 0.49 9.76 10.25 NOTE
r-devel-linux-x86_64-debian-gcc 0.1.4 0.50 13.10 13.60 NOTE
r-devel-linux-x86_64-fedora-clang 0.1.4 18.58 NOTE
r-devel-linux-x86_64-fedora-gcc 0.1.4 16.79 NOTE
r-devel-osx-x86_64-clang 0.1.4 17.61 OK
r-devel-windows-ix86+x86_64 0.1.4 3.00 24.00 27.00 NOTE
r-patched-linux-x86_64 0.1.4 0.52 9.82 10.34 OK
r-patched-solaris-sparc 0.1.4 125.00 OK
r-patched-solaris-x86 0.1.4 26.90 OK
r-release-linux-x86_64 0.1.4 0.56 10.58 11.14 OK
r-release-osx-x86_64-mavericks 0.1.4 OK
r-release-windows-ix86+x86_64 0.1.4 2.00 25.00 27.00 OK
r-oldrel-windows-ix86+x86_64 0.1.4 4.00 21.00 25.00 OK

Check Details

Version: 0.1.4
Check: R code for possible problems
Result: NOTE
    getMatrix : <anonymous>: no visible global function definition for
     ‘read.table’
    Undefined global functions or variables:
     read.table
    Consider adding
     importFrom("utils", "read.table")
    to your NAMESPACE.
Flavors: r-devel-linux-x86_64-debian-clang, r-devel-linux-x86_64-debian-gcc, r-devel-linux-x86_64-fedora-clang, r-devel-linux-x86_64-fedora-gcc, r-devel-windows-ix86+x86_64