CRAN Package Check Results for Package lisrelToR

Last updated on 2018-04-25 08:51:25 CEST.

Flavor Version Tinstall Tcheck Ttotal Status Flags
r-devel-linux-x86_64-debian-clang 0.1.4 1.30 17.74 19.04 NOTE
r-devel-linux-x86_64-debian-gcc 0.1.4 1.07 14.07 15.14 NOTE
r-devel-linux-x86_64-fedora-clang 0.1.4 22.45 NOTE
r-devel-linux-x86_64-fedora-gcc 0.1.4 21.69 NOTE
r-devel-windows-ix86+x86_64 0.1.4 6.00 31.00 37.00 NOTE
r-patched-linux-x86_64 0.1.4 1.31 17.10 18.41 NOTE
r-patched-solaris-x86 0.1.4 36.40 NOTE
r-release-linux-x86_64 0.1.4 1.21 17.31 18.52 NOTE
r-release-windows-ix86+x86_64 0.1.4 6.00 31.00 37.00 NOTE
r-release-osx-x86_64 0.1.4 NOTE
r-oldrel-windows-ix86+x86_64 0.1.4 3.00 29.00 32.00 NOTE
r-oldrel-osx-x86_64 0.1.4 NOTE

Check Details

Version: 0.1.4
Check: R code for possible problems
Result: NOTE
    getMatrix : <anonymous>: no visible global function definition for
     ‘read.table’
    Undefined global functions or variables:
     read.table
    Consider adding
     importFrom("utils", "read.table")
    to your NAMESPACE file.
Flavors: r-devel-linux-x86_64-debian-clang, r-devel-linux-x86_64-debian-gcc, r-devel-linux-x86_64-fedora-clang, r-devel-linux-x86_64-fedora-gcc, r-devel-windows-ix86+x86_64, r-patched-linux-x86_64, r-patched-solaris-x86, r-release-linux-x86_64, r-release-windows-ix86+x86_64, r-release-osx-x86_64, r-oldrel-windows-ix86+x86_64, r-oldrel-osx-x86_64