CRAN Package Check Results for Package lisrelToR

Last updated on 2016-12-08 23:49:32.

Flavor Version Tinstall Tcheck Ttotal Status Flags
r-devel-linux-x86_64-debian-clang 0.1.4 0.56 12.13 12.69 NOTE
r-devel-linux-x86_64-debian-gcc 0.1.4 0.66 11.67 12.33 NOTE
r-devel-linux-x86_64-fedora-clang 0.1.4 21.12 NOTE --no-stop-on-test-error
r-devel-linux-x86_64-fedora-gcc 0.1.4 19.79 NOTE --no-stop-on-test-error
r-devel-macos-x86_64-clang 0.1.4 18.36 NOTE
r-devel-windows-ix86+x86_64 0.1.4 2.00 29.00 31.00 NOTE
r-patched-linux-x86_64 0.1.4 0.55 10.35 10.90 NOTE
r-patched-solaris-sparc 0.1.4 99.60 NOTE
r-patched-solaris-x86 0.1.4 22.00 NOTE
r-release-linux-x86_64 0.1.4 0.54 9.83 10.37 NOTE
r-release-osx-x86_64-mavericks 0.1.4 NOTE
r-release-windows-ix86+x86_64 0.1.4 2.00 26.00 28.00 NOTE
r-oldrel-windows-ix86+x86_64 0.1.4 3.00 23.00 26.00 OK

Check Details

Version: 0.1.4
Check: R code for possible problems
Result: NOTE
    getMatrix : <anonymous>: no visible global function definition for
     ‘read.table’
    Undefined global functions or variables:
     read.table
    Consider adding
     importFrom("utils", "read.table")
    to your NAMESPACE file.
Flavors: r-devel-linux-x86_64-debian-clang, r-devel-linux-x86_64-debian-gcc, r-devel-macos-x86_64-clang, r-devel-windows-ix86+x86_64, r-patched-linux-x86_64, r-patched-solaris-sparc, r-patched-solaris-x86, r-release-linux-x86_64, r-release-osx-x86_64-mavericks, r-release-windows-ix86+x86_64

Version: 0.1.4
Flags: --no-stop-on-test-error
Check: R code for possible problems
Result: NOTE
    getMatrix : <anonymous>: no visible global function definition for
     ‘read.table’
    Undefined global functions or variables:
     read.table
    Consider adding
     importFrom("utils", "read.table")
    to your NAMESPACE file.
Flavors: r-devel-linux-x86_64-fedora-clang, r-devel-linux-x86_64-fedora-gcc