CRAN Package Check Results for Package lisrelToR

Last updated on 2017-04-26 21:47:20.

Flavor Version Tinstall Tcheck Ttotal Status Flags
r-devel-linux-x86_64-debian-clang 0.1.4 0.58 12.65 13.23 NOTE
r-devel-linux-x86_64-debian-gcc 0.1.4 0.57 12.04 12.61 NOTE
r-devel-linux-x86_64-fedora-clang 0.1.4 20.30 NOTE --no-stop-on-test-error
r-devel-linux-x86_64-fedora-gcc 0.1.4 19.12 NOTE --no-stop-on-test-error
r-devel-windows-ix86+x86_64 0.1.4 5.00 27.00 32.00 NOTE
r-patched-linux-x86_64 0.1.4 0.56 12.30 12.86 NOTE
r-patched-solaris-sparc 0.1.4 121.70 NOTE
r-patched-solaris-x86 0.1.4 27.90 NOTE
r-release-linux-x86_64 0.1.4 0.59 12.46 13.05 NOTE
r-release-windows-ix86+x86_64 0.1.4 2.00 29.00 31.00 NOTE
r-release-osx-x86_64 0.1.4 NOTE
r-oldrel-windows-ix86+x86_64 0.1.4 2.00 26.00 28.00 NOTE
r-oldrel-osx-x86_64 0.1.4 NOTE

Check Details

Version: 0.1.4
Check: R code for possible problems
Result: NOTE
    getMatrix : <anonymous>: no visible global function definition for
     ‘read.table’
    Undefined global functions or variables:
     read.table
    Consider adding
     importFrom("utils", "read.table")
    to your NAMESPACE file.
Flavors: r-devel-linux-x86_64-debian-clang, r-devel-linux-x86_64-debian-gcc, r-devel-windows-ix86+x86_64, r-patched-linux-x86_64, r-patched-solaris-sparc, r-patched-solaris-x86, r-release-linux-x86_64, r-release-windows-ix86+x86_64, r-release-osx-x86_64, r-oldrel-windows-ix86+x86_64, r-oldrel-osx-x86_64

Version: 0.1.4
Flags: --no-stop-on-test-error
Check: R code for possible problems
Result: NOTE
    getMatrix : <anonymous>: no visible global function definition for
     ‘read.table’
    Undefined global functions or variables:
     read.table
    Consider adding
     importFrom("utils", "read.table")
    to your NAMESPACE file.
Flavors: r-devel-linux-x86_64-fedora-clang, r-devel-linux-x86_64-fedora-gcc