CRAN Package Check Results for Package lisrelToR

Last updated on 2016-08-29 21:49:10.

Flavor Version Tinstall Tcheck Ttotal Status Flags
r-devel-linux-x86_64-debian-clang 0.1.4 0.59 10.35 10.94 NOTE
r-devel-linux-x86_64-debian-gcc 0.1.4 0.53 9.94 10.47 NOTE
r-devel-linux-x86_64-fedora-clang 0.1.4 16.17 NOTE
r-devel-linux-x86_64-fedora-gcc 0.1.4 15.61 NOTE
r-devel-osx-x86_64-clang 0.1.4 15.52 NOTE
r-devel-windows-ix86+x86_64 0.1.4 4.00 30.00 34.00 NOTE
r-patched-linux-x86_64 0.1.4 0.56 9.88 10.45 NOTE
r-patched-solaris-sparc 0.1.4 99.60 NOTE
r-patched-solaris-x86 0.1.4 22.30 NOTE
r-release-linux-x86_64 0.1.4 0.56 10.21 10.77 NOTE
r-release-osx-x86_64-mavericks 0.1.4 NOTE
r-release-windows-ix86+x86_64 0.1.4 3.00 30.00 33.00 NOTE
r-oldrel-windows-ix86+x86_64 0.1.4 3.00 17.00 20.00 OK

Check Details

Version: 0.1.4
Check: R code for possible problems
Result: NOTE
    getMatrix : <anonymous>: no visible global function definition for
     ‘read.table’
    Undefined global functions or variables:
     read.table
    Consider adding
     importFrom("utils", "read.table")
    to your NAMESPACE file.
Flavors: r-devel-linux-x86_64-debian-clang, r-devel-linux-x86_64-debian-gcc, r-devel-linux-x86_64-fedora-clang, r-devel-linux-x86_64-fedora-gcc, r-devel-osx-x86_64-clang, r-devel-windows-ix86+x86_64, r-patched-linux-x86_64, r-patched-solaris-sparc, r-patched-solaris-x86, r-release-linux-x86_64, r-release-osx-x86_64-mavericks, r-release-windows-ix86+x86_64