CRAN Package Check Results for Package lisrelToR

Last updated on 2017-02-28 12:49:25.

Flavor Version Tinstall Tcheck Ttotal Status Flags
r-devel-linux-x86_64-debian-clang 0.1.4 0.57 12.37 12.94 NOTE
r-devel-linux-x86_64-debian-gcc 0.1.4 0.58 12.56 13.14 NOTE
r-devel-linux-x86_64-fedora-clang 0.1.4 19.95 NOTE --no-stop-on-test-error
r-devel-linux-x86_64-fedora-gcc 0.1.4 19.15 NOTE --no-stop-on-test-error
r-devel-macos-x86_64-clang 0.1.4 18.62 NOTE --no-stop-on-test-error
r-devel-windows-ix86+x86_64 0.1.4 3.00 67.00 70.00 NOTE
r-patched-linux-x86_64 0.1.4 0.52 10.17 10.70 NOTE
r-patched-solaris-sparc 0.1.4 101.80 NOTE
r-patched-solaris-x86 0.1.4 23.80 NOTE
r-release-linux-x86_64 0.1.4 0.58 10.08 10.66 NOTE
r-release-osx-x86_64-mavericks 0.1.4 NOTE
r-release-windows-ix86+x86_64 0.1.4 2.00 26.00 28.00 NOTE
r-oldrel-windows-ix86+x86_64 0.1.4 3.00 23.00 26.00 OK

Check Details

Version: 0.1.4
Check: R code for possible problems
Result: NOTE
    getMatrix : <anonymous>: no visible global function definition for
     ‘read.table’
    Undefined global functions or variables:
     read.table
    Consider adding
     importFrom("utils", "read.table")
    to your NAMESPACE file.
Flavors: r-devel-linux-x86_64-debian-clang, r-devel-linux-x86_64-debian-gcc, r-devel-windows-ix86+x86_64, r-patched-linux-x86_64, r-patched-solaris-sparc, r-patched-solaris-x86, r-release-linux-x86_64, r-release-osx-x86_64-mavericks, r-release-windows-ix86+x86_64

Version: 0.1.4
Flags: --no-stop-on-test-error
Check: R code for possible problems
Result: NOTE
    getMatrix : <anonymous>: no visible global function definition for
     ‘read.table’
    Undefined global functions or variables:
     read.table
    Consider adding
     importFrom("utils", "read.table")
    to your NAMESPACE file.
Flavors: r-devel-linux-x86_64-fedora-clang, r-devel-linux-x86_64-fedora-gcc, r-devel-macos-x86_64-clang