CRAN Package Check Results for Package list

Last updated on 2017-11-20 04:47:35.

Flavor Version Tinstall Tcheck Ttotal Status Flags
r-devel-linux-x86_64-debian-clang 8.3 7.90 58.13 66.03 NOTE
r-devel-linux-x86_64-debian-gcc 8.3 11.92 102.54 114.45 NOTE
r-devel-linux-x86_64-fedora-clang 8.3 129.03 NOTE
r-devel-linux-x86_64-fedora-gcc 8.3 157.39 NOTE
r-devel-windows-ix86+x86_64 8.3 34.00 137.00 171.00 OK
r-patched-linux-x86_64 8.3 8.99 61.80 70.79 NOTE
r-patched-solaris-x86 8.3 167.80 OK
r-release-linux-x86_64 8.3 8.89 63.20 72.08 NOTE
r-release-windows-ix86+x86_64 8.3 25.00 168.00 193.00 OK
r-release-osx-x86_64 8.3 OK
r-oldrel-windows-ix86+x86_64 8.3 25.00 127.00 152.00 OK
r-oldrel-osx-x86_64 8.3 OK

Check Details

Version: 8.3
Check: compiled code
Result: NOTE
    File ‘list/libs/list.so’:
     Found no calls to: ‘R_registerRoutines’, ‘R_useDynamicSymbols’
    
    It is good practice to register native routines and to disable symbol
    search.
    
    See ‘Writing portable packages’ in the ‘Writing R Extensions’ manual.
Flavors: r-devel-linux-x86_64-debian-clang, r-devel-linux-x86_64-debian-gcc, r-devel-linux-x86_64-fedora-clang, r-devel-linux-x86_64-fedora-gcc, r-patched-linux-x86_64, r-release-linux-x86_64