CRAN Package Check Results for Package list

Last updated on 2018-08-17 21:48:12 CEST.

Flavor Version Tinstall Tcheck Ttotal Status Flags
r-devel-linux-x86_64-debian-clang 8.3 22.83 85.35 108.18 NOTE
r-devel-linux-x86_64-debian-gcc 8.3 20.15 66.04 86.19 NOTE
r-devel-linux-x86_64-fedora-clang 8.3 133.87 NOTE
r-devel-linux-x86_64-fedora-gcc 8.3 134.82 NOTE
r-devel-windows-ix86+x86_64 8.3 57.00 162.00 219.00 OK
r-patched-linux-x86_64 8.3 24.61 80.96 105.57 NOTE
r-patched-solaris-x86 8.3 188.10 OK
r-release-linux-x86_64 8.3 23.97 80.17 104.14 NOTE
r-release-windows-ix86+x86_64 8.3 50.00 134.00 184.00 OK
r-release-osx-x86_64 8.3 OK
r-oldrel-windows-ix86+x86_64 8.3 28.00 129.00 157.00 OK
r-oldrel-osx-x86_64 8.3 OK

Check Details

Version: 8.3
Check: compiled code
Result: NOTE
    File ‘list/libs/list.so’:
     Found no calls to: ‘R_registerRoutines’, ‘R_useDynamicSymbols’
    
    It is good practice to register native routines and to disable symbol
    search.
    
    See ‘Writing portable packages’ in the ‘Writing R Extensions’ manual.
Flavors: r-devel-linux-x86_64-debian-clang, r-devel-linux-x86_64-debian-gcc, r-devel-linux-x86_64-fedora-clang, r-devel-linux-x86_64-fedora-gcc, r-patched-linux-x86_64, r-release-linux-x86_64