CRAN Package Check Results for Package list

Last updated on 2018-04-27 05:50:03 CEST.

Flavor Version Tinstall Tcheck Ttotal Status Flags
r-devel-linux-x86_64-debian-clang 8.3 31.03 71.06 102.09 NOTE
r-devel-linux-x86_64-debian-gcc 8.3 21.22 61.79 83.01 NOTE
r-devel-linux-x86_64-fedora-clang 8.3 133.56 NOTE
r-devel-linux-x86_64-fedora-gcc 8.3 126.75 NOTE
r-devel-windows-ix86+x86_64 8.3 55.00 133.00 188.00 OK
r-patched-linux-x86_64 8.3 27.48 78.66 106.14 NOTE
r-patched-solaris-x86 8.3 182.20 OK
r-release-linux-x86_64 8.3 29.20 79.79 108.99 NOTE
r-release-windows-ix86+x86_64 8.3 55.00 133.00 188.00 OK
r-release-osx-x86_64 8.3 OK
r-oldrel-windows-ix86+x86_64 8.3 24.00 126.00 150.00 OK
r-oldrel-osx-x86_64 8.3 OK

Check Details

Version: 8.3
Check: compiled code
Result: NOTE
    File ‘list/libs/list.so’:
     Found no calls to: ‘R_registerRoutines’, ‘R_useDynamicSymbols’
    
    It is good practice to register native routines and to disable symbol
    search.
    
    See ‘Writing portable packages’ in the ‘Writing R Extensions’ manual.
Flavors: r-devel-linux-x86_64-debian-clang, r-devel-linux-x86_64-debian-gcc, r-devel-linux-x86_64-fedora-clang, r-devel-linux-x86_64-fedora-gcc, r-patched-linux-x86_64, r-release-linux-x86_64