CRAN Package Check Results for Package list

Last updated on 2018-01-21 07:47:20 CET.

Flavor Version Tinstall Tcheck Ttotal Status Flags
r-devel-linux-x86_64-debian-clang 8.3 10.65 102.66 113.31 NOTE
r-devel-linux-x86_64-debian-gcc 8.3 11.38 77.32 88.70 NOTE
r-devel-linux-x86_64-fedora-clang 8.3 129.04 NOTE
r-devel-linux-x86_64-fedora-gcc 8.3 130.65 NOTE
r-devel-windows-ix86+x86_64 8.3 27.00 138.00 165.00 OK
r-patched-linux-x86_64 8.3 11.16 102.10 113.26 NOTE
r-patched-solaris-x86 8.3 176.10 OK
r-release-linux-x86_64 8.3 12.45 103.49 115.94 NOTE
r-release-windows-ix86+x86_64 8.3 34.00 126.00 160.00 OK
r-release-osx-x86_64 8.3 OK
r-oldrel-windows-ix86+x86_64 8.3 31.00 97.00 128.00 OK
r-oldrel-osx-x86_64 8.3 OK

Check Details

Version: 8.3
Check: compiled code
Result: NOTE
    File ‘list/libs/list.so’:
     Found no calls to: ‘R_registerRoutines’, ‘R_useDynamicSymbols’
    
    It is good practice to register native routines and to disable symbol
    search.
    
    See ‘Writing portable packages’ in the ‘Writing R Extensions’ manual.
Flavors: r-devel-linux-x86_64-debian-clang, r-devel-linux-x86_64-debian-gcc, r-devel-linux-x86_64-fedora-clang, r-devel-linux-x86_64-fedora-gcc, r-patched-linux-x86_64, r-release-linux-x86_64