CRAN Package Check Results for Package listdtr

Last updated on 2018-11-21 08:48:43 CET.

Flavor Version Tinstall Tcheck Ttotal Status Flags
r-devel-linux-x86_64-debian-clang 1.0 5.46 39.45 44.91 OK
r-devel-linux-x86_64-debian-gcc 1.0 3.40 30.63 34.03 OK
r-devel-linux-x86_64-fedora-clang 1.0 52.52 NOTE
r-devel-linux-x86_64-fedora-gcc 1.0 50.72 NOTE
r-devel-windows-ix86+x86_64 1.0 21.00 94.00 115.00 OK
r-patched-linux-x86_64 1.0 4.70 37.17 41.87 OK
r-patched-solaris-x86 1.0 77.80 OK
r-release-linux-x86_64 1.0 4.26 37.09 41.35 OK
r-release-windows-ix86+x86_64 1.0 16.00 97.00 113.00 OK
r-release-osx-x86_64 1.0 OK
r-oldrel-windows-ix86+x86_64 1.0 21.00 91.00 112.00 OK
r-oldrel-osx-x86_64 1.0 OK

Check Details

Version: 1.0
Check: compiled code
Result: NOTE
    File ‘listdtr/libs/listdtr.so’:
     Found no calls to: ‘R_registerRoutines’, ‘R_useDynamicSymbols’
    
    It is good practice to register native routines and to disable symbol
    search.
    
    See ‘Writing portable packages’ in the ‘Writing R Extensions’ manual.
Flavors: r-devel-linux-x86_64-fedora-clang, r-devel-linux-x86_64-fedora-gcc