CRAN Package Check Results for Package listdtr

Last updated on 2018-09-22 05:49:03 CEST.

Flavor Version Tinstall Tcheck Ttotal Status Flags
r-devel-linux-x86_64-debian-clang 1.0 5.28 41.62 46.90 OK
r-devel-linux-x86_64-debian-gcc 1.0 3.88 32.10 35.98 OK
r-devel-linux-x86_64-fedora-clang 1.0 55.61 NOTE
r-devel-linux-x86_64-fedora-gcc 1.0 51.85 NOTE
r-devel-windows-ix86+x86_64 1.0 21.00 76.00 97.00 OK
r-patched-linux-x86_64 1.0 4.50 36.32 40.82 OK
r-patched-solaris-x86 1.0 77.70 OK
r-release-linux-x86_64 1.0 4.55 36.70 41.25 OK
r-release-windows-ix86+x86_64 1.0 16.00 73.00 89.00 OK
r-release-osx-x86_64 1.0 OK
r-oldrel-windows-ix86+x86_64 1.0 15.00 99.00 114.00 OK
r-oldrel-osx-x86_64 1.0 OK

Check Details

Version: 1.0
Check: compiled code
Result: NOTE
    File ‘listdtr/libs/listdtr.so’:
     Found no calls to: ‘R_registerRoutines’, ‘R_useDynamicSymbols’
    
    It is good practice to register native routines and to disable symbol
    search.
    
    See ‘Writing portable packages’ in the ‘Writing R Extensions’ manual.
Flavors: r-devel-linux-x86_64-fedora-clang, r-devel-linux-x86_64-fedora-gcc