CRAN Package Check Results for Package listdtr

Last updated on 2019-07-23 15:47:58 CEST.

Flavor Version Tinstall Tcheck Ttotal Status Flags
r-devel-linux-x86_64-debian-clang 1.0 5.78 40.83 46.61 OK
r-devel-linux-x86_64-debian-gcc 1.0 4.71 32.04 36.75 OK
r-devel-linux-x86_64-fedora-clang 1.0 56.12 NOTE
r-devel-linux-x86_64-fedora-gcc 1.0 53.37 NOTE
r-devel-windows-ix86+x86_64 1.0 19.00 100.00 119.00 OK
r-patched-linux-x86_64 1.0 5.35 39.57 44.92 OK
r-patched-solaris-x86 1.0 92.60 OK
r-release-linux-x86_64 1.0 5.46 39.79 45.25 OK
r-release-windows-ix86+x86_64 1.0 23.00 78.00 101.00 OK
r-release-osx-x86_64 1.0 OK
r-oldrel-windows-ix86+x86_64 1.0 29.00 70.00 99.00 OK
r-oldrel-osx-x86_64 1.0 OK

Check Details

Version: 1.0
Check: compiled code
Result: NOTE
    File ‘listdtr/libs/listdtr.so’:
     Found no calls to: ‘R_registerRoutines’, ‘R_useDynamicSymbols’
    
    It is good practice to register native routines and to disable symbol
    search.
    
    See ‘Writing portable packages’ in the ‘Writing R Extensions’ manual.
Flavors: r-devel-linux-x86_64-fedora-clang, r-devel-linux-x86_64-fedora-gcc