CRAN Package Check Results for Package listdtr

Last updated on 2019-02-20 10:47:23 CET.

Flavor Version Tinstall Tcheck Ttotal Status Flags
r-devel-linux-x86_64-debian-clang 1.0 5.55 40.02 45.57 OK
r-devel-linux-x86_64-debian-gcc 1.0 4.03 31.09 35.12 OK
r-devel-linux-x86_64-fedora-clang 1.0 57.02 NOTE
r-devel-linux-x86_64-fedora-gcc 1.0 52.34 NOTE
r-devel-windows-ix86+x86_64 1.0 27.00 75.00 102.00 OK
r-patched-linux-x86_64 1.0 OK
r-patched-solaris-x86 1.0 76.20 OK
r-release-linux-x86_64 1.0 4.04 37.27 41.31 OK
r-release-windows-ix86+x86_64 1.0 17.00 100.00 117.00 OK
r-release-osx-x86_64 1.0 OK
r-oldrel-windows-ix86+x86_64 1.0 16.00 81.00 97.00 OK
r-oldrel-osx-x86_64 1.0 OK

Check Details

Version: 1.0
Check: compiled code
Result: NOTE
    File ‘listdtr/libs/listdtr.so’:
     Found no calls to: ‘R_registerRoutines’, ‘R_useDynamicSymbols’
    
    It is good practice to register native routines and to disable symbol
    search.
    
    See ‘Writing portable packages’ in the ‘Writing R Extensions’ manual.
Flavors: r-devel-linux-x86_64-fedora-clang, r-devel-linux-x86_64-fedora-gcc