CRAN Package Check Results for Package liteq

Last updated on 2022-08-10 00:50:35 CEST.

Flavor Version Tinstall Tcheck Ttotal Status Flags
r-devel-linux-x86_64-debian-clang 1.1.0 4.61 48.99 53.60 NOTE
r-devel-linux-x86_64-debian-gcc 1.1.0 3.79 37.74 41.53 NOTE
r-devel-linux-x86_64-fedora-clang 1.1.0 76.86 NOTE
r-devel-linux-x86_64-fedora-gcc 1.1.0 75.15 NOTE
r-devel-windows-x86_64 1.1.0 20.00 90.00 110.00 NOTE
r-patched-linux-x86_64 1.1.0 6.35 46.38 52.73 NOTE
r-release-linux-x86_64 1.1.0 NOTE
r-release-macos-arm64 1.1.0 23.00 NOTE
r-release-macos-x86_64 1.1.0 33.00 NOTE
r-release-windows-x86_64 1.1.0 12.00 87.00 99.00 NOTE
r-oldrel-macos-arm64 1.1.0 28.00 NOTE
r-oldrel-macos-x86_64 1.1.0 45.00 NOTE
r-oldrel-windows-ix86+x86_64 1.1.0 13.00 68.00 81.00 NOTE

Check Details

Version: 1.1.0
Check: LazyData
Result: NOTE
     'LazyData' is specified without a 'data' directory
Flavors: r-devel-linux-x86_64-debian-clang, r-devel-linux-x86_64-debian-gcc, r-devel-linux-x86_64-fedora-clang, r-devel-linux-x86_64-fedora-gcc, r-devel-windows-x86_64, r-patched-linux-x86_64, r-release-linux-x86_64, r-release-macos-arm64, r-release-macos-x86_64, r-release-windows-x86_64, r-oldrel-macos-arm64, r-oldrel-macos-x86_64, r-oldrel-windows-ix86+x86_64