CRAN Package Check Results for Package llama

Last updated on 2014-11-28 19:51:21.

Flavor Version Tinstall Tcheck Ttotal Status Flags
r-devel-linux-x86_64-debian-clang 0.7.2 3.31 46.60 49.91 OK
r-devel-linux-x86_64-debian-gcc 0.7.2 3.00 46.47 49.46 OK
r-devel-linux-x86_64-fedora-clang 0.7.2 106.20 OK
r-devel-linux-x86_64-fedora-gcc 0.7.2 109.37 OK
r-devel-osx-x86_64-clang 0.7.2 92.54 OK
r-devel-windows-ix86+x86_64 0.7.2 10.00 71.00 81.00 OK
r-patched-linux-x86_64 0.7.2 3.41 46.66 50.07 OK
r-patched-solaris-sparc 0.7.2 447.30 OK
r-patched-solaris-x86 0.7.2 135.80 OK
r-release-linux-ix86 0.7.2 3.80 52.91 56.71 OK
r-release-linux-x86_64 0.7.2 3.93 46.84 50.76 OK
r-release-osx-x86_64-mavericks 0.7.2 ERROR
r-release-osx-x86_64-snowleopard 0.7.2 ERROR
r-release-windows-ix86+x86_64 0.7.2 13.00 75.00 88.00 OK
r-oldrel-windows-ix86+x86_64 0.7.2 13.00 82.00 95.00 OK

Check Details

Version: 0.7.2
Check: tests
Result: ERROR
    Running the tests in ‘tests/run-all.R’ failed.
    Last 13 lines of output:
     2. Error: contributions respects minimize --------------------------------------
     class not found
     1: withCallingHandlers(eval(code, new_test_environment), error = capture_calls)
     2: eval(code, new_test_environment)
     3: eval(expr, envir, enclos)
     4: contributions(d) at test.analysis.R:10
     5: J("shapleyComputation/CoalitionValueCalculator")
     6: jclassName(class)
     7: .jfindClass(as.character(class))
     8: stop("class not found")
    
     Error: Test failures
     Execution halted
Flavors: r-release-osx-x86_64-mavericks, r-release-osx-x86_64-snowleopard