CRAN Package Check Results for Package llama

Last updated on 2015-07-08 05:47:42.

Flavor Version Tinstall Tcheck Ttotal Status Flags
r-devel-linux-x86_64-debian-clang 0.8.1 2.47 36.19 38.66 NOTE
r-devel-linux-x86_64-debian-gcc 0.8.1 2.23 35.40 37.63 NOTE
r-devel-linux-x86_64-fedora-clang 0.8.1 75.81 NOTE
r-devel-linux-x86_64-fedora-gcc 0.8.1 71.21 NOTE
r-devel-osx-x86_64-clang 0.8.1 68.36 OK
r-devel-windows-ix86+x86_64 0.8.1 9.00 55.00 64.00 NOTE
r-patched-linux-x86_64 0.8.1 2.29 35.74 38.03 OK
r-patched-solaris-sparc 0.8.1 488.10 OK
r-patched-solaris-x86 0.8.1 113.40 OK
r-release-linux-x86_64 0.8.1 2.19 35.64 37.83 OK
r-release-osx-x86_64-mavericks 0.8.1 OK
r-release-windows-ix86+x86_64 0.8.1 14.00 56.00 70.00 OK
r-oldrel-windows-ix86+x86_64 0.8.1 14.00 85.00 99.00 OK

Check Details

Version: 0.8.1
Check: R code for possible problems
Result: NOTE
    classify : <anonymous>: no visible global function definition for
     ‘predict’
    classify: no visible global function definition for ‘predict’
    classify : predictor: no visible global function definition for
     ‘predict’
    classifyPairs: no visible global function definition for ‘combn’
    classifyPairs : <anonymous>: no visible global function definition for
     ‘predict’
    classifyPairs: no visible global function definition for ‘predict’
    classifyPairs : predictor: no visible global function definition for
     ‘predict’
    cluster : innerbest: no visible global function definition for
     ‘setNames’
    cluster : bestfun: no visible global function definition for ‘setNames’
    cluster : <anonymous>: no visible global function definition for
     ‘predict’
    cluster : <anonymous> : <anonymous>: no visible global function
     definition for ‘aggregate’
    cluster : <anonymous> : <anonymous>: no visible global function
     definition for ‘as.formula’
    cluster : <anonymous> : <anonymous>: no visible global function
     definition for ‘predict’
    cluster : predictor: no visible global function definition for
     ‘predict’
    cluster : predictor : <anonymous>: no visible global function
     definition for ‘aggregate’
    cluster : predictor : <anonymous>: no visible global function
     definition for ‘as.formula’
    imputeCensored: no visible global function definition for ‘predict’
    misclassificationPenalties: no visible global function definition for
     ‘aggregate’
    misclassificationPenalties: no visible global function definition for
     ‘as.formula’
    parscores: no visible global function definition for ‘aggregate’
    parscores: no visible global function definition for ‘as.formula’
    predTable: no visible binding for global variable ‘head’
    regression : <anonymous>: no visible global function definition for
     ‘predict’
    regression: no visible global function definition for ‘predict’
    regression : predictor: no visible global function definition for
     ‘predict’
    regressionPairs: no visible global function definition for ‘combn’
    regressionPairs : <anonymous>: no visible global function definition
     for ‘predict’
    regressionPairs: no visible global function definition for ‘predict’
    regressionPairs : predictor: no visible global function definition for
     ‘predict’
    successes: no visible global function definition for ‘aggregate’
    successes: no visible global function definition for ‘as.formula’
    Undefined global functions or variables:
     aggregate as.formula combn head predict setNames
Flavors: r-devel-linux-x86_64-debian-clang, r-devel-linux-x86_64-debian-gcc, r-devel-linux-x86_64-fedora-clang, r-devel-linux-x86_64-fedora-gcc, r-devel-windows-ix86+x86_64