CRAN Package Check Results for Package llama

Last updated on 2014-10-31 23:47:31.

Flavor Version Tinstall Tcheck Ttotal Status Flags
r-devel-linux-x86_64-debian-clang 0.7.2 3.30 47.80 51.10 OK
r-devel-linux-x86_64-debian-gcc 0.7.2 3.33 45.02 48.35 OK
r-devel-linux-x86_64-fedora-clang 0.7.2 99.20 OK
r-devel-linux-x86_64-fedora-gcc 0.7.2 77.68 OK
r-devel-osx-x86_64-clang 0.7.2 77.85 OK
r-devel-windows-ix86+x86_64 0.7.2 11.00 69.00 80.00 OK
r-patched-linux-x86_64 0.7.2 3.38 47.32 50.70 OK
r-patched-solaris-sparc 0.7.2 447.30 OK
r-patched-solaris-x86 0.7.2 114.40 OK
r-release-linux-ix86 0.7.2 3.50 48.28 51.78 OK
r-release-linux-x86_64 0.7.2 3.18 39.32 42.50 OK
r-release-osx-x86_64-mavericks 0.7.2 ERROR
r-release-osx-x86_64-snowleopard 0.7.2 ERROR
r-release-windows-ix86+x86_64 0.7.2 11.00 73.00 84.00 OK
r-oldrel-windows-ix86+x86_64 0.7.2 11.00 79.00 90.00 OK

Check Details

Version: 0.7.2
Check: tests
Result: ERROR
    Running the tests in ‘tests/run-all.R’ failed.
    Last 13 lines of output:
     2. Error: contributions respects minimize --------------------------------------
     class not found
     1: withCallingHandlers(eval(code, new_test_environment), error = capture_calls)
     2: eval(code, new_test_environment)
     3: eval(expr, envir, enclos)
     4: contributions(d) at test.analysis.R:10
     5: J("shapleyComputation/CoalitionValueCalculator")
     6: jclassName(class)
     7: .jfindClass(as.character(class))
     8: stop("class not found")
    
     Error: Test failures
     Execution halted
Flavors: r-release-osx-x86_64-mavericks, r-release-osx-x86_64-snowleopard