CRAN Package Check Results for Package llama

Last updated on 2015-08-30 21:46:48.

Flavor Version Tinstall Tcheck Ttotal Status Flags
r-devel-linux-x86_64-debian-clang 0.8.1 2.24 34.68 36.92 NOTE
r-devel-linux-x86_64-debian-gcc 0.8.1 2.08 34.18 36.26 NOTE
r-devel-linux-x86_64-fedora-clang 0.8.1 72.51 NOTE
r-devel-linux-x86_64-fedora-gcc 0.8.1 69.67 NOTE
r-devel-osx-x86_64-clang 0.8.1 66.11 OK
r-devel-windows-ix86+x86_64 0.8.1 13.00 63.00 76.00 NOTE
r-patched-linux-x86_64 0.8.1 2.34 36.24 38.58 OK
r-patched-solaris-sparc 0.8.1 495.60 OK
r-patched-solaris-x86 0.8.1 118.10 OK
r-release-linux-x86_64 0.8.1 2.35 36.39 38.74 OK
r-release-osx-x86_64-mavericks 0.8.1 OK
r-release-windows-ix86+x86_64 0.8.1 12.00 64.00 76.00 OK
r-oldrel-windows-ix86+x86_64 0.8.1 21.00 104.00 125.00 OK

Check Details

Version: 0.8.1
Check: R code for possible problems
Result: NOTE
    classify : <anonymous>: no visible global function definition for
     ‘predict’
    classify: no visible global function definition for ‘predict’
    classify : predictor: no visible global function definition for
     ‘predict’
    classifyPairs: no visible global function definition for ‘combn’
    classifyPairs : <anonymous>: no visible global function definition for
     ‘predict’
    classifyPairs: no visible global function definition for ‘predict’
    classifyPairs : predictor: no visible global function definition for
     ‘predict’
    cluster : innerbest: no visible global function definition for
     ‘setNames’
    cluster : bestfun: no visible global function definition for ‘setNames’
    cluster : <anonymous>: no visible global function definition for
     ‘predict’
    cluster : <anonymous> : <anonymous>: no visible global function
     definition for ‘aggregate’
    cluster : <anonymous> : <anonymous>: no visible global function
     definition for ‘as.formula’
    cluster : <anonymous> : <anonymous>: no visible global function
     definition for ‘predict’
    cluster : predictor: no visible global function definition for
     ‘predict’
    cluster : predictor : <anonymous>: no visible global function
     definition for ‘aggregate’
    cluster : predictor : <anonymous>: no visible global function
     definition for ‘as.formula’
    imputeCensored: no visible global function definition for ‘predict’
    misclassificationPenalties: no visible global function definition for
     ‘aggregate’
    misclassificationPenalties: no visible global function definition for
     ‘as.formula’
    parscores: no visible global function definition for ‘aggregate’
    parscores: no visible global function definition for ‘as.formula’
    predTable: no visible binding for global variable ‘head’
    regression : <anonymous>: no visible global function definition for
     ‘predict’
    regression: no visible global function definition for ‘predict’
    regression : predictor: no visible global function definition for
     ‘predict’
    regressionPairs: no visible global function definition for ‘combn’
    regressionPairs : <anonymous>: no visible global function definition
     for ‘predict’
    regressionPairs: no visible global function definition for ‘predict’
    regressionPairs : predictor: no visible global function definition for
     ‘predict’
    successes: no visible global function definition for ‘aggregate’
    successes: no visible global function definition for ‘as.formula’
    Undefined global functions or variables:
     aggregate as.formula combn head predict setNames
    Consider adding
     importFrom("stats", "aggregate", "as.formula", "predict", "setNames")
     importFrom("utils", "combn", "head")
    to your NAMESPACE.
Flavors: r-devel-linux-x86_64-debian-clang, r-devel-linux-x86_64-debian-gcc, r-devel-linux-x86_64-fedora-clang, r-devel-linux-x86_64-fedora-gcc, r-devel-windows-ix86+x86_64