CRAN Package Check Results for Package llama

Last updated on 2014-07-24 15:52:21.

Flavor Version Tinstall Tcheck Ttotal Status Flags
r-devel-linux-x86_64-debian-clang 0.7 2.80 38.66 41.46 OK
r-devel-linux-x86_64-debian-gcc 0.7 2.79 38.42 41.21 OK
r-devel-linux-x86_64-fedora-clang 0.7 63.99 OK
r-devel-linux-x86_64-fedora-gcc 0.7 62.84 OK
r-devel-osx-x86_64-clang 0.7 75.69 OK
r-devel-windows-ix86+x86_64 0.7 9.00 59.00 68.00 OK
r-patched-linux-x86_64 0.7 3.20 37.73 40.93 OK
r-patched-solaris-sparc 0.7 445.20 OK
r-patched-solaris-x86 0.7 87.60 OK
r-release-linux-ix86 0.6 2.96 48.02 50.98 OK
r-release-linux-x86_64 0.7 2.84 38.62 41.46 OK
r-release-osx-x86_64-mavericks 0.7 ERROR
r-release-osx-x86_64-snowleopard 0.6 ERROR
r-release-windows-ix86+x86_64 0.7 11.00 67.00 78.00 OK
r-oldrel-windows-ix86+x86_64 0.7 9.00 64.00 73.00 OK

Check Details

Version: 0.7
Check: tests
Result: ERROR
    Running the tests in ‘tests/run-all.R’ failed.
    Last 13 lines of output:
    
     1..............................................................................................................................................................................................................................
    
     1. Error: contributions returns contributions ----------------------------------
     class not found
     1: contributions(d) at test.analysis.R:3
     2: J("shapleyComputation/CoalitionValueCalculator")
     3: jclassName(class)
     4: .jfindClass(as.character(class))
     5: stop("class not found")
    
     Error: Test failures
     Execution halted
Flavor: r-release-osx-x86_64-mavericks

Version: 0.6
Check: tests
Result: ERROR
    Running the tests in ‘tests/run-all.R’ failed.
    Last 13 lines of output:
     1.Creating a generic function for 'predict' from package 'stats' in the global environment
     .....................................................................................................................................................................................................................
    
     1. Error: contributions returns contributions ----------------------------------
     class not found
     1: contributions(d) at test.analysis.R:3
     2: J("shapleyComputation/CoalitionValueCalculator")
     3: jclassName(class)
     4: .jfindClass(as.character(class))
     5: stop("class not found")
    
     Error: Test failures
     Execution halted
Flavor: r-release-osx-x86_64-snowleopard