CRAN Package Check Results for Package llama

Last updated on 2014-04-21 01:48:06.

Flavor Version Tinstall Tcheck Ttotal Status Flags
r-devel-linux-x86_64-debian-clang 0.5.1 2.53 33.77 36.30 OK
r-devel-linux-x86_64-debian-gcc 0.5.1 2.44 34.29 36.73 OK
r-devel-linux-x86_64-fedora-clang 0.5.1 72.05 OK
r-devel-linux-x86_64-fedora-gcc 0.5.1 68.31 OK
r-devel-macosx-x86_64-clang 0.5.1 60.89 OK
r-devel-macosx-x86_64-gcc 0.5.1 ERROR
r-devel-windows-ix86+x86_64 0.5.1 6.00 52.00 58.00 OK
r-patched-linux-x86_64 0.5.1 2.68 33.70 36.39 OK
r-patched-solaris-sparc 0.5.1 414.50 OK
r-patched-solaris-x86 0.5.1 103.50 OK
r-release-linux-ix86 OK
r-release-linux-x86_64 0.5.1 2.41 33.85 36.26 OK
r-release-macosx-x86_64 0.5.1 ERROR
r-release-windows-ix86+x86_64 0.5.1 8.00 50.00 58.00 OK
r-oldrel-windows-ix86+x86_64 0.5.1 6.00 48.00 54.00 OK

Check Details

Version: 0.5.1
Check: tests
Result: ERROR
    Running the tests in ‘tests/run-all.R’ failed.
    Last 13 lines of output:
     1.Creating a generic function for 'predict' from package 'stats' in the global environment
     ..........................................................................................................................
    
     1. Error: contributions returns contributions ----------------------------------
     class not found
     1: contributions(d) at test.analysis.R:3
     2: J("shapleyComputation/CoalitionValueCalculator")
     3: jclassName(class)
     4: .jfindClass(as.character(class))
     5: stop("class not found")
    
     Error: Test failures
     Execution halted
Flavors: r-devel-macosx-x86_64-gcc, r-release-macosx-x86_64