CRAN Package Check Results for Package llama

Last updated on 2020-09-30 01:49:05 CEST.

Flavor Version Tinstall Tcheck Ttotal Status Flags
r-devel-linux-x86_64-debian-clang 0.9.3 13.84 131.81 145.65 OK
r-devel-linux-x86_64-debian-gcc 0.9.3 11.57 97.33 108.90 OK
r-devel-linux-x86_64-fedora-clang 0.9.3 182.13 OK
r-devel-linux-x86_64-fedora-gcc 0.9.3 173.36 OK
r-devel-windows-ix86+x86_64 0.9.3 33.00 150.00 183.00 OK
r-patched-linux-x86_64 0.9.3 13.80 119.60 133.40 OK
r-patched-solaris-x86 0.9.3 235.60 OK
r-release-linux-x86_64 0.9.3 12.96 119.68 132.64 OK
r-release-macos-x86_64 0.9.3 OK
r-release-windows-ix86+x86_64 0.9.3 33.00 149.00 182.00 OK
r-oldrel-macos-x86_64 0.9.3 ERROR

Check Details

Version: 0.9.3
Check: whether package can be installed
Result: ERROR
    Installation failed.
Flavor: r-oldrel-macos-x86_64