CRAN Package Check Results for Package llama

Last updated on 2014-09-18 17:46:52.

Flavor Version Tinstall Tcheck Ttotal Status Flags
r-devel-linux-x86_64-debian-clang 0.7.1 3.62 36.85 40.47 OK
r-devel-linux-x86_64-debian-gcc 0.7.1 2.62 37.35 39.97 OK
r-devel-linux-x86_64-fedora-clang 0.7.1 83.31 OK
r-devel-linux-x86_64-fedora-gcc 0.7.1 77.79 OK
r-devel-osx-x86_64-clang 0.7.1 72.21 OK
r-devel-windows-ix86+x86_64 0.7.1 10.00 58.00 68.00 OK
r-patched-linux-x86_64 0.7.1 2.85 38.65 41.50 OK
r-patched-solaris-sparc 0.7.1 447.50 OK
r-patched-solaris-x86 0.7.1 114.80 OK
r-release-linux-ix86 0.7.1 3.40 47.95 51.35 OK
r-release-linux-x86_64 0.7.1 2.85 39.32 42.17 OK
r-release-osx-x86_64-mavericks 0.7.1 ERROR
r-release-osx-x86_64-snowleopard 0.7.1 ERROR
r-release-windows-ix86+x86_64 0.7.1 9.00 65.00 74.00 OK
r-oldrel-windows-ix86+x86_64 0.7.1 8.00 58.00 66.00 OK

Check Details

Version: 0.7.1
Check: tests
Result: ERROR
    Running the tests in ‘tests/run-all.R’ failed.
    Last 13 lines of output:
     4: .jfindClass(as.character(class))
     5: stop("class not found")
    
     2. Error: contributions respects minimize --------------------------------------
     class not found
     1: contributions(d) at test.analysis.R:10
     2: J("shapleyComputation/CoalitionValueCalculator")
     3: jclassName(class)
     4: .jfindClass(as.character(class))
     5: stop("class not found")
    
     Error: Test failures
     Execution halted
Flavors: r-release-osx-x86_64-mavericks, r-release-osx-x86_64-snowleopard