CRAN Package Check Results for Package lle

Last updated on 2015-04-26 03:47:33.

Flavor Version Tinstall Tcheck Ttotal Status Flags
r-devel-linux-x86_64-debian-clang 1.1 0.70 25.80 26.50 NOTE
r-devel-linux-x86_64-debian-gcc 1.1 0.70 25.00 25.71 NOTE
r-devel-linux-x86_64-fedora-clang 1.1 50.26 NOTE
r-devel-linux-x86_64-fedora-gcc 1.1 48.04 NOTE
r-devel-osx-x86_64-clang 1.1 48.38 NOTE
r-devel-windows-ix86+x86_64 1.1 3.00 42.00 45.00 NOTE
r-patched-linux-x86_64 1.1 0.75 25.33 26.08 NOTE
r-patched-solaris-sparc 1.1 453.00 NOTE
r-patched-solaris-x86 1.1 87.10 NOTE
r-release-linux-x86_64 1.1 0.71 25.69 26.40 NOTE
r-release-osx-x86_64-mavericks 1.1 NOTE
r-release-osx-x86_64-snowleopard 1.1 ERROR
r-release-windows-ix86+x86_64 1.1 4.00 36.00 40.00 NOTE
r-oldrel-windows-ix86+x86_64 1.1 3.00 47.00 50.00 NOTE

Check Details

Version: 1.1
Check: dependencies in R code
Result: NOTE
    'library' or 'require' call to 'scatterplot3d' which was already attached by Depends.
     Please remove these calls from your code.
    'library' or 'require' call to 'rgl' in package code.
     Please use :: or requireNamespace() instead.
     See section 'Suggested packages' in the 'Writing R Extensions' manual.
Flavors: r-devel-windows-ix86+x86_64, r-release-windows-ix86+x86_64, r-oldrel-windows-ix86+x86_64

Version: 1.1
Check: R code for possible problems
Result: NOTE
    lle_sound: no visible binding for global variable 'lle_wave'
    plot_lle: no visible global function definition for 'plot3d'
Flavors: r-devel-windows-ix86+x86_64, r-release-windows-ix86+x86_64, r-oldrel-windows-ix86+x86_64