CRAN Package Check Results for Package lle

Last updated on 2015-05-24 10:47:01.

Flavor Version Tinstall Tcheck Ttotal Status Flags
r-devel-linux-x86_64-debian-clang 1.1 0.72 25.85 26.57 NOTE
r-devel-linux-x86_64-debian-gcc 1.1 0.70 24.99 25.69 NOTE
r-devel-linux-x86_64-fedora-clang 1.1 49.93 NOTE
r-devel-linux-x86_64-fedora-gcc 1.1 48.20 NOTE
r-devel-osx-x86_64-clang 1.1 48.17 NOTE
r-devel-windows-ix86+x86_64 1.1 3.00 43.00 46.00 NOTE
r-patched-linux-x86_64 1.1 0.80 24.67 25.46 NOTE
r-patched-solaris-sparc 1.1 415.60 NOTE
r-patched-solaris-x86 1.1 84.10 NOTE
r-release-linux-x86_64 1.1 0.69 25.58 26.26 NOTE
r-release-osx-x86_64-mavericks 1.1 NOTE
r-release-osx-x86_64-snowleopard 1.1 ERROR
r-release-windows-ix86+x86_64 1.1 3.00 40.00 43.00 NOTE
r-oldrel-windows-ix86+x86_64 1.1 5.00 46.00 51.00 NOTE

Check Details

Version: 1.1
Check: dependencies in R code
Result: NOTE
    'library' or 'require' call to ‘scatterplot3d’ which was already attached by Depends.
     Please remove these calls from your code.
    'library' or 'require' call to ‘rgl’ in package code.
     Please use :: or requireNamespace() instead.
     See section 'Suggested packages' in the 'Writing R Extensions' manual.
Flavors: r-devel-linux-x86_64-debian-clang, r-devel-linux-x86_64-debian-gcc, r-devel-linux-x86_64-fedora-clang, r-devel-linux-x86_64-fedora-gcc, r-devel-osx-x86_64-clang, r-devel-windows-ix86+x86_64, r-patched-linux-x86_64, r-patched-solaris-sparc, r-patched-solaris-x86, r-release-linux-x86_64, r-release-osx-x86_64-mavericks, r-release-osx-x86_64-snowleopard, r-release-windows-ix86+x86_64, r-oldrel-windows-ix86+x86_64

Version: 1.1
Check: R code for possible problems
Result: NOTE
    lle_sound: no visible binding for global variable ‘lle_wave’
    plot_lle: no visible global function definition for ‘plot3d’
    
    Found the following calls to data() loading into the global environment:
    File ‘lle/R/lle_sound.R’:
     data(lle_wave)
    See section ‘Good practice’ in ‘?data’.
Flavors: r-devel-linux-x86_64-debian-clang, r-devel-linux-x86_64-debian-gcc, r-devel-linux-x86_64-fedora-clang, r-devel-osx-x86_64-clang, r-patched-linux-x86_64, r-release-linux-x86_64

Version: 1.1
Check: Rd line widths
Result: NOTE
    Rd file 'lle.Rd':
     \examples lines wider than 100 characters:
     plot( results$id, main="intrinsic dimension", type="l", xlab=expression(x[i]), ylab="id", lwd=2 )
    
    These lines will be truncated in the PDF manual.
Flavors: r-devel-linux-x86_64-debian-clang, r-devel-linux-x86_64-debian-gcc, r-devel-linux-x86_64-fedora-clang, r-devel-linux-x86_64-fedora-gcc, r-patched-linux-x86_64, r-release-linux-x86_64

Version: 1.1
Check: R code for possible problems
Result: NOTE
    lle_sound: no visible binding for global variable ‘lle_wave’
    plot_lle: no visible global function definition for ‘plot3d’
Flavors: r-devel-linux-x86_64-fedora-gcc, r-devel-windows-ix86+x86_64, r-patched-solaris-sparc, r-patched-solaris-x86, r-release-osx-x86_64-mavericks, r-release-osx-x86_64-snowleopard, r-release-windows-ix86+x86_64, r-oldrel-windows-ix86+x86_64

Version: 1.1
Check: examples
Result: ERROR
    Running examples in ‘lle-Ex.R’ failed
    The error most likely occurred in:
    
    > ### Name: plot_lle
    > ### Title: Plot LLE results
    > ### Aliases: plot_lle
    >
    > ### ** Examples
    >
    > data( lle_scurve_data )
    > X <- lle_scurve_data
    > Y <- lle( X, m=2, k=12 )$Y
    finding neighbours
    calculating weights
    computing coordinates
    > plot_lle( Y, X, FALSE, col="red", inter=TRUE )
    Loading required package: rgl
    Fri Mar 20 22:29:04 hagal.research.att.com R[2790] <Error>: unknown error code: invalid pixel format
    Fri Mar 20 22:29:04 hagal.research.att.com R[2790] <Error>: kCGErrorFailure: Set a breakpoint @ CGErrorBreakpoint() to catch errors as they are logged.
    X Error of failed request: GLXBadContext
     Major opcode of failed request: 0 ()
     Serial number of failed request: 27
     Current serial number in output stream: 27
Flavor: r-release-osx-x86_64-snowleopard