CRAN Package Check Results for Package lle

Last updated on 2015-03-29 11:51:19.

Flavor Version Tinstall Tcheck Ttotal Status Flags
r-devel-linux-x86_64-debian-clang 1.1 0.70 25.62 26.32 NOTE
r-devel-linux-x86_64-debian-gcc 1.1 0.77 26.33 27.10 NOTE
r-devel-linux-x86_64-fedora-clang 1.1 50.09 NOTE
r-devel-linux-x86_64-fedora-gcc 1.1 50.74 NOTE
r-devel-osx-x86_64-clang 1.1 52.78 NOTE
r-prerel-windows-ix86+x86_64 1.1 5.00 40.00 45.00 NOTE
r-prerel-linux-x86_64 1.1 0.70 24.82 25.52 NOTE
r-prerel-solaris-sparc 1.1 453.00 NOTE
r-prerel-solaris-x86 1.1 85.90 NOTE
r-release-linux-x86_64 1.1 0.91 29.02 29.92 NOTE
r-release-osx-x86_64-mavericks 1.1 NOTE
r-release-osx-x86_64-snowleopard 1.1 NOTE
r-release-windows-ix86+x86_64 1.1 4.00 46.00 50.00 NOTE
r-oldrel-windows-ix86+x86_64 1.1 4.00 65.00 69.00 NOTE

Check Details

Version: 1.1
Check: dependencies in R code
Result: NOTE
    'library' or 'require' call to ‘scatterplot3d’ which was already attached by Depends.
     Please remove these calls from your code.
    'library' or 'require' call to ‘rgl’ in package code.
     Please use :: or requireNamespace() instead.
     See section 'Suggested packages' in the 'Writing R Extensions' manual.
Flavors: r-devel-linux-x86_64-debian-clang, r-devel-linux-x86_64-debian-gcc, r-devel-linux-x86_64-fedora-clang, r-devel-linux-x86_64-fedora-gcc, r-devel-osx-x86_64-clang, r-prerel-windows-ix86+x86_64, r-prerel-linux-x86_64, r-prerel-solaris-sparc, r-prerel-solaris-x86, r-release-linux-x86_64, r-release-windows-ix86+x86_64

Version: 1.1
Check: R code for possible problems
Result: NOTE
    lle_sound: no visible binding for global variable ‘lle_wave’
    plot_lle: no visible global function definition for ‘plot3d’
    
    Found the following calls to data() loading into the global environment:
    File ‘lle/R/lle_sound.R’:
     data(lle_wave)
    See section ‘Good practice’ in ‘?data’.
Flavors: r-devel-linux-x86_64-debian-clang, r-devel-linux-x86_64-debian-gcc, r-devel-linux-x86_64-fedora-clang, r-devel-osx-x86_64-clang, r-prerel-linux-x86_64, r-release-linux-x86_64

Version: 1.1
Check: Rd line widths
Result: NOTE
    Rd file 'lle.Rd':
     \examples lines wider than 100 characters:
     plot( results$id, main="intrinsic dimension", type="l", xlab=expression(x[i]), ylab="id", lwd=2 )
    
    These lines will be truncated in the PDF manual.
Flavors: r-devel-linux-x86_64-debian-clang, r-devel-linux-x86_64-debian-gcc, r-devel-linux-x86_64-fedora-clang, r-devel-linux-x86_64-fedora-gcc, r-prerel-linux-x86_64, r-release-linux-x86_64

Version: 1.1
Check: R code for possible problems
Result: NOTE
    lle_sound: no visible binding for global variable ‘lle_wave’
    plot_lle: no visible global function definition for ‘plot3d’
Flavors: r-devel-linux-x86_64-fedora-gcc, r-prerel-windows-ix86+x86_64, r-prerel-solaris-sparc, r-prerel-solaris-x86, r-release-osx-x86_64-mavericks, r-release-windows-ix86+x86_64

Version: 1.1
Check: dependencies in R code
Result: NOTE
    'library' or 'require' call to ‘scatterplot3d’ which was already attached by Depends.
     Please remove these calls from your code.
    See the information on DESCRIPTION files in the chapter ‘Creating R
    packages’ of the ‘Writing R Extensions’ manual.
Flavors: r-release-osx-x86_64-mavericks, r-release-osx-x86_64-snowleopard, r-oldrel-windows-ix86+x86_64

Version: 1.1
Check: R code for possible problems
Result: NOTE
    lle_sound: no visible binding for global variable ‘lle_wave’
Flavors: r-release-osx-x86_64-snowleopard, r-oldrel-windows-ix86+x86_64