CRAN Package Check Results for Package lle

Last updated on 2014-07-31 17:48:23.

Flavor Version Tinstall Tcheck Ttotal Status Flags
r-devel-linux-x86_64-debian-clang 1.1 0.82 28.94 29.77 NOTE
r-devel-linux-x86_64-debian-gcc 1.1 0.80 27.12 27.92 NOTE
r-devel-linux-x86_64-fedora-clang 1.1 59.41 NOTE
r-devel-linux-x86_64-fedora-gcc 1.1 56.08 NOTE
r-devel-osx-x86_64-clang 1.1 55.57 NOTE
r-devel-windows-ix86+x86_64 1.1 4.00 42.00 46.00 NOTE
r-patched-linux-x86_64 1.1 0.82 27.16 27.98 NOTE
r-patched-solaris-sparc 1.1 472.40 NOTE
r-patched-solaris-x86 1.1 94.70 NOTE
r-release-linux-ix86 1.1 1.20 39.22 40.42 NOTE
r-release-linux-x86_64 1.1 0.91 27.44 28.35 NOTE
r-release-osx-x86_64-mavericks 1.1 NOTE
r-release-osx-x86_64-snowleopard 1.1 NOTE
r-release-windows-ix86+x86_64 1.1 7.00 56.00 63.00 NOTE
r-oldrel-windows-ix86+x86_64 1.1 8.00 58.00 66.00 NOTE

Check Details

Version: 1.1
Check: dependencies in R code
Result: NOTE
    'library' or 'require' call to scatterplot3d which was already attached by Depends.
     Please remove these calls from your code.
    See the information on DESCRIPTION files in the chapter Creating R
    packages of the Writing R Extensions manual.
Flavors: r-devel-linux-x86_64-debian-clang, r-devel-linux-x86_64-debian-gcc, r-devel-linux-x86_64-fedora-clang, r-devel-linux-x86_64-fedora-gcc, r-devel-osx-x86_64-clang, r-devel-windows-ix86+x86_64, r-patched-linux-x86_64, r-patched-solaris-sparc, r-patched-solaris-x86, r-release-linux-ix86, r-release-linux-x86_64, r-release-osx-x86_64-mavericks, r-release-osx-x86_64-snowleopard, r-release-windows-ix86+x86_64, r-oldrel-windows-ix86+x86_64

Version: 1.1
Check: R code for possible problems
Result: NOTE
    lle_sound: no visible binding for global variable lle_wave
    
    Found the following calls to data() loading into the global environment:
    File lle/R/lle_sound.R :
     data(lle_wave)
    See section Good practice in ?data .
Flavors: r-devel-linux-x86_64-debian-clang, r-devel-linux-x86_64-debian-gcc, r-devel-linux-x86_64-fedora-clang, r-devel-osx-x86_64-clang, r-patched-linux-x86_64, r-release-linux-ix86, r-release-linux-x86_64

Version: 1.1
Check: Rd line widths
Result: NOTE
    Rd file 'lle.Rd':
     \examples lines wider than 100 characters:
     plot( results$id, main="intrinsic dimension", type="l", xlab=expression(x[i]), ylab="id", lwd=2 )
    
    These lines will be truncated in the PDF manual.
Flavors: r-devel-linux-x86_64-fedora-clang, r-devel-linux-x86_64-fedora-gcc

Version: 1.1
Check: R code for possible problems
Result: NOTE
    lle_sound: no visible binding for global variable lle_wave
Flavors: r-devel-linux-x86_64-fedora-gcc, r-devel-windows-ix86+x86_64, r-patched-solaris-sparc, r-patched-solaris-x86, r-release-osx-x86_64-mavericks, r-release-osx-x86_64-snowleopard, r-release-windows-ix86+x86_64, r-oldrel-windows-ix86+x86_64