CRAN Package Check Results for Package lle

Last updated on 2014-04-24 11:48:49.

Flavor Version Tinstall Tcheck Ttotal Status Flags
r-devel-linux-x86_64-debian-clang 1.1 0.88 29.18 30.07 NOTE
r-devel-linux-x86_64-debian-gcc 1.1 0.88 28.97 29.85 NOTE
r-devel-linux-x86_64-fedora-clang 1.1 57.47 NOTE
r-devel-linux-x86_64-fedora-gcc 1.1 55.13 NOTE
r-devel-osx-x86_64-clang 1.1 51.92 NOTE
r-devel-osx-x86_64-gcc 1.1 NOTE
r-devel-windows-ix86+x86_64 1.1 3.00 43.00 46.00 NOTE
r-patched-linux-x86_64 1.1 0.88 28.86 29.74 NOTE
r-patched-solaris-sparc 1.1 431.90 NOTE
r-patched-solaris-x86 1.1 100.90 NOTE
r-release-linux-ix86 1.1 2.00 55.00 57.00 NOTE
r-release-linux-x86_64 1.1 0.93 28.86 29.79 NOTE
r-release-osx-x86_64-mavericks 1.1 WARN
r-release-osx-x86_64-snowleopard 1.1 NOTE
r-release-windows-ix86+x86_64 1.1 4.00 39.00 43.00 NOTE
r-oldrel-windows-ix86+x86_64 1.1 4.00 42.00 46.00 NOTE

Check Details

Version: 1.1
Check: dependencies in R code
Result: NOTE
    'library' or 'require' call to ‘scatterplot3d’ which was already attached by Depends.
     Please remove these calls from your code.
    See the information on DESCRIPTION files in the chapter ‘Creating R
    packages’ of the ‘Writing R Extensions’ manual.
Flavors: r-devel-linux-x86_64-debian-clang, r-devel-linux-x86_64-debian-gcc, r-devel-linux-x86_64-fedora-clang, r-devel-linux-x86_64-fedora-gcc, r-devel-osx-x86_64-clang, r-devel-osx-x86_64-gcc, r-devel-windows-ix86+x86_64, r-patched-linux-x86_64, r-patched-solaris-sparc, r-patched-solaris-x86, r-release-linux-ix86, r-release-linux-x86_64, r-release-osx-x86_64-mavericks, r-release-osx-x86_64-snowleopard, r-release-windows-ix86+x86_64, r-oldrel-windows-ix86+x86_64

Version: 1.1
Check: R code for possible problems
Result: NOTE
    lle_sound: no visible binding for global variable ‘lle_wave’
    
    Found the following calls to data() loading into the global environment:
    File ‘lle/R/lle_sound.R’:
     data(lle_wave)
    See section ‘Good practice’ in ‘?data’.
Flavors: r-devel-linux-x86_64-debian-clang, r-devel-linux-x86_64-debian-gcc, r-devel-linux-x86_64-fedora-clang, r-devel-osx-x86_64-clang, r-patched-linux-x86_64, r-release-linux-ix86, r-release-linux-x86_64

Version: 1.1
Check: Rd line widths
Result: NOTE
    Rd file 'lle.Rd':
     \examples lines wider than 100 characters:
     plot( results$id, main="intrinsic dimension", type="l", xlab=expression(x[i]), ylab="id", lwd=2 )
    
    These lines will be truncated in the PDF manual.
Flavors: r-devel-linux-x86_64-fedora-clang, r-devel-linux-x86_64-fedora-gcc

Version: 1.1
Check: R code for possible problems
Result: NOTE
    lle_sound: no visible binding for global variable ‘lle_wave’
Flavors: r-devel-linux-x86_64-fedora-gcc, r-devel-osx-x86_64-gcc, r-devel-windows-ix86+x86_64, r-patched-solaris-sparc, r-patched-solaris-x86, r-release-osx-x86_64-mavericks, r-release-osx-x86_64-snowleopard, r-release-windows-ix86+x86_64, r-oldrel-windows-ix86+x86_64

Version: 1.1
Check: PDF version of manual
Result: WARNING
    LaTeX errors when creating PDF version.
    This typically indicates Rd problems.
    LaTeX errors found:
    ! LaTeX Error: File `upquote.sty' not found.
    
    Type X to quit or <RETURN> to proceed,
    or enter new name. (Default extension: sty)
    
    c824581/Rd2.tex:8: ==> Fatal error occurred, no output PDF file produced!
Flavor: r-release-osx-x86_64-mavericks