Last updated on 2022-05-24 13:50:24 CEST.
Flavor | Version | Tinstall | Tcheck | Ttotal | Status | Flags |
---|---|---|---|---|---|---|
r-devel-linux-x86_64-debian-clang | 0.2.3 | 29.09 | 258.96 | 288.05 | NOTE | |
r-devel-linux-x86_64-debian-gcc | 0.2.3 | 23.43 | 194.38 | 217.81 | NOTE | |
r-devel-linux-x86_64-fedora-clang | 0.2.3 | 344.35 | NOTE | |||
r-devel-linux-x86_64-fedora-gcc | 0.2.3 | 317.91 | NOTE | |||
r-devel-windows-x86_64 | 0.2.3 | 30.00 | 243.00 | 273.00 | NOTE | |
r-patched-linux-x86_64 | 0.2.3 | 26.94 | 240.23 | 267.17 | NOTE | |
r-release-linux-x86_64 | 0.2.3 | NOTE | ||||
r-release-macos-arm64 | 0.2.3 | 86.00 | NOTE | |||
r-release-macos-x86_64 | 0.2.3 | 116.00 | NOTE | |||
r-release-windows-x86_64 | 0.2.3 | 25.00 | 238.00 | 263.00 | NOTE | |
r-oldrel-macos-arm64 | 0.2.3 | 106.00 | NOTE | |||
r-oldrel-macos-x86_64 | 0.2.3 | 118.00 | NOTE | |||
r-oldrel-windows-ix86+x86_64 | 0.2.3 | 57.00 | 236.00 | 293.00 | NOTE |
Version: 0.2.3
Check: LazyData
Result: NOTE
'LazyData' is specified without a 'data' directory
Flavors: r-devel-linux-x86_64-debian-clang, r-devel-linux-x86_64-debian-gcc, r-devel-linux-x86_64-fedora-clang, r-devel-linux-x86_64-fedora-gcc, r-devel-windows-x86_64, r-patched-linux-x86_64, r-release-linux-x86_64, r-release-macos-arm64, r-release-macos-x86_64, r-release-windows-x86_64, r-oldrel-macos-arm64, r-oldrel-macos-x86_64, r-oldrel-windows-ix86+x86_64